-- phpMyAdmin SQL Dump
-- version 4.9.0.1
-- https://www.phpmyadmin.net/
--
-- Host: 127.0.0.1
-- Generation Time: Oct 26, 2023 at 03:44 PM
-- Server version: 10.4.6-MariaDB
-- PHP Version: 7.3.8

SET SQL_MODE = "NO_AUTO_VALUE_ON_ZERO";
SET AUTOCOMMIT = 0;
START TRANSACTION;
SET time_zone = "+00:00";


/*!40101 SET @OLD_CHARACTER_SET_CLIENT=@@CHARACTER_SET_CLIENT */;
/*!40101 SET @OLD_CHARACTER_SET_RESULTS=@@CHARACTER_SET_RESULTS */;
/*!40101 SET @OLD_COLLATION_CONNECTION=@@COLLATION_CONNECTION */;
/*!40101 SET NAMES utf8mb4 */;

--
-- Database: `obedy`
--

-- --------------------------------------------------------

--
-- Table structure for table `jidelni_listek_pizza`
--

CREATE TABLE `jidelni_listek_pizza` (
  `id` int(11) NOT NULL,
  `cislo` varchar(15) COLLATE utf8_czech_ci DEFAULT NULL COMMENT 'číslo na jídelním lístku',
  `popis` varchar(31) COLLATE utf8_czech_ci NOT NULL DEFAULT '',
  `cena` int(11) NOT NULL DEFAULT 0
) ENGINE=InnoDB DEFAULT CHARSET=utf8 COLLATE=utf8_czech_ci;

--
-- Dumping data for table `jidelni_listek_pizza`
--

INSERT INTO `jidelni_listek_pizza` (`id`, `cislo`, `popis`, `cena`) VALUES
(1, '1', 'Döner kebab klasický do chleba', 100),
(2, '2', 'Döner kebab se sýrem do chleba ', 110),
(3, '3', 'Döner kebab hawai do chleba ', 110),
(4, '4', 'Döner kebab speciál do chleba ', 150),
(5, '5', 'Kebab na talíř', 135),
(6, '6', 'Döner kebab dvojitý do chleba', 150),
(7, '7', 'Kebab durum', 120),
(8, '7a', 'Kebab mega durum', 140),
(9, '7c', 'Kebab falafel durum (vegetarian', 100),
(10, '8', 'Kebab + hranolky na talíř', 150),
(11, '8a', 'Kebab + rýže na talíř', 150),
(12, '9', 'Falafel vege + hranolky na talí', 130),
(13, '10', 'Kebab box malý', 95),
(14, '11', 'Kebab box velký', 110),
(15, '12', 'Falafel vege box', 95),
(16, '13', 'Margherita', 150),
(17, '13b', 'Margherita-velká', 235),
(18, '14', 'Al prosciutto', 160),
(19, '14b', 'Al prosciutto-velká', 245),
(20, '15', 'Al funghi', 160),
(21, '15b', 'Al funghi-velká', 245),
(22, '16', 'Capricciosa', 170),
(23, '16b', 'Capricciosa-velká', 250),
(24, '17', 'Hawai', 170),
(25, '17b', 'Hawai-velká', 250),
(26, '18', 'Quattro stagioni', 170),
(27, '18b', 'Quattro stagioni-velká', 250),
(28, '19', 'Piccante', 170),
(29, '19b', 'Piccante-velká', 250),
(30, '20', 'Kabyle', 160),
(31, '20b', 'Kabyle-velká', 250),
(32, '21', 'Romana', 170),
(33, '21b', 'Romana-velká', 260),
(34, '22', 'Mexicana', 170),
(35, '22b', 'Mexicana-velká', 250),
(36, '23', 'Quattro formaggi', 170),
(37, '23b', 'Quattro formaggi-velká', 250),
(38, '24', 'Americana', 170),
(39, '24b', 'Americana-velká', 260),
(40, '25', 'Al tonno', 170),
(41, '25b', 'Al tonno-velká', 250),
(42, '26', 'Kebab pizza', 175),
(43, '26b', 'Kebab pizza-velká', 250),
(44, '27', 'Pollo', 175),
(45, '27b', 'Pollo-velká', 250),
(46, '28', 'Messina', 175),
(47, '28b', 'Messina-velká', 250),
(48, '29', 'Palermo', 175),
(49, '29b', 'Palermo-velká', 260),
(50, '30', 'Vegetariana', 180),
(51, '30b', 'Vegetariana-velká', 245),
(52, '31', 'Popay', 170),
(53, '31b', 'Popay-velká', 260),
(54, '32', 'Bolzano', 175),
(55, '32b', 'Bolzano-velká', 260),
(56, '33', 'Prosciuto di parma', 210),
(57, '33b', 'Prosciuto di parma-velká', 265),
(58, '34', 'Vesuvio', 175),
(59, '34b', 'Vesuvio-velká', 260),
(60, '35', 'Livorno', 175),
(61, '35b', 'Livorno-velká', 260),
(62, '36', 'Ragusa', 160),
(63, '36b', 'Ragusa-velká', 250),
(64, '37', 'Rustica', 170),
(65, '37b', 'Rustica-velká', 255),
(66, '38', 'Special (suroviny na přání)', 200),
(67, '38b', 'Special (suroviny na přání)-vel', 265),
(68, '39', 'Caprese', 180),
(69, '39b', 'Caprese-velká', 250),
(70, '40', 'Calabrese', 175),
(71, '40b', 'Calabrese-velká', 260),
(72, '41', 'Al capone', 170),
(73, '41b', 'Al capone-velká', 260),
(74, '42', 'Fantasia', 175),
(75, '42b', 'Fantasia-velká', 260),
(76, '43', 'Salmone e spinaci', 210),
(77, '43b', 'Salmone e spinaci-velká', 265),
(78, '44', 'Italia', 175),
(79, '44b', 'Italia-velká', 260),
(80, '45', 'Venezia', 170),
(81, '45b', 'Venezia-velká', 260),
(82, '46', 'Brusinková', 170),
(83, '46b', 'Brusinková-velká', 260),
(84, '47', 'smažený sýr + hranolky', 140),
(85, '48', 'Salát s kuřecím masem', 100),
(86, '49', 'Salát míchaný', 80),
(87, '50', 'Salát Italia', 120),
(88, '51', 'Salát Greca', 120),
(89, '52', 'Con tonno', 160),
(90, '53', 'Dello chef', 160),
(91, '54', 'Cesar', 160),
(92, '55', 'Prosciutto e formaggio', 160),
(93, '56', 'Cubana', 160),
(94, '57', 'Siciliana', 150),
(95, 'P1', 'Pasta aglio olio e peperoncino', 160),
(96, 'P2', 'Pasta quattro formaggi', 160),
(97, 'P3', 'Pasta quattro formaggi se šunko', 160),
(98, 'P4', 'Pasta al tonno', 160),
(99, 'P5', 'Pasta noc pollo e funghi', 160),
(100, 'P6', 'Pasta salmone e spinaci', 230),
(101, 'P7', 'Pasta carbonara', 160),
(102, 'P8', 'Gnocchi se špenátem s kuřecím', 160);

-- --------------------------------------------------------

--
-- Table structure for table `jidelni_listky`
--

CREATE TABLE `jidelni_listky` (
  `id` int(11) NOT NULL,
  `datum` date DEFAULT NULL,
  `id_restaurace` int(11) DEFAULT NULL,
  `nazev_souboru` varchar(63) COLLATE utf8_czech_ci NOT NULL DEFAULT '',
  `nahral_kdo` varchar(31) COLLATE utf8_czech_ci NOT NULL DEFAULT '' COMMENT 'login osoby, která jídelní lístek do aplikace nahrála',
  `nahral_kdy` date DEFAULT NULL,
  `polevka1` int(11) NOT NULL DEFAULT 0 COMMENT 'cena polevky',
  `polevka2` int(11) NOT NULL DEFAULT 0,
  `polevka3` int(11) NOT NULL DEFAULT 0,
  `jidlo1` int(11) NOT NULL DEFAULT 0 COMMENT 'cena jidla',
  `jidlo1_b` int(11) NOT NULL DEFAULT 0,
  `jidlo2` int(11) NOT NULL DEFAULT 0,
  `jidlo2_b` int(11) NOT NULL DEFAULT 0,
  `jidlo3` int(11) NOT NULL DEFAULT 0,
  `jidlo3_b` int(11) NOT NULL DEFAULT 0,
  `jidlo4` int(11) NOT NULL DEFAULT 0,
  `jidlo4_b` int(11) NOT NULL DEFAULT 0,
  `jidlo5` int(11) NOT NULL DEFAULT 0,
  `jidlo5_b` int(11) NOT NULL DEFAULT 0,
  `jidlo6` int(11) NOT NULL DEFAULT 0,
  `jidlo6_b` int(11) NOT NULL DEFAULT 0,
  `jidlo7` int(11) NOT NULL DEFAULT 0,
  `jidlo7_b` int(11) NOT NULL DEFAULT 0,
  `jidlo8` int(11) NOT NULL DEFAULT 0,
  `jidlo8_b` int(11) NOT NULL DEFAULT 0,
  `jidlo9` int(11) NOT NULL DEFAULT 0,
  `jidlo9_b` int(11) NOT NULL DEFAULT 0,
  `ceny_upravil_kdo` varchar(31) COLLATE utf8_czech_ci NOT NULL DEFAULT '',
  `ceny_upravil_kdy` datetime DEFAULT NULL,
  `objednavku_odeslal_kdy` date DEFAULT NULL COMMENT 'kdy byla objednávka na tuto restauraci odeslána a tedy i uzavřena možnost objednávat',
  `objednavku_odeslal_kdo` varchar(31) COLLATE utf8_czech_ci NOT NULL DEFAULT '' COMMENT 'login správce, který odeslal objednávku jídel této restauraci'
) ENGINE=InnoDB DEFAULT CHARSET=utf8 COLLATE=utf8_czech_ci COMMENT='informace o jidelnich lístcích ulozených v aplikaci';

--
-- Dumping data for table `jidelni_listky`
--

INSERT INTO `jidelni_listky` (`id`, `datum`, `id_restaurace`, `nazev_souboru`, `nahral_kdo`, `nahral_kdy`, `polevka1`, `polevka2`, `polevka3`, `jidlo1`, `jidlo1_b`, `jidlo2`, `jidlo2_b`, `jidlo3`, `jidlo3_b`, `jidlo4`, `jidlo4_b`, `jidlo5`, `jidlo5_b`, `jidlo6`, `jidlo6_b`, `jidlo7`, `jidlo7_b`, `jidlo8`, `jidlo8_b`, `jidlo9`, `jidlo9_b`, `ceny_upravil_kdo`, `ceny_upravil_kdy`, `objednavku_odeslal_kdy`, `objednavku_odeslal_kdo`) VALUES
(4, '2023-10-02', 3, 'Prazanka.jpg', 'singeand', '2023-10-02', 36, 0, 0, 138, 0, 140, 0, 139, 0, 139, 0, 145, 0, 137, 0, 141, 0, 141, 0, 0, 0, 'singeand', '2023-10-02 14:07:28', '2023-10-02', 'singeand'),
(5, '2023-10-04', 1, 'barracuda.png', 'singeand', '2023-10-04', 39, 39, 39, 149, 149, 159, 159, 159, 0, 159, 0, 149, 0, 159, 0, 149, 0, 0, 0, 0, 0, 'singeand', '2023-10-04 08:00:35', '2023-10-04', 'singeand'),
(6, '2023-10-04', 5, 'doc00319420231004065026.jpg', 'singeand', '2023-10-04', 41, 41, 0, 152, 0, 143, 0, 143, 0, 139, 0, 125, 143, 140, 143, 143, 0, 216, 0, 0, 0, 'singeand', '2023-10-04 08:03:38', '2023-10-04', 'singeand'),
(7, '2023-10-04', 3, 'PRAZANKA.png', 'singeand', '2023-10-04', 36, 0, 0, 139, 0, 142, 0, 129, 0, 139, 0, 139, 0, 144, 0, 141, 0, 141, 0, 55, 0, 'singeand', '2023-10-04 08:01:39', '2023-10-04', 'singeand'),
(13, '2023-10-05', 5, 'akt_page-0001.jpg', 'singeand', '2023-10-05', 41, 0, 0, 148, 0, 203, 0, 139, 0, 125, 143, 140, 143, 143, 0, 216, 0, 0, 0, 0, 0, 'singeand', '2023-10-05 08:46:48', '2023-10-05', 'singeand'),
(14, '2023-10-05', 3, 'praž_page-0001.jpg', 'singeand', '2023-10-05', 36, 0, 0, 141, 0, 140, 0, 141, 0, 138, 0, 138, 0, 148, 0, 141, 0, 141, 0, 20, 0, 'singeand', '2023-10-05 08:54:50', '2023-10-05', 'singeand'),
(15, '2023-10-05', 1, 'Bar_page-0001.jpg', 'singeand', '2023-10-05', 39, 39, 0, 149, 0, 159, 0, 159, 0, 159, 0, 159, 0, 149, 0, 149, 0, 179, 0, 0, 0, 'singeand', '2023-10-05 08:56:55', '2023-10-05', 'singeand'),
(16, '2023-10-06', 3, 'PRAZANKA.jpg', 'singeand', '2023-10-06', 36, 0, 0, 139, 0, 142, 0, 138, 0, 146, 0, 138, 0, 144, 0, 141, 0, 141, 0, 55, 0, 'singeand', '2023-10-06 08:02:47', '2023-10-06', 'singeand'),
(17, '2023-10-06', 5, 'AKTOFFKA.jpg', 'singeand', '2023-10-06', 41, 0, 0, 152, 0, 161, 0, 140, 0, 125, 143, 140, 143, 143, 0, 216, 0, 0, 0, 0, 0, 'singeand', '2023-10-06 08:09:58', '2023-10-06', 'singeand'),
(18, '2023-10-06', 1, 'BARRACUDA.jpg', 'singeand', '2023-10-06', 39, 39, 0, 159, 0, 159, 0, 169, 0, 159, 0, 149, 0, 149, 0, 149, 0, 189, 0, 0, 0, 'singeand', '2023-10-06 08:13:28', '2023-10-06', 'singeand'),
(19, '2023-10-09', 1, '91023.jpg', 'singeand', '2023-10-09', 39, 39, 0, 159, 159, 159, 159, 159, 0, 169, 0, 149, 0, 159, 0, 149, 0, 189, 0, 0, 0, 'singeand', '2023-10-09 08:11:52', '2023-10-09', 'singeand'),
(20, '2023-10-09', 5, 'doc00322220231009071208.jpg', 'singeand', '2023-10-09', 41, 0, 0, 148, 0, 152, 0, 140, 0, 125, 143, 140, 143, 143, 0, 216, 0, 0, 0, 0, 0, 'singeand', '2023-10-09 08:17:06', '2023-10-09', 'singeand'),
(21, '2023-10-09', 3, 'ÝEŘEZÝE.jpg', 'singeand', '2023-10-09', 36, 0, 0, 141, 0, 140, 0, 144, 0, 140, 0, 137, 0, 141, 0, 141, 0, 141, 0, 55, 0, 'singeand', '2023-10-09 08:19:41', '2023-10-09', 'singeand'),
(22, '2023-10-10', 5, 'aktofka.jpg', 'machdavi', '2023-10-10', 45, 0, 0, 169, 0, 169, 0, 156, 0, 139, 159, 155, 159, 159, 0, 240, 0, 0, 0, 0, 0, 'machdavi', '2023-10-10 08:09:46', '2023-10-10', 'singeand'),
(23, '2023-10-10', 1, 'baracuda.jpg', 'machdavi', '2023-10-10', 39, 39, 0, 149, 0, 159, 0, 149, 0, 159, 0, 149, 0, 159, 0, 149, 0, 189, 0, 0, 0, 'machdavi', '2023-10-10 08:12:18', '2023-10-10', 'singeand'),
(24, '2023-10-10', 3, 'Prazanka.jpg', 'machdavi', '2023-10-10', 36, 0, 0, 139, 0, 139, 0, 141, 0, 141, 0, 140, 0, 144, 0, 141, 0, 141, 0, 55, 0, 'machdavi', '2023-10-10 08:15:53', '2023-10-10', 'singeand'),
(29, '2023-10-11', 5, 'aktoffka.jpg', 'machdavi', '2023-10-11', 41, 0, 0, 157, 0, 152, 0, 150, 0, 141, 0, 125, 143, 140, 143, 143, 0, 216, 0, 0, 0, 'singeand', '2023-10-11 08:56:06', '2023-10-11', 'singeand'),
(30, '2023-10-11', 3, 'prazanka.jpg', 'machdavi', '2023-10-11', 36, 0, 0, 139, 0, 140, 0, 142, 0, 142, 0, 137, 0, 138, 0, 141, 0, 141, 0, 55, 0, 'machdavi', '2023-10-11 08:55:42', '2023-10-11', 'singeand'),
(32, '2023-10-11', 1, 'baracuda.jpg', 'machdavi', '2023-10-11', 39, 39, 0, 159, 0, 149, 0, 159, 0, 169, 0, 159, 0, 149, 0, 149, 0, 189, 0, 0, 0, 'machdavi', '2023-10-11 08:59:07', '2023-10-11', 'singeand'),
(33, '2023-10-12', 1, 'barracuda_page-0001.jpg', 'singeand', '2023-10-12', 39, 39, 0, 149, 0, 159, 0, 159, 0, 169, 0, 149, 0, 149, 0, 149, 0, 189, 0, 0, 0, 'singeand', '2023-10-12 08:09:57', '2023-10-12', 'singeand'),
(34, '2023-10-12', 5, 'aktoffka11.10._page-0001.jpg', 'singeand', '2023-10-12', 41, 0, 0, 148, 0, 152, 0, 141, 0, 125, 143, 140, 143, 143, 0, 216, 0, 0, 0, 0, 0, 'singeand', '2023-10-12 08:13:51', '2023-10-12', 'singeand'),
(35, '2023-10-12', 3, 'praž12.10._page-0001.jpg', 'singeand', '2023-10-12', 36, 20, 0, 142, 0, 144, 0, 139, 0, 138, 0, 142, 0, 137, 0, 141, 0, 141, 0, 0, 0, 'singeand', '2023-10-12 08:22:46', '2023-10-12', 'singeand'),
(40, '2023-10-16', 3, 'Pražanka 16.11.jpg', 'singeand', '2023-10-13', 36, 0, 0, 140, 0, 142, 0, 146, 0, 144, 0, 139, 0, 139, 0, 141, 0, 141, 0, 55, 0, 'singeand', '2023-10-16 07:55:58', '2023-10-16', 'singeand'),
(41, '2023-10-17', 3, 'Pražanka 17.11.jpg', 'singeand', '2023-10-13', 36, 0, 0, 141, 0, 141, 0, 140, 0, 141, 0, 144, 0, 141, 0, 141, 0, 141, 0, 55, 0, 'singeand', '2023-10-13 15:22:17', '2023-10-17', 'singeand'),
(42, '2023-10-18', 3, 'Pražanka 18.11.jpg', 'singeand', '2023-10-13', 36, 0, 0, 138, 0, 143, 0, 140, 0, 144, 0, 142, 0, 139, 0, 141, 0, 141, 0, 55, 0, 'singeand', '2023-10-13 15:23:07', '2023-10-18', 'plsekja1'),
(45, '2023-10-19', 3, 'Pražanka 19.11.jpg', 'singeand', '2023-10-13', 36, 20, 0, 142, 142, 141, 0, 139, 0, 141, 0, 147, 0, 140, 0, 141, 0, 141, 0, 55, 0, 'singeand', '2023-10-13 15:28:12', '2023-10-19', 'singeand'),
(46, '2023-10-20', 3, 'Pražanka 20.11.jpg', 'singeand', '2023-10-13', 36, 55, 0, 141, 0, 138, 0, 142, 0, 142, 0, 142, 0, 141, 0, 124, 0, 85, 0, 126, 0, 'singeand', '2023-10-13 15:29:26', '2023-10-20', 'singeand'),
(49, '2023-10-13', 3, 'pražanka 16.jpg', 'singeand', '2023-10-16', 36, 0, 0, 140, 0, 142, 0, 146, 0, 144, 0, 139, 0, 139, 0, 141, 0, 141, 0, 55, 0, 'singeand', '2023-10-16 07:42:05', NULL, ''),
(51, '2023-10-13', 5, '16.10._page-0001.jpg', 'singeand', '2023-10-16', 45, 45, 0, 169, 0, 169, 0, 159, 0, 139, 159, 155, 159, 159, 0, 240, 0, 85, 0, 0, 0, 'singeand', '2023-10-16 07:48:53', NULL, ''),
(52, '2023-10-13', 1, 'BARRACUDA 16_page-0001.jpg', 'singeand', '2023-10-16', 39, 39, 39, 159, 0, 149, 0, 159, 0, 169, 0, 159, 0, 159, 0, 149, 0, 189, 0, 0, 0, 'singeand', '2023-10-16 07:52:08', NULL, ''),
(53, '2023-10-16', 1, 'BARRACUDA 16_page-0001.jpg', 'singeand', '2023-10-16', 39, 39, 39, 159, 0, 149, 0, 159, 0, 169, 0, 159, 0, 159, 0, 149, 0, 189, 0, 0, 0, 'singeand', '2023-10-16 08:00:51', '2023-10-16', 'singeand'),
(54, '2023-10-16', 5, '16.10._page-0001.jpg', 'singeand', '2023-10-16', 45, 45, 0, 169, 0, 169, 0, 159, 0, 139, 159, 155, 159, 159, 0, 240, 0, 85, 0, 0, 0, 'singeand', '2023-10-16 07:58:33', '2023-10-16', 'singeand'),
(55, '2023-10-17', 1, 'barracuda_page-0001.jpg', 'singeand', '2023-10-17', 39, 39, 39, 159, 0, 149, 0, 159, 0, 169, 0, 159, 0, 159, 0, 149, 0, 189, 0, 0, 0, 'singeand', '2023-10-17 08:03:04', '2023-10-17', 'singeand'),
(57, '2023-10-17', 5, 'aktoffka17.10._page-0001.jpg', 'singeand', '2023-10-17', 41, 0, 0, 170, 0, 152, 0, 148, 0, 143, 0, 125, 143, 140, 143, 143, 0, 0, 0, 0, 0, 'singeand', '2023-10-17 08:09:30', '2023-10-17', 'singeand'),
(60, '2023-10-18', 5, '18.10. aktovka_page-0001.jpg', 'plsekja1', '2023-10-18', 45, 0, 0, 179, 0, 169, 0, 164, 0, 159, 0, 139, 159, 155, 159, 159, 0, 0, 0, 0, 0, 'plsekja1', '2023-10-18 07:39:20', '2023-10-18', 'plsekja1'),
(61, '2023-10-18', 1, '181023_page-0001.jpg', 'plsekja1', '2023-10-18', 39, 39, 39, 159, 0, 159, 0, 159, 0, 149, 0, 159, 0, 149, 0, 149, 0, 189, 0, 0, 0, 'plsekja1', '2023-10-18 07:41:56', '2023-10-18', 'plsekja1'),
(62, '2023-10-19', 1, 'barracuda_page-0001.jpg', 'singeand', '2023-10-19', 39, 39, 39, 159, 159, 149, 0, 159, 0, 169, 0, 159, 0, 149, 0, 149, 0, 189, 0, 0, 0, 'singeand', '2023-10-19 07:49:04', '2023-10-19', 'singeand'),
(63, '2023-10-19', 5, 'aktoffka19.10._page-0001.jpg', 'singeand', '2023-10-19', 41, 0, 0, 165, 0, 152, 0, 143, 0, 125, 140, 140, 143, 143, 0, 0, 0, 0, 0, 0, 0, 'singeand', '2023-10-19 07:52:34', '2023-10-19', 'singeand'),
(65, '2023-10-20', 5, 'aktoffka20.10._page-0001.jpg', 'singeand', '2023-10-20', 41, 0, 0, 165, 0, 152, 0, 143, 0, 125, 140, 140, 143, 143, 0, 0, 0, 0, 0, 0, 0, 'singeand', '2023-10-20 08:27:17', '2023-10-20', 'singeand'),
(66, '2023-10-20', 1, 'barracuda_page-0001.jpg', 'singeand', '2023-10-20', 39, 39, 39, 149, 149, 149, 0, 159, 0, 169, 0, 159, 0, 159, 0, 169, 0, 189, 0, 0, 0, 'singeand', '2023-10-20 08:31:02', '2023-10-20', 'singeand'),
(67, '2023-10-23', 3, 'Pražanka 23.11.jpg', 'singeand', '2023-10-20', 36, 0, 0, 142, 0, 139, 0, 142, 0, 146, 0, 140, 0, 142, 0, 141, 0, 141, 0, 55, 0, 'singeand', '2023-10-20 09:58:56', '2023-10-23', 'singeand'),
(68, '2023-10-24', 3, 'Pražanka 24.11.jpg', 'singeand', '2023-10-20', 36, 0, 0, 142, 0, 141, 0, 146, 0, 124, 0, 138, 0, 141, 0, 141, 0, 141, 0, 55, 0, 'singeand', '2023-10-20 09:59:48', '2023-10-24', 'singeand'),
(69, '2023-10-25', 3, 'Pražanka 25.11.jpg', 'singeand', '2023-10-20', 36, 0, 0, 141, 0, 143, 0, 138, 0, 144, 0, 143, 0, 139, 0, 141, 0, 141, 0, 55, 0, 'singeand', '2023-10-20 10:00:32', '2023-10-25', 'singeand'),
(70, '2023-10-26', 3, 'Pražanka 26.11.jpg', 'singeand', '2023-10-20', 36, 20, 0, 141, 0, 140, 0, 144, 0, 139, 139, 145, 0, 141, 0, 141, 0, 141, 0, 55, 0, 'singeand', '2023-10-20 10:01:31', '2023-10-26', 'singeand'),
(71, '2023-10-27', 3, 'Pražanka 27.11.jpg', 'singeand', '2023-10-20', 36, 0, 0, 142, 0, 140, 0, 139, 0, 142, 0, 139, 0, 146, 0, 141, 0, 141, 0, 55, 0, 'singeand', '2023-10-20 10:02:31', NULL, ''),
(72, '2023-10-23', 5, 'doc00330220231023064431_page-0001.jpg', 'singeand', '2023-10-23', 41, 0, 0, 148, 0, 152, 0, 143, 0, 134, 143, 140, 143, 143, 140, 0, 0, 0, 0, 0, 0, 'singeand', '2023-10-23 07:51:59', '2023-10-23', 'singeand'),
(73, '2023-10-23', 1, '231023_page-0001.jpg', 'singeand', '2023-10-23', 39, 39, 39, 159, 159, 159, 0, 149, 0, 159, 0, 159, 0, 159, 0, 149, 0, 189, 0, 0, 0, 'singeand', '2023-10-23 08:51:26', '2023-10-23', 'singeand'),
(74, '2023-10-24', 5, 'aktoffka.jpg', 'singeand', '2023-10-23', 41, 0, 0, 158, 0, 170, 0, 143, 0, 134, 143, 140, 143, 143, 140, 0, 0, 0, 0, 0, 0, 'singeand', '2023-10-23 10:57:04', '2023-10-24', 'singeand'),
(75, '2023-10-25', 5, 'aktoffka.jpg', 'singeand', '2023-10-23', 45, 0, 0, 175, 0, 175, 0, 159, 0, 149, 159, 155, 159, 159, 155, 0, 0, 0, 0, 0, 0, 'singeand', '2023-10-25 08:51:13', '2023-10-25', 'singeand'),
(76, '2023-10-26', 5, 'aktoffka.jpg', 'singeand', '2023-10-23', 41, 0, 0, 140, 0, 149, 0, 143, 0, 134, 143, 140, 143, 143, 140, 0, 0, 0, 0, 0, 0, 'singeand', '2023-10-23 11:19:08', '2023-10-26', 'singeand'),
(77, '2023-10-27', 5, 'aktoffka.jpg', 'singeand', '2023-10-23', 41, 0, 0, 152, 0, 157, 0, 143, 0, 134, 143, 140, 143, 143, 140, 0, 0, 0, 0, 0, 0, 'singeand', '2023-10-23 11:40:09', NULL, ''),
(79, '2023-10-24', 1, '241023_page-0001.jpg', 'singeand', '2023-10-24', 39, 39, 39, 159, 159, 159, 0, 159, 0, 159, 0, 159, 0, 159, 0, 149, 0, 189, 0, 0, 0, 'singeand', '2023-10-24 08:02:00', '2023-10-24', 'singeand'),
(80, '2023-10-25', 1, 'BARRACUDA.jpg', 'singeand', '2023-10-25', 39, 39, 0, 159, 159, 159, 0, 159, 0, 169, 0, 149, 149, 159, 0, 149, 0, 189, 0, 0, 0, 'singeand', '2023-10-25 08:17:55', '2023-10-25', 'singeand'),
(81, '2023-10-26', 1, 'BARRACUDA.jpg', 'singeand', '2023-10-26', 39, 39, 39, 159, 159, 159, 159, 159, 0, 169, 0, 159, 0, 159, 0, 149, 0, 189, 0, 0, 0, 'singeand', '2023-10-26 08:00:59', '2023-10-26', 'singeand');

-- --------------------------------------------------------

--
-- Table structure for table `konto_pohyby`
--

CREATE TABLE `konto_pohyby` (
  `id` int(11) NOT NULL,
  `login_zamestnance` varchar(21) COLLATE utf8_czech_ci NOT NULL COMMENT 'login vlastníka daného konta',
  `castka` int(11) NOT NULL DEFAULT 0,
  `celkove_konto` int(11) NOT NULL COMMENT 'výše aktuálníhokonta po zapoctenem pohybu',
  `poznamka` varchar(63) COLLATE utf8_czech_ci NOT NULL DEFAULT '',
  `pohyb_proveden_kdy` datetime NOT NULL,
  `pohyb_proveden_kym` varchar(31) COLLATE utf8_czech_ci NOT NULL DEFAULT ''
) ENGINE=InnoDB DEFAULT CHARSET=utf8 COLLATE=utf8_czech_ci;

--
-- Dumping data for table `konto_pohyby`
--

INSERT INTO `konto_pohyby` (`id`, `login_zamestnance`, `castka`, `celkove_konto`, `poznamka`, `pohyb_proveden_kdy`, `pohyb_proveden_kym`) VALUES
(1, 'singeand', 1000, 1000, 'správce aplikace navýšil částku na kontu zaměstnance', '2023-10-02 14:10:42', 'singeand'),
(2, 'singeand', -36, 964, 'Polévka z restaurace Pražanka', '2023-10-02 14:11:02', 'singeand'),
(3, 'singeand', -139, 825, 'Jídlo z restaurace Pražanka', '2023-10-02 14:11:02', 'singeand'),
(4, 'singeand', 0, 825, 'správce aplikace navýšil částku na kontu zaměstnance', '2023-10-04 08:08:01', 'singeand'),
(5, 'singeand', -825, 0, 'správce aplikace ponížil částku na kontu zaměstnance', '2023-10-04 08:08:12', 'singeand'),
(6, 'dytrijak', 800, 800, 'správce aplikace navýšil částku na kontu zaměstnance', '2023-10-04 08:25:48', 'singeand'),
(7, 'mlejnp1', 1000, 1000, 'správce aplikace navýšil částku na kontu zaměstnance', '2023-10-04 08:26:38', 'singeand'),
(8, 'kuzmimic', 800, 800, 'správce aplikace navýšil částku na kontu zaměstnance', '2023-10-04 08:28:01', 'singeand'),
(9, 'harnimic', 700, 700, 'správce aplikace navýšil částku na kontu zaměstnance', '2023-10-04 08:37:57', 'singeand'),
(10, 'zelenzby', 1500, 1500, 'správce aplikace navýšil částku na kontu zaměstnance', '2023-10-04 08:39:58', 'singeand'),
(11, 'havlira7', 500, 500, 'správce aplikace navýšil částku na kontu zaměstnance', '2023-10-04 08:48:12', 'singeand'),
(12, 'tonovsar', 800, 800, 'správce aplikace navýšil částku na kontu zaměstnance', '2023-10-04 08:49:45', 'singeand'),
(13, 'zahrap10', 2000, 2000, 'správce aplikace navýšil částku na kontu zaměstnance', '2023-10-04 09:00:26', 'singeand'),
(14, 'maskamar', 500, 500, 'správce aplikace navýšil částku na kontu zaměstnance', '2023-10-04 09:31:42', 'singeand'),
(15, 'mlejnp1', -139, 861, 'Jídlo z restaurace Pražanka', '2023-10-04 09:34:49', 'singeand'),
(16, 'tonovsar', -139, 661, 'Jídlo z restaurace Pražanka', '2023-10-04 09:34:49', 'singeand'),
(17, 'tonovsar', -139, 522, 'Jídlo z restaurace Pražanka', '2023-10-04 09:34:49', 'singeand'),
(18, 'kuzmimic', -143, 657, 'správce aplikace ponížil částku na kontu zaměstnance', '2023-10-04 09:52:02', 'singeand'),
(19, 'havlira7', -143, 357, 'Jídlo z restaurace Aktoffka', '2023-10-04 09:52:20', 'singeand'),
(20, 'dytrijak', -39, 761, 'Polévka z restaurace Barracuda', '2023-10-04 10:14:05', 'singeand'),
(21, 'dytrijak', -149, 612, 'Jídlo z restaurace Barracuda', '2023-10-04 10:14:05', 'singeand'),
(22, 'zelenzby', -39, 1461, 'Polévka z restaurace Barracuda', '2023-10-04 10:14:05', 'singeand'),
(23, 'zelenzby', -159, 1302, 'Jídlo z restaurace Barracuda', '2023-10-04 10:14:05', 'singeand'),
(24, 'zahrap10', -159, 1841, 'Jídlo z restaurace Barracuda', '2023-10-04 10:14:05', 'singeand'),
(25, 'maskamar', -159, 341, 'Jídlo z restaurace Barracuda', '2023-10-04 10:14:05', 'singeand'),
(26, 'vodicvac', 700, 700, 'správce aplikace navýšil částku na kontu zaměstnance', '2023-10-05 08:08:58', 'singeand'),
(27, 'haberjos', 1000, 1000, 'správce aplikace navýšil částku na kontu zaměstnance', '2023-10-05 08:18:16', 'singeand'),
(28, 'zamprlib', 600, 600, 'správce aplikace navýšil částku na kontu zaměstnance', '2023-10-05 08:57:14', 'singeand'),
(29, 'zelenzby', -36, 1266, 'Polévka z restaurace Pražanka', '2023-10-05 09:40:17', 'singeand'),
(30, 'zamprlib', -139, 461, 'Jídlo z restaurace Aktoffka', '2023-10-05 09:40:36', 'singeand'),
(31, 'dytrijak', -39, 573, 'Polévka z restaurace Barracuda', '2023-10-05 10:11:38', 'singeand'),
(32, 'dytrijak', -149, 424, 'Jídlo z restaurace Barracuda', '2023-10-05 10:11:38', 'singeand'),
(33, 'harnimic', -159, 541, 'Jídlo z restaurace Barracuda', '2023-10-05 10:11:38', 'singeand'),
(34, 'maskamar', -159, 182, 'Jídlo z restaurace Barracuda', '2023-10-05 10:11:38', 'singeand'),
(35, 'faltumar', 1700, 1700, 'správce aplikace navýšil částku na kontu zaměstnance', '2023-10-06 08:37:40', 'singeand'),
(36, 'postajan', 1000, 1000, 'správce aplikace navýšil částku na kontu zaměstnance', '2023-10-06 08:41:57', 'singeand'),
(37, 'lupisant', 1300, 1300, 'správce aplikace navýšil částku na kontu zaměstnance', '2023-10-06 09:26:21', 'singeand'),
(38, 'haberjos', -152, 848, 'Jídlo z restaurace Aktoffka', '2023-10-06 09:44:22', 'singeand'),
(39, 'vodicvac', -36, 664, 'Polévka z restaurace Pražanka', '2023-10-06 09:44:25', 'singeand'),
(40, 'vodicvac', -141, 523, 'Jídlo z restaurace Pražanka', '2023-10-06 09:44:25', 'singeand'),
(41, 'tonovsar', -142, 380, 'Jídlo z restaurace Pražanka', '2023-10-06 09:44:25', 'singeand'),
(42, 'tonovsar', -138, 242, 'Jídlo z restaurace Pražanka', '2023-10-06 09:44:25', 'singeand'),
(43, 'plsekja1', 1200, 1200, 'správce aplikace navýšil částku na kontu zaměstnance', '2023-10-06 09:46:08', 'singeand'),
(44, 'zelenzby', -39, 1227, 'Polévka z restaurace Barracuda', '2023-10-06 10:22:32', 'singeand'),
(45, 'zelenzby', -159, 1068, 'Jídlo z restaurace Barracuda', '2023-10-06 10:22:32', 'singeand'),
(46, 'mlejnp1', -149, 712, 'Jídlo z restaurace Barracuda', '2023-10-06 10:22:32', 'singeand'),
(47, 'postajan', -159, 841, 'Jídlo z restaurace Barracuda', '2023-10-06 10:22:32', 'singeand'),
(48, 'faltumar', -149, 1551, 'Jídlo z restaurace Barracuda', '2023-10-06 10:22:32', 'singeand'),
(49, 'plsekja1', -39, 1161, 'Polévka z restaurace Barracuda', '2023-10-06 10:22:32', 'singeand'),
(50, 'plsekja1', -159, 1002, 'Jídlo z restaurace Barracuda', '2023-10-06 10:22:32', 'singeand'),
(51, 'harnimic', -149, 392, 'Jídlo z restaurace Barracuda', '2023-10-06 10:22:32', 'singeand'),
(52, 'maskamar', -159, 23, 'Jídlo z restaurace Barracuda', '2023-10-06 10:22:32', 'singeand'),
(53, 'solomser', 650, 650, 'správce aplikace navýšil částku na kontu zaměstnance', '2023-10-06 10:52:06', 'singeand'),
(54, 'wolfp1', 1000, 1000, 'správce aplikace navýšil částku na kontu zaměstnance', '2023-10-09 08:53:53', 'singeand'),
(55, 'dostaji4', 400, 400, 'správce aplikace navýšil částku na kontu zaměstnance', '2023-10-09 09:13:38', 'singeand'),
(56, 'tonovsar', -36, 206, 'Polévka z restaurace Pražanka', '2023-10-09 09:44:53', 'singeand'),
(57, 'tonovsar', -140, 66, 'Jídlo z restaurace Pražanka', '2023-10-09 09:44:53', 'singeand'),
(58, 'mlejnp1', -140, 572, 'Jídlo z restaurace Pražanka', '2023-10-09 09:44:53', 'singeand'),
(59, 'zahrap10', -36, 1805, 'Polévka z restaurace Pražanka', '2023-10-09 09:44:53', 'singeand'),
(60, 'zahrap10', -55, 1750, 'Jídlo z restaurace Pražanka', '2023-10-09 09:44:53', 'singeand'),
(61, 'zelenzby', -36, 1032, 'Polévka z restaurace Pražanka', '2023-10-09 09:44:53', 'singeand'),
(62, 'zelenzby', -137, 895, 'Jídlo z restaurace Pražanka', '2023-10-09 09:44:53', 'singeand'),
(63, 'dostaji4', -36, 364, 'Polévka z restaurace Pražanka', '2023-10-09 09:44:53', 'singeand'),
(64, 'dostaji4', -140, 224, 'Jídlo z restaurace Pražanka', '2023-10-09 09:44:53', 'singeand'),
(65, 'wolfp1', -36, 964, 'Polévka z restaurace Pražanka', '2023-10-09 09:44:53', 'singeand'),
(66, 'haberjos', -152, 696, 'Jídlo z restaurace Aktoffka', '2023-10-09 09:46:26', 'singeand'),
(67, 'lupisant', -152, 1148, 'Jídlo z restaurace Aktoffka', '2023-10-09 09:46:26', 'singeand'),
(68, 'zamprlib', -159, 302, 'Jídlo z restaurace Barracuda', '2023-10-09 10:13:35', 'singeand'),
(69, 'plsekja1', -39, 963, 'Polévka z restaurace Barracuda', '2023-10-09 10:13:35', 'singeand'),
(70, 'plsekja1', -159, 804, 'Jídlo z restaurace Barracuda', '2023-10-09 10:13:35', 'singeand'),
(71, 'postajan', -149, 692, 'Jídlo z restaurace Barracuda', '2023-10-09 10:13:35', 'singeand'),
(72, 'wolfp1', -149, 815, 'Jídlo z restaurace Barracuda', '2023-10-09 10:13:35', 'singeand'),
(73, 'solomser', -159, 491, 'Jídlo z restaurace Barracuda', '2023-10-09 10:13:35', 'singeand'),
(74, 'faltumar', -189, 1362, 'správce aplikace ponížil částku na kontu zaměstnance', '2023-10-09 10:27:46', 'singeand'),
(75, 'lupisant', 641, 1789, 'správce aplikace navýšil částku na kontu zaměstnance', '2023-10-10 09:06:49', 'singeand'),
(76, 'santijir', 1000, 1000, 'správce aplikace navýšil částku na kontu zaměstnance', '2023-10-10 09:15:11', 'singeand'),
(77, 'dostaji4', -36, 188, 'Polévka z restaurace Pražanka', '2023-10-10 09:42:21', 'singeand'),
(78, 'zamprlib', -149, 153, 'Jídlo z restaurace Barracuda', '2023-10-10 10:03:08', 'singeand'),
(79, 'faltumar', -159, 1203, 'Jídlo z restaurace Barracuda', '2023-10-10 10:03:08', 'singeand'),
(80, 'vodicvac', -159, 364, 'Jídlo z restaurace Barracuda', '2023-10-10 10:03:08', 'singeand'),
(81, 'vodicvac', -149, 215, 'Jídlo z restaurace Barracuda', '2023-10-10 10:03:08', 'singeand'),
(82, 'zelenzby', -39, 856, 'Polévka z restaurace Barracuda', '2023-10-10 10:03:08', 'singeand'),
(83, 'zelenzby', -149, 707, 'Jídlo z restaurace Barracuda', '2023-10-10 10:03:08', 'singeand'),
(84, 'solomser', -149, 342, 'Jídlo z restaurace Barracuda', '2023-10-10 10:03:08', 'singeand'),
(85, 'wolfp1', -39, 776, 'Polévka z restaurace Barracuda', '2023-10-10 10:03:08', 'singeand'),
(86, 'wolfp1', -159, 617, 'Jídlo z restaurace Barracuda', '2023-10-10 10:03:08', 'singeand'),
(87, 'malikzd1', 1000, 1000, 'správce aplikace navýšil částku na kontu zaměstnance', '2023-10-11 08:46:54', 'singeand'),
(88, 'zamprlib', 200, 353, 'správce aplikace navýšil částku na kontu zaměstnance', '2023-10-11 09:10:04', 'singeand'),
(89, 'zelenzby', -36, 671, 'Polévka z restaurace Pražanka', '2023-10-11 09:35:10', 'singeand'),
(90, 'harnimic', -141, 251, 'Jídlo z restaurace Aktoffka', '2023-10-11 09:36:28', 'singeand'),
(91, 'haberjos', -157, 539, 'Jídlo z restaurace Aktoffka', '2023-10-11 09:36:28', 'singeand'),
(92, 'faltumar', -157, 1046, 'Jídlo z restaurace Aktoffka', '2023-10-11 09:36:28', 'singeand'),
(93, 'havlira7', -152, 205, 'Jídlo z restaurace Aktoffka', '2023-10-11 09:36:28', 'singeand'),
(94, 'zelenzby', -39, 632, 'Polévka z restaurace Barracuda', '2023-10-11 10:09:12', 'singeand'),
(95, 'zelenzby', -149, 483, 'Jídlo z restaurace Barracuda', '2023-10-11 10:09:12', 'singeand'),
(96, 'vodicvac', -149, 66, 'Jídlo z restaurace Barracuda', '2023-10-11 10:09:12', 'singeand'),
(97, 'malikzd1', -159, 841, 'Jídlo z restaurace Barracuda', '2023-10-11 10:09:12', 'singeand'),
(98, 'mlejnp1', -149, 423, 'Jídlo z restaurace Barracuda', '2023-10-11 10:09:12', 'singeand'),
(99, 'solomser', -159, 183, 'Jídlo z restaurace Barracuda', '2023-10-11 10:09:12', 'singeand'),
(100, 'plsekja1', -149, 655, 'Jídlo z restaurace Barracuda', '2023-10-11 10:09:12', 'singeand'),
(101, 'dostaji4', 600, 788, 'správce aplikace navýšil částku na kontu zaměstnance', '2023-10-12 08:17:04', 'singeand'),
(102, 'mackoja3', 200, 200, 'správce aplikace navýšil částku na kontu zaměstnance', '2023-10-12 08:35:57', 'singeand'),
(103, 'suchndan', 1000, 1000, 'správce aplikace navýšil částku na kontu zaměstnance', '2023-10-12 08:56:16', 'singeand'),
(104, 'trubinik', 200, 200, 'správce aplikace navýšil částku na kontu zaměstnance', '2023-10-12 09:38:41', 'singeand'),
(105, 'wolfp1', -142, 475, 'Jídlo z restaurace Pražanka', '2023-10-12 09:38:56', 'singeand'),
(106, 'zelenzby', -36, 447, 'Polévka z restaurace Pražanka', '2023-10-12 09:38:56', 'singeand'),
(107, 'zelenzby', -137, 310, 'Jídlo z restaurace Pražanka', '2023-10-12 09:38:56', 'singeand'),
(108, 'santijir', -142, 858, 'Jídlo z restaurace Pražanka', '2023-10-12 09:38:56', 'singeand'),
(109, 'trubinik', -138, 62, 'Jídlo z restaurace Pražanka', '2023-10-12 09:38:56', 'singeand'),
(110, 'faltumar', -143, 903, 'Jídlo z restaurace Aktoffka', '2023-10-12 09:40:14', 'singeand'),
(111, 'wolfp1', -39, 436, 'Polévka z restaurace Barracuda', '2023-10-12 10:14:50', 'singeand'),
(112, 'mackoja3', -169, 31, 'Jídlo z restaurace Barracuda', '2023-10-12 10:14:50', 'singeand'),
(113, 'lupisant', -159, 1630, 'Jídlo z restaurace Barracuda', '2023-10-12 10:14:50', 'singeand'),
(114, 'dostaji4', -39, 749, 'Polévka z restaurace Barracuda', '2023-10-12 10:14:50', 'singeand'),
(115, 'dostaji4', -159, 590, 'Jídlo z restaurace Barracuda', '2023-10-12 10:14:50', 'singeand'),
(116, 'harnimic', -149, 102, 'Jídlo z restaurace Barracuda', '2023-10-12 10:14:50', 'singeand'),
(117, 'postajan', -159, 533, 'Jídlo z restaurace Barracuda', '2023-10-12 10:14:50', 'singeand'),
(118, 'suchndan', -39, 961, 'Polévka z restaurace Barracuda', '2023-10-12 10:14:50', 'singeand'),
(119, 'suchndan', -149, 812, 'Jídlo z restaurace Barracuda', '2023-10-12 10:14:50', 'singeand'),
(120, 'vodicvac', -39, 27, 'Polévka z restaurace Barracuda', '2023-10-12 10:14:50', 'singeand'),
(121, 'zamprlib', -149, 204, 'Jídlo z restaurace Barracuda', '2023-10-12 10:14:50', 'singeand'),
(122, 'plsekja1', -149, 506, 'Jídlo z restaurace Barracuda', '2023-10-12 10:14:50', 'singeand'),
(123, 'haberjos', -169, 370, 'Jídlo z restaurace Barracuda', '2023-10-12 10:14:50', 'singeand'),
(124, 'hrachiva', 1500, 1500, 'správce aplikace navýšil částku na kontu zaměstnance', '2023-10-13 08:14:25', 'singeand'),
(125, 'danickar', 500, 500, 'správce aplikace navýšil částku na kontu zaměstnance', '2023-10-13 08:14:59', 'singeand'),
(126, 'harnimic', 1000, 1102, 'správce aplikace navýšil částku na kontu zaměstnance', '2023-10-13 08:49:28', 'singeand'),
(127, 'vodicvac', 1600, 1627, 'správce aplikace navýšil částku na kontu zaměstnance', '2023-10-13 09:35:45', 'singeand'),
(128, 'zamprlib', -141, 63, 'Jídlo z restaurace Aktoffka', '2023-10-13 09:43:19', 'singeand'),
(129, 'harnimic', -143, 959, 'Jídlo z restaurace Aktoffka', '2023-10-13 09:43:19', 'singeand'),
(130, 'vodicvac', -148, 1479, 'Jídlo z restaurace Aktoffka', '2023-10-13 09:43:19', 'singeand'),
(131, 'hrachiva', -169, 1331, 'Jídlo z restaurace Barracuda', '2023-10-13 10:04:42', 'singeand'),
(132, 'mlejnp1', -159, 264, 'Jídlo z restaurace Barracuda', '2023-10-13 10:04:42', 'singeand'),
(133, 'danickar', -159, 341, 'Jídlo z restaurace Barracuda', '2023-10-13 10:04:42', 'singeand'),
(134, 'postajan', -149, 384, 'Jídlo z restaurace Barracuda', '2023-10-13 10:04:42', 'singeand'),
(135, 'faltumar', -159, 744, 'Jídlo z restaurace Barracuda', '2023-10-13 10:04:42', 'singeand'),
(136, 'suchndan', -39, 773, 'Polévka z restaurace Barracuda', '2023-10-13 10:04:42', 'singeand'),
(137, 'suchndan', -159, 614, 'Jídlo z restaurace Barracuda', '2023-10-13 10:04:42', 'singeand'),
(138, 'dytrijak', -39, 385, 'Polévka z restaurace Barracuda', '2023-10-13 10:04:42', 'singeand'),
(139, 'dytrijak', -159, 226, 'Jídlo z restaurace Barracuda', '2023-10-13 10:04:42', 'singeand'),
(140, 'solomser', 800, 983, 'správce aplikace navýšil částku na kontu zaměstnance', '2023-10-13 11:33:31', 'singeand'),
(141, 'zamprlib', 1000, 1063, 'správce aplikace navýšil částku na kontu zaměstnance', '2023-10-16 09:12:28', 'singeand'),
(142, 'maskamar', 0, 23, 'správce aplikace navýšil částku na kontu zaměstnance', '2023-10-16 09:38:49', 'singeand'),
(143, 'maskamar', 1000, 1023, 'správce aplikace navýšil částku na kontu zaměstnance', '2023-10-16 09:39:16', 'singeand'),
(144, 'hrachiva', -142, 1189, 'Jídlo z restaurace Pražanka', '2023-10-16 09:39:49', 'singeand'),
(145, 'wolfp1', -140, 296, 'Jídlo z restaurace Pražanka', '2023-10-16 09:39:49', 'singeand'),
(146, 'zahrap10', -139, 1611, 'Jídlo z restaurace Pražanka', '2023-10-16 09:39:49', 'singeand'),
(147, 'solomser', -139, 844, 'Jídlo z restaurace Pražanka', '2023-10-16 09:39:49', 'singeand'),
(148, 'faltumar', -159, 585, 'Jídlo z restaurace Aktoffka', '2023-10-16 09:39:52', 'singeand'),
(149, 'vodicvac', -169, 1310, 'Jídlo z restaurace Aktoffka', '2023-10-16 09:39:52', 'singeand'),
(150, 'dytrijak', -39, 187, 'Polévka z restaurace Barracuda', '2023-10-16 10:08:03', 'singeand'),
(151, 'dytrijak', -149, 38, 'Jídlo z restaurace Barracuda', '2023-10-16 10:08:03', 'singeand'),
(152, 'wolfp1', -39, 257, 'Polévka z restaurace Barracuda', '2023-10-16 10:08:03', 'singeand'),
(153, 'zamprlib', -159, 904, 'Jídlo z restaurace Barracuda', '2023-10-16 10:08:03', 'singeand'),
(154, 'harnimic', -149, 810, 'Jídlo z restaurace Barracuda', '2023-10-16 10:08:03', 'singeand'),
(155, 'dostaji4', -39, 551, 'Polévka z restaurace Barracuda', '2023-10-16 10:08:03', 'singeand'),
(156, 'dostaji4', -159, 392, 'Jídlo z restaurace Barracuda', '2023-10-16 10:08:03', 'singeand'),
(157, 'mlejnp1', -159, 105, 'Jídlo z restaurace Barracuda', '2023-10-16 10:08:03', 'singeand'),
(158, 'maskamar', -159, 864, 'Jídlo z restaurace Barracuda', '2023-10-16 10:08:03', 'singeand'),
(159, 'havlira7', -149, 56, 'Jídlo z restaurace Barracuda', '2023-10-16 10:08:03', 'singeand'),
(160, 'vodicale', 200, 200, 'správce aplikace navýšil částku na kontu zaměstnance', '2023-10-17 07:59:00', 'singeand'),
(161, 'sestaev1', 600, 600, 'správce aplikace navýšil částku na kontu zaměstnance', '2023-10-17 08:17:29', 'singeand'),
(162, 'dytrijak', 800, 838, 'správce aplikace navýšil částku na kontu zaměstnance', '2023-10-17 08:26:25', 'singeand'),
(163, 'prokukri', 1000, 1000, 'správce aplikace navýšil částku na kontu zaměstnance', '2023-10-17 09:21:14', 'singeand'),
(164, 'zahrap10', -141, 1470, 'Jídlo z restaurace Pražanka', '2023-10-17 09:34:10', 'singeand'),
(165, 'vodicvac', -148, 1162, 'Jídlo z restaurace Aktoffka', '2023-10-17 09:34:12', 'singeand'),
(166, 'zahrap10', -143, 1327, 'Jídlo z restaurace Aktoffka', '2023-10-17 09:34:12', 'singeand'),
(167, 'suchndan', -39, 575, 'Polévka z restaurace Barracuda', '2023-10-17 10:08:58', 'singeand'),
(168, 'suchndan', -149, 426, 'Jídlo z restaurace Barracuda', '2023-10-17 10:08:58', 'singeand'),
(169, 'dytrijak', -39, 799, 'Polévka z restaurace Barracuda', '2023-10-17 10:08:58', 'singeand'),
(170, 'dytrijak', -159, 640, 'Jídlo z restaurace Barracuda', '2023-10-17 10:08:58', 'singeand'),
(171, 'zelenzby', -39, 271, 'Polévka z restaurace Barracuda', '2023-10-17 10:08:58', 'singeand'),
(172, 'santijir', -39, 819, 'Polévka z restaurace Barracuda', '2023-10-17 10:08:58', 'singeand'),
(173, 'santijir', -169, 650, 'Jídlo z restaurace Barracuda', '2023-10-17 10:08:58', 'singeand'),
(174, 'danickar', -159, 182, 'Jídlo z restaurace Barracuda', '2023-10-17 10:08:58', 'singeand'),
(175, 'vodicale', -149, 51, 'Jídlo z restaurace Barracuda', '2023-10-17 10:08:58', 'singeand'),
(176, 'harnimic', -159, 651, 'Jídlo z restaurace Barracuda', '2023-10-17 10:08:58', 'singeand'),
(177, 'postajan', -149, 235, 'Jídlo z restaurace Barracuda', '2023-10-17 10:08:58', 'singeand'),
(178, 'faltumar', -159, 426, 'Jídlo z restaurace Barracuda', '2023-10-17 10:08:58', 'singeand'),
(179, 'plsekja1', -39, 467, 'Polévka z restaurace Barracuda', '2023-10-17 10:08:58', 'singeand'),
(180, 'plsekja1', -169, 298, 'Jídlo z restaurace Barracuda', '2023-10-17 10:08:58', 'singeand'),
(181, 'prokukri', -169, 831, 'Jídlo z restaurace Barracuda', '2023-10-17 10:08:58', 'singeand'),
(182, 'maskamar', -149, 715, 'Jídlo z restaurace Barracuda', '2023-10-17 10:08:58', 'singeand'),
(183, 'solomser', -149, 695, 'Jídlo z restaurace Barracuda', '2023-10-17 10:08:58', 'singeand'),
(184, 'mlejnp1', 500, 605, 'správce aplikace navýšil částku na kontu zaměstnance', '2023-10-18 07:37:37', 'plsekja1'),
(185, 'vitovjan', 1000, 1000, 'správce aplikace navýšil částku na kontu zaměstnance', '2023-10-18 08:11:29', 'plsekja1'),
(186, 'vodicale', 108, 159, 'správce aplikace navýšil částku na kontu zaměstnance', '2023-10-18 08:33:52', 'plsekja1'),
(187, 'vcelakj1', 500, 500, 'správce aplikace navýšil částku na kontu zaměstnance', '2023-10-18 09:10:29', 'plsekja1'),
(188, 'mlejnp1', -138, 467, 'Jídlo z restaurace Pražanka', '2023-10-18 09:21:37', 'plsekja1'),
(189, 'faltumar', -179, 247, 'Jídlo z restaurace Aktoffka', '2023-10-18 09:24:47', 'plsekja1'),
(190, 'vitovjan', -164, 836, 'Jídlo z restaurace Aktoffka', '2023-10-18 09:24:47', 'plsekja1'),
(191, 'plsekja1', -39, 259, 'Polévka z restaurace Barracuda', '2023-10-18 10:07:08', 'plsekja1'),
(192, 'plsekja1', -159, 100, 'Jídlo z restaurace Barracuda', '2023-10-18 10:07:08', 'plsekja1'),
(193, 'vodicale', -159, 0, 'Jídlo z restaurace Barracuda', '2023-10-18 10:07:08', 'plsekja1'),
(194, 'zamprlib', -149, 755, 'Jídlo z restaurace Barracuda', '2023-10-18 10:07:08', 'plsekja1'),
(195, 'maskamar', -149, 566, 'Jídlo z restaurace Barracuda', '2023-10-18 10:07:08', 'plsekja1'),
(196, 'suchndan', -39, 387, 'Polévka z restaurace Barracuda', '2023-10-18 10:07:08', 'plsekja1'),
(197, 'suchndan', -159, 228, 'Jídlo z restaurace Barracuda', '2023-10-18 10:07:08', 'plsekja1'),
(198, 'solomser', -149, 546, 'Jídlo z restaurace Barracuda', '2023-10-18 10:07:08', 'plsekja1'),
(199, 'prokukri', -149, 682, 'Jídlo z restaurace Barracuda', '2023-10-18 10:07:08', 'plsekja1'),
(200, 'dytrijak', -39, 601, 'Polévka z restaurace Barracuda', '2023-10-18 10:07:08', 'plsekja1'),
(201, 'dytrijak', -149, 452, 'Jídlo z restaurace Barracuda', '2023-10-18 10:07:08', 'plsekja1'),
(202, 'plsekja1', 200, 300, 'správce aplikace navýšil částku na kontu zaměstnance', '2023-10-18 10:17:13', 'plsekja1'),
(203, 'mackoja3', 500, 531, 'správce aplikace navýšil částku na kontu zaměstnance', '2023-10-19 08:15:20', 'singeand'),
(204, 'vaclapor', 600, 600, 'správce aplikace navýšil částku na kontu zaměstnance', '2023-10-19 08:45:19', 'singeand'),
(205, 'harnimic', -143, 508, 'Jídlo z restaurace Aktoffka', '2023-10-19 09:33:09', 'singeand'),
(206, 'faltumar', -165, 82, 'Jídlo z restaurace Aktoffka', '2023-10-19 09:33:09', 'singeand'),
(207, 'plsekja1', -39, 261, 'Polévka z restaurace Barracuda', '2023-10-19 10:05:31', 'singeand'),
(208, 'plsekja1', -159, 102, 'Jídlo z restaurace Barracuda', '2023-10-19 10:05:31', 'singeand'),
(209, 'mackoja3', -149, 382, 'Jídlo z restaurace Barracuda', '2023-10-19 10:05:31', 'singeand'),
(210, 'dytrijak', -39, 413, 'Polévka z restaurace Barracuda', '2023-10-19 10:05:31', 'singeand'),
(211, 'dytrijak', -149, 264, 'Jídlo z restaurace Barracuda', '2023-10-19 10:05:31', 'singeand'),
(212, 'zamprlib', -149, 606, 'Jídlo z restaurace Barracuda', '2023-10-19 10:05:31', 'singeand'),
(213, 'hrachiva', -149, 1040, 'Jídlo z restaurace Barracuda', '2023-10-19 10:05:31', 'singeand'),
(214, 'solomser', -149, 397, 'Jídlo z restaurace Barracuda', '2023-10-19 10:05:31', 'singeand'),
(215, 'maskamar', -149, 417, 'Jídlo z restaurace Barracuda', '2023-10-19 10:05:31', 'singeand'),
(216, 'faltumar', 1100, 1182, 'správce aplikace navýšil částku na kontu zaměstnance', '2023-10-20 08:37:45', 'singeand'),
(217, 'faltumar', 100, 1282, 'správce aplikace navýšil částku na kontu zaměstnance', '2023-10-20 08:37:57', 'singeand'),
(218, 'plsekja1', 900, 1002, 'správce aplikace navýšil částku na kontu zaměstnance', '2023-10-20 09:29:25', 'singeand'),
(219, 'mlejnp1', -138, 329, 'Jídlo z restaurace Pražanka', '2023-10-20 09:37:07', 'singeand'),
(220, 'zelenzby', -36, 235, 'Polévka z restaurace Pražanka', '2023-10-20 09:37:07', 'singeand'),
(221, 'zelenzby', -138, 97, 'Jídlo z restaurace Pražanka', '2023-10-20 09:37:07', 'singeand'),
(222, 'vcelakj1', -142, 358, 'Jídlo z restaurace Pražanka', '2023-10-20 09:37:07', 'singeand'),
(223, 'faltumar', -138, 1144, 'Jídlo z restaurace Pražanka', '2023-10-20 09:37:07', 'singeand'),
(224, 'vodicvac', -143, 1019, 'Jídlo z restaurace Aktoffka', '2023-10-20 09:37:10', 'singeand'),
(225, 'suchndan', -159, 69, 'Jídlo z restaurace Barracuda', '2023-10-20 10:08:01', 'singeand'),
(226, 'wolfp1', -39, 218, 'Polévka z restaurace Barracuda', '2023-10-20 10:08:01', 'singeand'),
(227, 'wolfp1', -169, 49, 'Jídlo z restaurace Barracuda', '2023-10-20 10:08:01', 'singeand'),
(228, 'plsekja1', -39, 963, 'Polévka z restaurace Barracuda', '2023-10-20 10:08:01', 'singeand'),
(229, 'plsekja1', -149, 814, 'Jídlo z restaurace Barracuda', '2023-10-20 10:08:01', 'singeand'),
(230, 'dytrijak', -39, 225, 'Polévka z restaurace Barracuda', '2023-10-20 10:08:01', 'singeand'),
(231, 'dytrijak', -169, 56, 'Jídlo z restaurace Barracuda', '2023-10-20 10:08:01', 'singeand'),
(232, 'solomser', -149, 248, 'Jídlo z restaurace Barracuda', '2023-10-20 10:08:01', 'singeand'),
(233, 'janovvit', 1000, 1000, 'správce aplikace navýšil částku na kontu zaměstnance', '2023-10-23 08:02:27', 'singeand'),
(234, 'holecste', 1000, 1000, 'správce aplikace navýšil částku na kontu zaměstnance', '2023-10-23 08:08:21', 'singeand'),
(235, 'jararobe', 1000, 1000, 'správce aplikace navýšil částku na kontu zaměstnance', '2023-10-23 08:22:40', 'singeand'),
(236, 'lupisant', 2300, 3930, 'správce aplikace navýšil částku na kontu zaměstnance', '2023-10-23 08:29:22', 'singeand'),
(237, 'martivl6', 2000, 2000, 'správce aplikace navýšil částku na kontu zaměstnance', '2023-10-23 08:35:49', 'singeand'),
(238, 'reistkri', 1000, 1000, 'správce aplikace navýšil částku na kontu zaměstnance', '2023-10-23 08:46:25', 'singeand'),
(239, 'atudekar', 500, 500, 'správce aplikace navýšil částku na kontu zaměstnance', '2023-10-23 08:48:46', 'singeand'),
(240, 'dytrijak', 1200, 1256, 'správce aplikace navýšil částku na kontu zaměstnance', '2023-10-23 08:51:02', 'singeand'),
(241, 'hodkojul', 700, 700, 'správce aplikace navýšil částku na kontu zaměstnance', '2023-10-23 08:53:47', 'singeand'),
(242, 'divisja4', 200, 200, 'správce aplikace navýšil částku na kontu zaměstnance', '2023-10-23 08:57:15', 'singeand'),
(243, 'tonovsar', 700, 766, 'správce aplikace navýšil částku na kontu zaměstnance', '2023-10-23 09:02:13', 'singeand'),
(244, 'skandnik', 200, 200, 'správce aplikace navýšil částku na kontu zaměstnance', '2023-10-23 09:05:04', 'singeand'),
(245, 'dvorakl7', 400, 400, 'správce aplikace navýšil částku na kontu zaměstnance', '2023-10-23 09:16:07', 'singeand'),
(246, 'vachato1', 2000, 2000, 'správce aplikace navýšil částku na kontu zaměstnance', '2023-10-23 09:16:57', 'singeand'),
(247, 'vachato1', -2000, 0, 'správce aplikace ponížil částku na kontu zaměstnance', '2023-10-23 09:17:03', 'singeand'),
(248, 'vlachto1', 2000, 2000, 'správce aplikace navýšil částku na kontu zaměstnance', '2023-10-23 09:17:11', 'singeand'),
(249, 'wolfp1', 1000, 1049, 'správce aplikace navýšil částku na kontu zaměstnance', '2023-10-23 09:21:25', 'singeand'),
(250, 'maierlen', 1000, 1000, 'správce aplikace navýšil částku na kontu zaměstnance', '2023-10-23 09:22:39', 'singeand'),
(251, 'vancuto4', 500, 500, 'správce aplikace navýšil částku na kontu zaměstnance', '2023-10-23 09:23:05', 'singeand'),
(252, 'knymarti', 1000, 1000, 'správce aplikace navýšil částku na kontu zaměstnance', '2023-10-23 09:23:28', 'singeand'),
(253, 'knymarti', -160, 840, 'správce aplikace ponížil částku na kontu zaměstnance', '2023-10-23 09:24:01', 'singeand'),
(254, 'jirkazuz', 1000, 1000, 'správce aplikace navýšil částku na kontu zaměstnance', '2023-10-23 09:24:43', 'singeand'),
(255, 'neslamic', 500, 500, 'správce aplikace navýšil částku na kontu zaměstnance', '2023-10-23 09:35:57', 'singeand'),
(256, 'singeand', 600, 600, 'správce aplikace navýšil částku na kontu zaměstnance', '2023-10-23 09:38:34', 'singeand'),
(257, 'suchndan', 500, 569, 'správce aplikace navýšil částku na kontu zaměstnance', '2023-10-23 09:42:55', 'singeand'),
(258, 'janovvit', -146, 854, 'Jídlo z restaurace Pražanka', '2023-10-23 09:44:54', 'singeand'),
(259, 'tonovsar', -142, 624, 'Jídlo z restaurace Pražanka', '2023-10-23 09:44:54', 'singeand'),
(260, 'vodicvac', -142, 877, 'Jídlo z restaurace Pražanka', '2023-10-23 09:44:54', 'singeand'),
(261, 'divisja4', -142, 58, 'Jídlo z restaurace Pražanka', '2023-10-23 09:44:54', 'singeand'),
(262, 'hodkojul', -36, 664, 'Polévka z restaurace Pražanka', '2023-10-23 09:44:54', 'singeand'),
(263, 'vlachto1', -146, 1854, 'Jídlo z restaurace Pražanka', '2023-10-23 09:44:54', 'singeand'),
(264, 'zahrap10', -141, 1186, 'Jídlo z restaurace Pražanka', '2023-10-23 09:44:54', 'singeand'),
(265, 'skandnik', -146, 54, 'Jídlo z restaurace Pražanka', '2023-10-23 09:44:54', 'singeand'),
(266, 'neslamic', -140, 360, 'Jídlo z restaurace Pražanka', '2023-10-23 09:44:54', 'singeand'),
(267, 'reistkri', -148, 852, 'Jídlo z restaurace Aktoffka', '2023-10-23 09:49:23', 'singeand'),
(268, 'vitovjan', -152, 684, 'Jídlo z restaurace Aktoffka', '2023-10-23 09:49:23', 'singeand'),
(269, 'jirkazuz', -152, 848, 'Jídlo z restaurace Aktoffka', '2023-10-23 09:49:23', 'singeand'),
(270, 'singeand', -143, 457, 'Jídlo z restaurace Aktoffka', '2023-10-23 09:49:23', 'singeand'),
(271, 'kozubale', 200, 200, 'správce aplikace navýšil částku na kontu zaměstnance', '2023-10-23 10:03:40', 'singeand'),
(272, 'zamprlib', -159, 447, 'Jídlo z restaurace Barracuda', '2023-10-23 10:13:10', 'singeand'),
(273, 'danickar', -149, 33, 'Jídlo z restaurace Barracuda', '2023-10-23 10:13:10', 'singeand'),
(274, 'holecste', -159, 841, 'Jídlo z restaurace Barracuda', '2023-10-23 10:13:10', 'singeand'),
(275, 'vaclapor', -39, 561, 'Polévka z restaurace Barracuda', '2023-10-23 10:13:10', 'singeand'),
(276, 'vaclapor', -159, 402, 'Jídlo z restaurace Barracuda', '2023-10-23 10:13:10', 'singeand'),
(277, 'dytrijak', -39, 1217, 'Polévka z restaurace Barracuda', '2023-10-23 10:13:10', 'singeand'),
(278, 'dytrijak', -149, 1068, 'Jídlo z restaurace Barracuda', '2023-10-23 10:13:10', 'singeand'),
(279, 'plsekja1', -39, 775, 'Polévka z restaurace Barracuda', '2023-10-23 10:13:10', 'singeand'),
(280, 'plsekja1', -159, 616, 'Jídlo z restaurace Barracuda', '2023-10-23 10:13:10', 'singeand'),
(281, 'faltumar', -159, 985, 'Jídlo z restaurace Barracuda', '2023-10-23 10:13:10', 'singeand'),
(282, 'tonovsar', -39, 585, 'Polévka z restaurace Barracuda', '2023-10-23 10:13:10', 'singeand'),
(283, 'vcelakj1', -159, 199, 'Jídlo z restaurace Barracuda', '2023-10-23 10:13:10', 'singeand'),
(284, 'atudekar', -39, 461, 'Polévka z restaurace Barracuda', '2023-10-23 10:13:10', 'singeand'),
(285, 'solomser', -159, 89, 'Jídlo z restaurace Barracuda', '2023-10-23 10:13:10', 'singeand'),
(286, 'dvorakl7', -149, 251, 'Jídlo z restaurace Barracuda', '2023-10-23 10:13:10', 'singeand'),
(287, 'suchndan', -39, 530, 'Polévka z restaurace Barracuda', '2023-10-23 10:13:10', 'singeand'),
(288, 'suchndan', -159, 371, 'Jídlo z restaurace Barracuda', '2023-10-23 10:13:10', 'singeand'),
(289, 'kozubale', -159, 41, 'Jídlo z restaurace Barracuda', '2023-10-23 10:13:10', 'singeand'),
(290, 'maierlen', -159, 841, 'Jídlo z restaurace Barracuda', '2023-10-23 10:13:10', 'singeand'),
(291, 'wolfp1', -39, 1010, 'Polévka z restaurace Barracuda', '2023-10-23 10:13:10', 'singeand'),
(292, 'wolfp1', -149, 861, 'Jídlo z restaurace Barracuda', '2023-10-23 10:13:10', 'singeand'),
(293, 'maskamar', -159, 258, 'Jídlo z restaurace Barracuda', '2023-10-23 10:13:10', 'singeand'),
(294, 'solomser', 856, 945, 'správce aplikace navýšil částku na kontu zaměstnance', '2023-10-23 10:39:54', 'singeand'),
(295, 'zelenzby', 2000, 2097, 'správce aplikace navýšil částku na kontu zaměstnance', '2023-10-23 14:39:12', 'singeand'),
(296, 'vodicale', 500, 500, 'správce aplikace navýšil částku na kontu zaměstnance', '2023-10-24 08:02:35', 'singeand'),
(297, 'simanm11', 200, 200, 'správce aplikace navýšil částku na kontu zaměstnance', '2023-10-24 08:10:28', 'singeand'),
(298, 'heckopet', 1000, 1000, 'správce aplikace navýšil částku na kontu zaměstnance', '2023-10-24 08:18:37', 'singeand'),
(299, 'stoladan', 1100, 1100, 'správce aplikace navýšil částku na kontu zaměstnance', '2023-10-24 08:19:08', 'singeand'),
(300, 'pokornik', 600, 600, 'správce aplikace navýšil částku na kontu zaměstnance', '2023-10-24 08:41:33', 'singeand'),
(301, 'kozubale', 400, 441, 'správce aplikace navýšil částku na kontu zaměstnance', '2023-10-24 08:45:44', 'singeand'),
(302, 'skandnik', 1000, 1054, 'správce aplikace navýšil částku na kontu zaměstnance', '2023-10-24 09:10:42', 'singeand'),
(303, 'zuzansch', 1000, 1000, 'správce aplikace navýšil částku na kontu zaměstnance', '2023-10-24 09:11:02', 'singeand'),
(304, 'dobialuc', 1000, 1000, 'správce aplikace navýšil částku na kontu zaměstnance', '2023-10-24 09:16:23', 'singeand'),
(305, 'sojkokat', 1000, 1000, 'správce aplikace navýšil částku na kontu zaměstnance', '2023-10-24 09:17:44', 'singeand'),
(306, 'vodicale', -36, 464, 'Polévka z restaurace Pražanka', '2023-10-24 09:38:42', 'singeand'),
(307, 'zamprlib', -142, 305, 'Jídlo z restaurace Pražanka', '2023-10-24 09:38:42', 'singeand'),
(308, 'sestaev1', -141, 459, 'Jídlo z restaurace Pražanka', '2023-10-24 09:38:42', 'singeand'),
(309, 'tonovsar', -141, 444, 'Jídlo z restaurace Pražanka', '2023-10-24 09:38:42', 'singeand'),
(310, 'tonovsar', -141, 303, 'Jídlo z restaurace Pražanka', '2023-10-24 09:38:42', 'singeand'),
(311, 'faltumar', -146, 839, 'Jídlo z restaurace Pražanka', '2023-10-24 09:38:42', 'singeand'),
(312, 'harnimic', -138, 370, 'Jídlo z restaurace Pražanka', '2023-10-24 09:38:42', 'singeand'),
(313, 'dvorakl7', -124, 127, 'Jídlo z restaurace Pražanka', '2023-10-24 09:38:42', 'singeand'),
(314, 'simanm11', -143, 57, 'Jídlo z restaurace Aktoffka', '2023-10-24 09:38:45', 'singeand'),
(315, 'jararobe', -143, 857, 'Jídlo z restaurace Aktoffka', '2023-10-24 09:38:45', 'singeand'),
(316, 'kozubale', -143, 298, 'Jídlo z restaurace Aktoffka', '2023-10-24 09:38:45', 'singeand'),
(317, 'pokornik', -170, 430, 'Jídlo z restaurace Aktoffka', '2023-10-24 09:38:45', 'singeand'),
(318, 'vancuto4', -143, 357, 'Jídlo z restaurace Aktoffka', '2023-10-24 09:38:45', 'singeand'),
(319, 'zuzansch', -158, 842, 'Jídlo z restaurace Aktoffka', '2023-10-24 09:38:45', 'singeand'),
(320, 'singeand', -170, 287, 'Jídlo z restaurace Aktoffka', '2023-10-24 09:38:45', 'singeand'),
(321, 'dytrijak', -39, 1029, 'Polévka z restaurace Barracuda', '2023-10-24 10:19:13', 'singeand'),
(322, 'dytrijak', -159, 870, 'Jídlo z restaurace Barracuda', '2023-10-24 10:19:13', 'singeand'),
(323, 'zamprlib', -159, 146, 'Jídlo z restaurace Barracuda', '2023-10-24 10:19:13', 'singeand'),
(324, 'santijir', -159, 491, 'Jídlo z restaurace Barracuda', '2023-10-24 10:19:13', 'singeand'),
(325, 'heckopet', -159, 841, 'Jídlo z restaurace Barracuda', '2023-10-24 10:19:13', 'singeand'),
(326, 'martivl6', -39, 1961, 'Polévka z restaurace Barracuda', '2023-10-24 10:19:13', 'singeand'),
(327, 'martivl6', -159, 1802, 'Jídlo z restaurace Barracuda', '2023-10-24 10:19:13', 'singeand'),
(328, 'lupisant', -159, 3771, 'Jídlo z restaurace Barracuda', '2023-10-24 10:19:13', 'singeand'),
(329, 'sojkokat', -189, 811, 'Jídlo z restaurace Barracuda', '2023-10-24 10:19:13', 'singeand'),
(330, 'dobialuc', -159, 841, 'Jídlo z restaurace Barracuda', '2023-10-24 10:19:13', 'singeand'),
(331, 'zahrap10', -159, 1027, 'Jídlo z restaurace Barracuda', '2023-10-24 10:19:13', 'singeand'),
(332, 'zelenzby', -39, 2058, 'Polévka z restaurace Barracuda', '2023-10-24 10:19:13', 'singeand'),
(333, 'zelenzby', -159, 1899, 'Jídlo z restaurace Barracuda', '2023-10-24 10:19:13', 'singeand'),
(334, 'vcelakj1', -39, 160, 'Polévka z restaurace Barracuda', '2023-10-24 10:19:13', 'singeand'),
(335, 'maskamar', -149, 109, 'Jídlo z restaurace Barracuda', '2023-10-24 10:19:13', 'singeand'),
(336, 'skandnik', -189, 865, 'Jídlo z restaurace Barracuda', '2023-10-24 10:19:13', 'singeand'),
(337, 'holecste', -160, 681, 'správce aplikace ponížil částku na kontu zaměstnance', '2023-10-24 10:32:03', 'singeand'),
(338, 'cvrcejir', 2000, 2000, 'správce aplikace navýšil částku na kontu zaměstnance', '2023-10-25 08:25:57', 'singeand'),
(339, 'postajan', 1000, 1235, 'správce aplikace navýšil částku na kontu zaměstnance', '2023-10-25 08:37:02', 'singeand'),
(340, 'volfmar3', 1000, 1000, 'správce aplikace navýšil částku na kontu zaměstnance', '2023-10-25 08:38:10', 'singeand'),
(341, 'tonovsar', 500, 803, 'správce aplikace navýšil částku na kontu zaměstnance', '2023-10-25 08:58:09', 'singeand'),
(342, 'knymarti', -160, 680, 'správce aplikace ponížil částku na kontu zaměstnance', '2023-10-25 09:15:07', 'singeand'),
(343, 'zamprlib', 500, 646, 'správce aplikace navýšil částku na kontu zaměstnance', '2023-10-25 09:17:14', 'singeand'),
(344, 'prosezde', 500, 500, 'správce aplikace navýšil částku na kontu zaměstnance', '2023-10-25 09:20:34', 'singeand'),
(345, 'maskamar', 50, 159, 'správce aplikace navýšil částku na kontu zaměstnance', '2023-10-25 09:39:37', 'singeand'),
(346, 'volflluk', 500, 500, 'správce aplikace navýšil částku na kontu zaměstnance', '2023-10-25 09:46:37', 'singeand'),
(347, 'lupisant', -138, 3633, 'Jídlo z restaurace Pražanka', '2023-10-25 09:47:28', 'singeand'),
(348, 'cvrcejir', -144, 1856, 'Jídlo z restaurace Pražanka', '2023-10-25 09:47:28', 'singeand'),
(349, 'hodkojul', -143, 521, 'Jídlo z restaurace Pražanka', '2023-10-25 09:47:28', 'singeand'),
(350, 'mlejnp1', -144, 185, 'Jídlo z restaurace Pražanka', '2023-10-25 09:47:28', 'singeand'),
(351, 'zahrap10', -144, 883, 'Jídlo z restaurace Pražanka', '2023-10-25 09:47:28', 'singeand'),
(352, 'zelenzby', -36, 1863, 'Polévka z restaurace Pražanka', '2023-10-25 09:47:28', 'singeand'),
(353, 'zelenzby', -143, 1720, 'Jídlo z restaurace Pražanka', '2023-10-25 09:47:28', 'singeand'),
(354, 'tonovsar', -141, 662, 'Jídlo z restaurace Pražanka', '2023-10-25 09:47:28', 'singeand'),
(355, 'tonovsar', -143, 519, 'Jídlo z restaurace Pražanka', '2023-10-25 09:47:28', 'singeand'),
(356, 'tonovsar', -138, 381, 'Jídlo z restaurace Pražanka', '2023-10-25 09:47:28', 'singeand'),
(357, 'santijir', -36, 455, 'Polévka z restaurace Pražanka', '2023-10-25 09:47:28', 'singeand'),
(358, 'santijir', -143, 312, 'Jídlo z restaurace Pražanka', '2023-10-25 09:47:28', 'singeand'),
(359, 'skandnik', -144, 721, 'Jídlo z restaurace Pražanka', '2023-10-25 09:47:28', 'singeand'),
(360, 'plsekja1', -143, 473, 'Jídlo z restaurace Pražanka', '2023-10-25 09:47:28', 'singeand'),
(361, 'dostaji4', -36, 356, 'Polévka z restaurace Pražanka', '2023-10-25 09:47:28', 'singeand'),
(362, 'dostaji4', -144, 212, 'Jídlo z restaurace Pražanka', '2023-10-25 09:47:28', 'singeand'),
(363, 'prosezde', -144, 356, 'Jídlo z restaurace Pražanka', '2023-10-25 09:47:28', 'singeand'),
(364, 'stoladan', -141, 959, 'Jídlo z restaurace Pražanka', '2023-10-25 09:47:28', 'singeand'),
(365, 'lupisant', -149, 3484, 'Jídlo z restaurace Barracuda', '2023-10-25 10:15:01', 'singeand'),
(366, 'postajan', -159, 1076, 'Jídlo z restaurace Barracuda', '2023-10-25 10:15:01', 'singeand'),
(367, 'faltumar', -149, 690, 'Jídlo z restaurace Barracuda', '2023-10-25 10:15:01', 'singeand'),
(368, 'volfmar3', -39, 961, 'Polévka z restaurace Barracuda', '2023-10-25 10:15:01', 'singeand'),
(369, 'volfmar3', -159, 802, 'Jídlo z restaurace Barracuda', '2023-10-25 10:15:01', 'singeand'),
(370, 'vodicvac', -39, 838, 'Polévka z restaurace Barracuda', '2023-10-25 10:15:01', 'singeand'),
(371, 'suchndan', -39, 332, 'Polévka z restaurace Barracuda', '2023-10-25 10:15:01', 'singeand'),
(372, 'harnimic', -159, 211, 'Jídlo z restaurace Barracuda', '2023-10-25 10:15:01', 'singeand'),
(373, 'dytrijak', -39, 831, 'Polévka z restaurace Barracuda', '2023-10-25 10:15:01', 'singeand'),
(374, 'dytrijak', -149, 682, 'Jídlo z restaurace Barracuda', '2023-10-25 10:15:01', 'singeand'),
(375, 'kozubale', -159, 139, 'Jídlo z restaurace Barracuda', '2023-10-25 10:15:01', 'singeand'),
(376, 'tonovsar', -39, 342, 'Polévka z restaurace Barracuda', '2023-10-25 10:15:01', 'singeand'),
(377, 'vcelakj1', -159, 1, 'Jídlo z restaurace Barracuda', '2023-10-25 10:15:01', 'singeand'),
(378, 'maskamar', -159, 0, 'Jídlo z restaurace Barracuda', '2023-10-25 10:15:01', 'singeand'),
(379, 'volflluk', -159, 341, 'Jídlo z restaurace Barracuda', '2023-10-25 10:15:01', 'singeand'),
(380, 'solomser', -149, 796, 'Jídlo z restaurace Barracuda', '2023-10-25 10:15:01', 'singeand'),
(381, 'singeand', -189, 98, 'Jídlo z restaurace Barracuda', '2023-10-25 10:15:01', 'singeand'),
(382, 'malikzd1', -159, 682, 'Jídlo z restaurace Barracuda', '2023-10-25 10:15:01', 'singeand'),
(383, 'shemevia', 200, 200, 'správce aplikace navýšil částku na kontu zaměstnance', '2023-10-26 08:16:46', 'singeand'),
(384, 'kynclmag', 400, 400, 'správce aplikace navýšil částku na kontu zaměstnance', '2023-10-26 09:27:41', 'singeand'),
(385, 'vlachto1', -144, 1710, 'Jídlo z restaurace Pražanka', '2023-10-26 09:39:02', 'singeand'),
(386, 'sestaev1', -36, 423, 'Polévka z restaurace Pražanka', '2023-10-26 09:39:02', 'singeand'),
(387, 'sestaev1', -20, 403, 'Polévka z restaurace Pražanka', '2023-10-26 09:39:02', 'singeand'),
(388, 'tonovsar', -141, 201, 'Jídlo z restaurace Pražanka', '2023-10-26 09:39:02', 'singeand'),
(389, 'faltumar', -139, 551, 'Jídlo z restaurace Pražanka', '2023-10-26 09:39:02', 'singeand'),
(390, 'hrachiva', -144, 896, 'Jídlo z restaurace Pražanka', '2023-10-26 09:39:02', 'singeand'),
(391, 'zelenzby', -36, 1684, 'Polévka z restaurace Pražanka', '2023-10-26 09:39:02', 'singeand'),
(392, 'solomser', -145, 651, 'Jídlo z restaurace Pražanka', '2023-10-26 09:39:02', 'singeand'),
(393, 'jirkazuz', -140, 708, 'Jídlo z restaurace Aktoffka', '2023-10-26 09:40:05', 'singeand'),
(394, 'pokornik', -140, 290, 'Jídlo z restaurace Aktoffka', '2023-10-26 09:40:05', 'singeand'),
(395, 'reistkri', -140, 712, 'Jídlo z restaurace Aktoffka', '2023-10-26 09:40:05', 'singeand'),
(396, 'stoladan', -143, 816, 'Jídlo z restaurace Aktoffka', '2023-10-26 09:40:05', 'singeand'),
(397, 'zamprlib', -143, 503, 'Jídlo z restaurace Aktoffka', '2023-10-26 09:40:05', 'singeand'),
(398, 'kynclmag', -143, 257, 'Jídlo z restaurace Aktoffka', '2023-10-26 09:40:05', 'singeand'),
(399, 'singeand', 159, 257, 'správce aplikace navýšil částku na kontu zaměstnance', '2023-10-26 09:51:04', 'singeand'),
(400, 'maskamar', 3000, 3000, 'správce aplikace navýšil částku na kontu zaměstnance', '2023-10-26 09:52:53', 'singeand'),
(401, 'velebluk', 2000, 2000, 'správce aplikace navýšil částku na kontu zaměstnance', '2023-10-26 10:04:56', 'singeand'),
(402, 'dytrijak', -39, 643, 'Polévka z restaurace Barracuda', '2023-10-26 10:10:40', 'singeand'),
(403, 'dytrijak', -159, 484, 'Jídlo z restaurace Barracuda', '2023-10-26 10:10:40', 'singeand'),
(404, 'shemevia', -159, 41, 'Jídlo z restaurace Barracuda', '2023-10-26 10:10:40', 'singeand'),
(405, 'lupisant', -39, 3445, 'Polévka z restaurace Barracuda', '2023-10-26 10:10:40', 'singeand'),
(406, 'lupisant', -39, 3406, 'Polévka z restaurace Barracuda', '2023-10-26 10:10:40', 'singeand'),
(407, 'lupisant', -159, 3247, 'Jídlo z restaurace Barracuda', '2023-10-26 10:10:40', 'singeand'),
(408, 'lupisant', -149, 3098, 'Jídlo z restaurace Barracuda', '2023-10-26 10:10:40', 'singeand'),
(409, 'mackoja3', -169, 213, 'Jídlo z restaurace Barracuda', '2023-10-26 10:10:40', 'singeand'),
(410, 'plsekja1', -39, 434, 'Polévka z restaurace Barracuda', '2023-10-26 10:10:40', 'singeand'),
(411, 'plsekja1', -159, 275, 'Jídlo z restaurace Barracuda', '2023-10-26 10:10:40', 'singeand'),
(412, 'vodicale', -159, 305, 'Jídlo z restaurace Barracuda', '2023-10-26 10:10:40', 'singeand'),
(413, 'wolfp1', -39, 822, 'Polévka z restaurace Barracuda', '2023-10-26 10:10:40', 'singeand'),
(414, 'wolfp1', -159, 663, 'Jídlo z restaurace Barracuda', '2023-10-26 10:10:40', 'singeand'),
(415, 'suchndan', -39, 293, 'Polévka z restaurace Barracuda', '2023-10-26 10:10:40', 'singeand'),
(416, 'suchndan', -159, 134, 'Jídlo z restaurace Barracuda', '2023-10-26 10:10:40', 'singeand'),
(417, 'singeand', -159, 98, 'Jídlo z restaurace Barracuda', '2023-10-26 10:10:40', 'singeand'),
(418, 'vitovjan', -159, 525, 'Jídlo z restaurace Barracuda', '2023-10-26 10:10:40', 'singeand'),
(419, 'skandnik', -189, 532, 'Jídlo z restaurace Barracuda', '2023-10-26 10:10:40', 'singeand'),
(420, 'velebluk', -39, 1961, 'Polévka z restaurace Barracuda', '2023-10-26 10:10:40', 'singeand'),
(421, 'velebluk', -169, 1792, 'Jídlo z restaurace Barracuda', '2023-10-26 10:10:40', 'singeand'),
(422, 'singeand', 100, 198, 'správce aplikace navýšil částku na kontu zaměstnance', '2023-10-26 10:30:31', 'singeand'),
(423, 'vcelakj1', 1000, 1001, 'správce aplikace navýšil částku na kontu zaměstnance', '2023-10-26 10:34:24', 'singeand'),
(424, 'vcelakj1', -159, 842, 'správce aplikace ponížil částku na kontu zaměstnance', '2023-10-26 10:34:29', 'singeand'),
(425, 'postajan', -159, 917, 'správce aplikace ponížil částku na kontu zaměstnance', '2023-10-26 10:35:40', 'singeand');

-- --------------------------------------------------------

--
-- Table structure for table `konto_zaloha`
--

CREATE TABLE `konto_zaloha` (
  `id` int(11) NOT NULL,
  `datum` date DEFAULT NULL COMMENT 'k jakému dni byla na kontu uvedená částka',
  `login` varchar(31) COLLATE utf8_czech_ci NOT NULL DEFAULT '',
  `castka` int(11) NOT NULL DEFAULT 0
) ENGINE=InnoDB DEFAULT CHARSET=utf8 COLLATE=utf8_czech_ci COMMENT='Obsahuje časový snímek tab.konto_zamestnance ke každému dni';

--
-- Dumping data for table `konto_zaloha`
--

INSERT INTO `konto_zaloha` (`id`, `datum`, `login`, `castka`) VALUES
(1, '2023-10-16', 'danickar', 341),
(2, '2023-10-16', 'dostaji4', 392),
(3, '2023-10-16', 'dytrijak', 38),
(4, '2023-10-16', 'faltumar', 585),
(5, '2023-10-16', 'haberjos', 370),
(6, '2023-10-16', 'harnimic', 810),
(7, '2023-10-16', 'havlira7', 56),
(8, '2023-10-16', 'hrachiva', 1189),
(9, '2023-10-16', 'kuzmimic', 657),
(10, '2023-10-16', 'lupisant', 1630),
(11, '2023-10-16', 'mackoja3', 31),
(12, '2023-10-16', 'malikzd1', 841),
(13, '2023-10-16', 'maskamar', 864),
(14, '2023-10-16', 'mlejnp1', 105),
(15, '2023-10-16', 'plsekja1', 506),
(16, '2023-10-16', 'postajan', 384),
(17, '2023-10-16', 'santijir', 858),
(18, '2023-10-16', 'singeand', 0),
(19, '2023-10-16', 'solomser', 844),
(20, '2023-10-16', 'suchndan', 614),
(21, '2023-10-16', 'tonovsar', 66),
(22, '2023-10-16', 'trubinik', 62),
(23, '2023-10-16', 'vodicvac', 1310),
(24, '2023-10-16', 'wolfp1', 257),
(25, '2023-10-16', 'zahrap10', 1611),
(26, '2023-10-16', 'zamprlib', 904),
(27, '2023-10-16', 'zelenzby', 310),
(28, '2023-10-17', 'danickar', 182),
(29, '2023-10-17', 'dostaji4', 392),
(30, '2023-10-17', 'dytrijak', 640),
(31, '2023-10-17', 'faltumar', 426),
(32, '2023-10-17', 'haberjos', 370),
(33, '2023-10-17', 'harnimic', 651),
(34, '2023-10-17', 'havlira7', 56),
(35, '2023-10-17', 'hrachiva', 1189),
(36, '2023-10-17', 'kuzmimic', 657),
(37, '2023-10-17', 'lupisant', 1630),
(38, '2023-10-17', 'mackoja3', 31),
(39, '2023-10-17', 'malikzd1', 841),
(40, '2023-10-17', 'maskamar', 715),
(41, '2023-10-17', 'mlejnp1', 105),
(42, '2023-10-17', 'plsekja1', 298),
(43, '2023-10-17', 'postajan', 235),
(44, '2023-10-17', 'prokukri', 831),
(45, '2023-10-17', 'santijir', 650),
(46, '2023-10-17', 'sestaev1', 600),
(47, '2023-10-17', 'singeand', 0),
(48, '2023-10-17', 'solomser', 695),
(49, '2023-10-17', 'suchndan', 426),
(50, '2023-10-17', 'tonovsar', 66),
(51, '2023-10-17', 'trubinik', 62),
(52, '2023-10-17', 'vodicale', 51),
(53, '2023-10-17', 'vodicvac', 1162),
(54, '2023-10-17', 'wolfp1', 257),
(55, '2023-10-17', 'zahrap10', 1327),
(56, '2023-10-17', 'zamprlib', 904),
(57, '2023-10-17', 'zelenzby', 271),
(58, '2023-10-17', 'danickar', 182),
(59, '2023-10-17', 'dostaji4', 392),
(60, '2023-10-17', 'dytrijak', 640),
(61, '2023-10-17', 'faltumar', 426),
(62, '2023-10-17', 'haberjos', 370),
(63, '2023-10-17', 'harnimic', 651),
(64, '2023-10-17', 'havlira7', 56),
(65, '2023-10-17', 'hrachiva', 1189),
(66, '2023-10-17', 'kuzmimic', 657),
(67, '2023-10-17', 'lupisant', 1630),
(68, '2023-10-17', 'mackoja3', 31),
(69, '2023-10-17', 'malikzd1', 841),
(70, '2023-10-17', 'maskamar', 715),
(71, '2023-10-17', 'mlejnp1', 105),
(72, '2023-10-17', 'plsekja1', 298),
(73, '2023-10-17', 'postajan', 235),
(74, '2023-10-17', 'prokukri', 831),
(75, '2023-10-17', 'santijir', 650),
(76, '2023-10-17', 'sestaev1', 600),
(77, '2023-10-17', 'singeand', 0),
(78, '2023-10-17', 'solomser', 695),
(79, '2023-10-17', 'suchndan', 426),
(80, '2023-10-17', 'tonovsar', 66),
(81, '2023-10-17', 'trubinik', 62),
(82, '2023-10-17', 'vodicale', 51),
(83, '2023-10-17', 'vodicvac', 1162),
(84, '2023-10-17', 'wolfp1', 257),
(85, '2023-10-17', 'zahrap10', 1327),
(86, '2023-10-17', 'zamprlib', 904),
(87, '2023-10-17', 'zelenzby', 271),
(88, '2023-10-18', 'danickar', 182),
(89, '2023-10-18', 'dostaji4', 392),
(90, '2023-10-18', 'dytrijak', 452),
(91, '2023-10-18', 'faltumar', 247),
(92, '2023-10-18', 'haberjos', 370),
(93, '2023-10-18', 'harnimic', 651),
(94, '2023-10-18', 'havlira7', 56),
(95, '2023-10-18', 'hrachiva', 1189),
(96, '2023-10-18', 'kuzmimic', 657),
(97, '2023-10-18', 'lupisant', 1630),
(98, '2023-10-18', 'mackoja3', 31),
(99, '2023-10-18', 'malikzd1', 841),
(100, '2023-10-18', 'maskamar', 566),
(101, '2023-10-18', 'mlejnp1', 467),
(102, '2023-10-18', 'plsekja1', 300),
(103, '2023-10-18', 'postajan', 235),
(104, '2023-10-18', 'prokukri', 682),
(105, '2023-10-18', 'santijir', 650),
(106, '2023-10-18', 'sestaev1', 600),
(107, '2023-10-18', 'singeand', 0),
(108, '2023-10-18', 'solomser', 546),
(109, '2023-10-18', 'suchndan', 228),
(110, '2023-10-18', 'tonovsar', 66),
(111, '2023-10-18', 'trubinik', 62),
(112, '2023-10-18', 'vcelakj1', 500),
(113, '2023-10-18', 'vitovjan', 836),
(114, '2023-10-18', 'vodicale', 0),
(115, '2023-10-18', 'vodicvac', 1162),
(116, '2023-10-18', 'wolfp1', 257),
(117, '2023-10-18', 'zahrap10', 1327),
(118, '2023-10-18', 'zamprlib', 755),
(119, '2023-10-18', 'zelenzby', 271),
(120, '2023-10-19', 'danickar', 182),
(121, '2023-10-19', 'dostaji4', 392),
(122, '2023-10-19', 'dytrijak', 264),
(123, '2023-10-19', 'faltumar', 82),
(124, '2023-10-19', 'haberjos', 370),
(125, '2023-10-19', 'harnimic', 508),
(126, '2023-10-19', 'havlira7', 56),
(127, '2023-10-19', 'hrachiva', 1040),
(128, '2023-10-19', 'kuzmimic', 657),
(129, '2023-10-19', 'lupisant', 1630),
(130, '2023-10-19', 'mackoja3', 382),
(131, '2023-10-19', 'malikzd1', 841),
(132, '2023-10-19', 'maskamar', 417),
(133, '2023-10-19', 'mlejnp1', 467),
(134, '2023-10-19', 'plsekja1', 102),
(135, '2023-10-19', 'postajan', 235),
(136, '2023-10-19', 'prokukri', 682),
(137, '2023-10-19', 'santijir', 650),
(138, '2023-10-19', 'sestaev1', 600),
(139, '2023-10-19', 'singeand', 0),
(140, '2023-10-19', 'solomser', 397),
(141, '2023-10-19', 'suchndan', 228),
(142, '2023-10-19', 'tonovsar', 66),
(143, '2023-10-19', 'trubinik', 62),
(144, '2023-10-19', 'vaclapor', 600),
(145, '2023-10-19', 'vcelakj1', 500),
(146, '2023-10-19', 'vitovjan', 836),
(147, '2023-10-19', 'vodicale', 0),
(148, '2023-10-19', 'vodicvac', 1162),
(149, '2023-10-19', 'wolfp1', 257),
(150, '2023-10-19', 'zahrap10', 1327),
(151, '2023-10-19', 'zamprlib', 606),
(152, '2023-10-19', 'zelenzby', 271),
(153, '2023-10-20', 'danickar', 182),
(154, '2023-10-20', 'dostaji4', 392),
(155, '2023-10-20', 'dytrijak', 56),
(156, '2023-10-20', 'faltumar', 1144),
(157, '2023-10-20', 'haberjos', 370),
(158, '2023-10-20', 'harnimic', 508),
(159, '2023-10-20', 'havlira7', 56),
(160, '2023-10-20', 'hrachiva', 1040),
(161, '2023-10-20', 'kuzmimic', 657),
(162, '2023-10-20', 'lupisant', 1630),
(163, '2023-10-20', 'mackoja3', 382),
(164, '2023-10-20', 'malikzd1', 841),
(165, '2023-10-20', 'maskamar', 417),
(166, '2023-10-20', 'mlejnp1', 329),
(167, '2023-10-20', 'plsekja1', 814),
(168, '2023-10-20', 'postajan', 235),
(169, '2023-10-20', 'prokukri', 682),
(170, '2023-10-20', 'santijir', 650),
(171, '2023-10-20', 'sestaev1', 600),
(172, '2023-10-20', 'singeand', 0),
(173, '2023-10-20', 'solomser', 248),
(174, '2023-10-20', 'suchndan', 69),
(175, '2023-10-20', 'tonovsar', 66),
(176, '2023-10-20', 'trubinik', 62),
(177, '2023-10-20', 'vaclapor', 600),
(178, '2023-10-20', 'vcelakj1', 358),
(179, '2023-10-20', 'vitovjan', 836),
(180, '2023-10-20', 'vodicale', 0),
(181, '2023-10-20', 'vodicvac', 1019),
(182, '2023-10-20', 'wolfp1', 49),
(183, '2023-10-20', 'zahrap10', 1327),
(184, '2023-10-20', 'zamprlib', 606),
(185, '2023-10-20', 'zelenzby', 97),
(186, '2023-10-21', 'danickar', 182),
(187, '2023-10-21', 'dostaji4', 392),
(188, '2023-10-21', 'dytrijak', 56),
(189, '2023-10-21', 'faltumar', 1144),
(190, '2023-10-21', 'haberjos', 370),
(191, '2023-10-21', 'harnimic', 508),
(192, '2023-10-21', 'havlira7', 56),
(193, '2023-10-21', 'hrachiva', 1040),
(194, '2023-10-21', 'kuzmimic', 657),
(195, '2023-10-21', 'lupisant', 1630),
(196, '2023-10-21', 'mackoja3', 382),
(197, '2023-10-21', 'malikzd1', 841),
(198, '2023-10-21', 'maskamar', 417),
(199, '2023-10-21', 'mlejnp1', 329),
(200, '2023-10-21', 'plsekja1', 814),
(201, '2023-10-21', 'postajan', 235),
(202, '2023-10-21', 'prokukri', 682),
(203, '2023-10-21', 'santijir', 650),
(204, '2023-10-21', 'sestaev1', 600),
(205, '2023-10-21', 'singeand', 0),
(206, '2023-10-21', 'solomser', 248),
(207, '2023-10-21', 'suchndan', 69),
(208, '2023-10-21', 'tonovsar', 66),
(209, '2023-10-21', 'trubinik', 62),
(210, '2023-10-21', 'vaclapor', 600),
(211, '2023-10-21', 'vcelakj1', 358),
(212, '2023-10-21', 'vitovjan', 836),
(213, '2023-10-21', 'vodicale', 0),
(214, '2023-10-21', 'vodicvac', 1019),
(215, '2023-10-21', 'wolfp1', 49),
(216, '2023-10-21', 'zahrap10', 1327),
(217, '2023-10-21', 'zamprlib', 606),
(218, '2023-10-21', 'zelenzby', 97),
(219, '2023-10-22', 'danickar', 182),
(220, '2023-10-22', 'dostaji4', 392),
(221, '2023-10-22', 'dytrijak', 56),
(222, '2023-10-22', 'faltumar', 1144),
(223, '2023-10-22', 'haberjos', 370),
(224, '2023-10-22', 'harnimic', 508),
(225, '2023-10-22', 'havlira7', 56),
(226, '2023-10-22', 'hrachiva', 1040),
(227, '2023-10-22', 'kuzmimic', 657),
(228, '2023-10-22', 'lupisant', 1630),
(229, '2023-10-22', 'mackoja3', 382),
(230, '2023-10-22', 'malikzd1', 841),
(231, '2023-10-22', 'maskamar', 417),
(232, '2023-10-22', 'mlejnp1', 329),
(233, '2023-10-22', 'plsekja1', 814),
(234, '2023-10-22', 'postajan', 235),
(235, '2023-10-22', 'prokukri', 682),
(236, '2023-10-22', 'santijir', 650),
(237, '2023-10-22', 'sestaev1', 600),
(238, '2023-10-22', 'singeand', 0),
(239, '2023-10-22', 'solomser', 248),
(240, '2023-10-22', 'suchndan', 69),
(241, '2023-10-22', 'tonovsar', 66),
(242, '2023-10-22', 'trubinik', 62),
(243, '2023-10-22', 'vaclapor', 600),
(244, '2023-10-22', 'vcelakj1', 358),
(245, '2023-10-22', 'vitovjan', 836),
(246, '2023-10-22', 'vodicale', 0),
(247, '2023-10-22', 'vodicvac', 1019),
(248, '2023-10-22', 'wolfp1', 49),
(249, '2023-10-22', 'zahrap10', 1327),
(250, '2023-10-22', 'zamprlib', 606),
(251, '2023-10-22', 'zelenzby', 97),
(252, '2023-10-23', 'atudekar', 461),
(253, '2023-10-23', 'danickar', 33),
(254, '2023-10-23', 'divisja4', 58),
(255, '2023-10-23', 'dostaji4', 392),
(256, '2023-10-23', 'dvorakl7', 251),
(257, '2023-10-23', 'dytrijak', 1068),
(258, '2023-10-23', 'faltumar', 985),
(259, '2023-10-23', 'haberjos', 370),
(260, '2023-10-23', 'harnimic', 508),
(261, '2023-10-23', 'havlira7', 56),
(262, '2023-10-23', 'hodkojul', 664),
(263, '2023-10-23', 'holecste', 841),
(264, '2023-10-23', 'hrachiva', 1040),
(265, '2023-10-23', 'janovvit', 854),
(266, '2023-10-23', 'jararobe', 1000),
(267, '2023-10-23', 'jirkazuz', 848),
(268, '2023-10-23', 'knymarti', 840),
(269, '2023-10-23', 'kozubale', 41),
(270, '2023-10-23', 'kuzmimic', 657),
(271, '2023-10-23', 'lupisant', 3930),
(272, '2023-10-23', 'mackoja3', 382),
(273, '2023-10-23', 'maierlen', 841),
(274, '2023-10-23', 'malikzd1', 841),
(275, '2023-10-23', 'martivl6', 2000),
(276, '2023-10-23', 'maskamar', 258),
(277, '2023-10-23', 'mlejnp1', 329),
(278, '2023-10-23', 'neslamic', 360),
(279, '2023-10-23', 'plsekja1', 616),
(280, '2023-10-23', 'postajan', 235),
(281, '2023-10-23', 'prokukri', 682),
(282, '2023-10-23', 'reistkri', 852),
(283, '2023-10-23', 'santijir', 650),
(284, '2023-10-23', 'sestaev1', 600),
(285, '2023-10-23', 'singeand', 457),
(286, '2023-10-23', 'skandnik', 54),
(287, '2023-10-23', 'solomser', 945),
(288, '2023-10-23', 'suchndan', 371),
(289, '2023-10-23', 'tonovsar', 585),
(290, '2023-10-23', 'trubinik', 62),
(291, '2023-10-23', 'vaclapor', 402),
(292, '2023-10-23', 'vachato1', 0),
(293, '2023-10-23', 'vancuto4', 500),
(294, '2023-10-23', 'vcelakj1', 199),
(295, '2023-10-23', 'vitovjan', 684),
(296, '2023-10-23', 'vlachto1', 1854),
(297, '2023-10-23', 'vodicale', 0),
(298, '2023-10-23', 'vodicvac', 877),
(299, '2023-10-23', 'wolfp1', 861),
(300, '2023-10-23', 'zahrap10', 1186),
(301, '2023-10-23', 'zamprlib', 447),
(302, '2023-10-23', 'zelenzby', 2097),
(303, '2023-10-24', 'atudekar', 461),
(304, '2023-10-24', 'danickar', 33),
(305, '2023-10-24', 'divisja4', 58),
(306, '2023-10-24', 'dobialuc', 841),
(307, '2023-10-24', 'dostaji4', 392),
(308, '2023-10-24', 'dvorakl7', 127),
(309, '2023-10-24', 'dytrijak', 870),
(310, '2023-10-24', 'faltumar', 839),
(311, '2023-10-24', 'haberjos', 370),
(312, '2023-10-24', 'harnimic', 370),
(313, '2023-10-24', 'havlira7', 56),
(314, '2023-10-24', 'heckopet', 841),
(315, '2023-10-24', 'hodkojul', 664),
(316, '2023-10-24', 'holecste', 681),
(317, '2023-10-24', 'hrachiva', 1040),
(318, '2023-10-24', 'janovvit', 854),
(319, '2023-10-24', 'jararobe', 857),
(320, '2023-10-24', 'jirkazuz', 848),
(321, '2023-10-24', 'knymarti', 840),
(322, '2023-10-24', 'kozubale', 298),
(323, '2023-10-24', 'kuzmimic', 657),
(324, '2023-10-24', 'lupisant', 3771),
(325, '2023-10-24', 'mackoja3', 382),
(326, '2023-10-24', 'maierlen', 841),
(327, '2023-10-24', 'malikzd1', 841),
(328, '2023-10-24', 'martivl6', 1802),
(329, '2023-10-24', 'maskamar', 109),
(330, '2023-10-24', 'mlejnp1', 329),
(331, '2023-10-24', 'neslamic', 360),
(332, '2023-10-24', 'plsekja1', 616),
(333, '2023-10-24', 'pokornik', 430),
(334, '2023-10-24', 'postajan', 235),
(335, '2023-10-24', 'prokukri', 682),
(336, '2023-10-24', 'reistkri', 852),
(337, '2023-10-24', 'santijir', 491),
(338, '2023-10-24', 'sestaev1', 459),
(339, '2023-10-24', 'simanm11', 57),
(340, '2023-10-24', 'singeand', 287),
(341, '2023-10-24', 'skandnik', 865),
(342, '2023-10-24', 'sojkokat', 811),
(343, '2023-10-24', 'solomser', 945),
(344, '2023-10-24', 'stoladan', 1100),
(345, '2023-10-24', 'suchndan', 371),
(346, '2023-10-24', 'tonovsar', 303),
(347, '2023-10-24', 'trubinik', 62),
(348, '2023-10-24', 'vaclapor', 402),
(349, '2023-10-24', 'vachato1', 0),
(350, '2023-10-24', 'vancuto4', 357),
(351, '2023-10-24', 'vcelakj1', 160),
(352, '2023-10-24', 'vitovjan', 684),
(353, '2023-10-24', 'vlachto1', 1854),
(354, '2023-10-24', 'vodicale', 464),
(355, '2023-10-24', 'vodicvac', 877),
(356, '2023-10-24', 'wolfp1', 861),
(357, '2023-10-24', 'zahrap10', 1027),
(358, '2023-10-24', 'zamprlib', 146),
(359, '2023-10-24', 'zelenzby', 1899),
(360, '2023-10-24', 'zuzansch', 842),
(361, '2023-10-25', 'atudekar', 461),
(362, '2023-10-25', 'cvrcejir', 1856),
(363, '2023-10-25', 'danickar', 33),
(364, '2023-10-25', 'divisja4', 58),
(365, '2023-10-25', 'dobialuc', 841),
(366, '2023-10-25', 'dostaji4', 212),
(367, '2023-10-25', 'dvorakl7', 127),
(368, '2023-10-25', 'dytrijak', 682),
(369, '2023-10-25', 'faltumar', 690),
(370, '2023-10-25', 'haberjos', 370),
(371, '2023-10-25', 'harnimic', 211),
(372, '2023-10-25', 'havlira7', 56),
(373, '2023-10-25', 'heckopet', 841),
(374, '2023-10-25', 'hodkojul', 521),
(375, '2023-10-25', 'holecste', 681),
(376, '2023-10-25', 'hrachiva', 1040),
(377, '2023-10-25', 'janovvit', 854),
(378, '2023-10-25', 'jararobe', 857),
(379, '2023-10-25', 'jirkazuz', 848),
(380, '2023-10-25', 'knymarti', 680),
(381, '2023-10-25', 'kozubale', 139),
(382, '2023-10-25', 'kuzmimic', 657),
(383, '2023-10-25', 'lupisant', 3484),
(384, '2023-10-25', 'mackoja3', 382),
(385, '2023-10-25', 'maierlen', 841),
(386, '2023-10-25', 'malikzd1', 682),
(387, '2023-10-25', 'martivl6', 1802),
(388, '2023-10-25', 'maskamar', 0),
(389, '2023-10-25', 'mlejnp1', 185),
(390, '2023-10-25', 'neslamic', 360),
(391, '2023-10-25', 'plsekja1', 473),
(392, '2023-10-25', 'pokornik', 430),
(393, '2023-10-25', 'postajan', 1076),
(394, '2023-10-25', 'prokukri', 682),
(395, '2023-10-25', 'prosezde', 356),
(396, '2023-10-25', 'reistkri', 852),
(397, '2023-10-25', 'santijir', 312),
(398, '2023-10-25', 'sestaev1', 459),
(399, '2023-10-25', 'simanm11', 57),
(400, '2023-10-25', 'singeand', 98),
(401, '2023-10-25', 'skandnik', 721),
(402, '2023-10-25', 'sojkokat', 811),
(403, '2023-10-25', 'solomser', 796),
(404, '2023-10-25', 'stoladan', 959),
(405, '2023-10-25', 'suchndan', 332),
(406, '2023-10-25', 'tonovsar', 342),
(407, '2023-10-25', 'trubinik', 62),
(408, '2023-10-25', 'vaclapor', 402),
(409, '2023-10-25', 'vachato1', 0),
(410, '2023-10-25', 'vancuto4', 357),
(411, '2023-10-25', 'vcelakj1', 1),
(412, '2023-10-25', 'vitovjan', 684),
(413, '2023-10-25', 'vlachto1', 1854),
(414, '2023-10-25', 'vodicale', 464),
(415, '2023-10-25', 'vodicvac', 838),
(416, '2023-10-25', 'volflluk', 341),
(417, '2023-10-25', 'volfmar3', 802),
(418, '2023-10-25', 'wolfp1', 861),
(419, '2023-10-25', 'zahrap10', 883),
(420, '2023-10-25', 'zamprlib', 646),
(421, '2023-10-25', 'zelenzby', 1720),
(422, '2023-10-25', 'zuzansch', 842);

-- --------------------------------------------------------

--
-- Table structure for table `konto_zamestnance`
--

CREATE TABLE `konto_zamestnance` (
  `login` varchar(31) COLLATE utf8_czech_ci NOT NULL COMMENT 'PK',
  `castka` int(11) NOT NULL,
  `zmena_provedena_kdy` datetime DEFAULT NULL,
  `zmena_provedena_kym` varchar(31) COLLATE utf8_czech_ci NOT NULL DEFAULT ''
) ENGINE=InnoDB DEFAULT CHARSET=utf8 COLLATE=utf8_czech_ci;

--
-- Dumping data for table `konto_zamestnance`
--

INSERT INTO `konto_zamestnance` (`login`, `castka`, `zmena_provedena_kdy`, `zmena_provedena_kym`) VALUES
('atudekar', 461, '2023-10-23 10:13:10', 'singeand'),
('cvrcejir', 1856, '2023-10-25 09:47:28', 'singeand'),
('danickar', 33, '2023-10-23 10:13:10', 'singeand'),
('divisja4', 58, '2023-10-23 09:44:54', 'singeand'),
('dobialuc', 841, '2023-10-24 10:19:13', 'singeand'),
('dostaji4', 212, '2023-10-25 09:47:28', 'singeand'),
('dvorakl7', 127, '2023-10-24 09:38:42', 'singeand'),
('dytrijak', 484, '2023-10-26 10:10:40', 'singeand'),
('faltumar', 551, '2023-10-26 09:39:02', 'singeand'),
('haberjos', 370, '2023-10-12 10:14:50', 'singeand'),
('harnimic', 211, '2023-10-25 10:15:01', 'singeand'),
('havlira7', 56, '2023-10-16 10:08:03', 'singeand'),
('heckopet', 841, '2023-10-24 10:19:13', 'singeand'),
('hodkojul', 521, '2023-10-25 09:47:28', 'singeand'),
('holecste', 681, '2023-10-24 10:32:03', 'singeand'),
('hrachiva', 896, '2023-10-26 09:39:02', 'singeand'),
('janovvit', 854, '2023-10-23 09:44:54', 'singeand'),
('jararobe', 857, '2023-10-24 09:38:45', 'singeand'),
('jirkazuz', 708, '2023-10-26 09:40:05', 'singeand'),
('knymarti', 680, '2023-10-25 09:15:07', 'singeand'),
('kozubale', 139, '2023-10-25 10:15:01', 'singeand'),
('kuzmimic', 657, '2023-10-04 09:52:02', 'singeand'),
('kynclmag', 257, '2023-10-26 09:40:05', 'singeand'),
('lupisant', 3098, '2023-10-26 10:10:40', 'singeand'),
('mackoja3', 213, '2023-10-26 10:10:40', 'singeand'),
('maierlen', 841, '2023-10-23 10:13:10', 'singeand'),
('malikzd1', 682, '2023-10-25 10:15:01', 'singeand'),
('martivl6', 1802, '2023-10-24 10:19:13', 'singeand'),
('maskamar', 3000, '2023-10-26 09:52:53', 'singeand'),
('mlejnp1', 185, '2023-10-25 09:47:28', 'singeand'),
('neslamic', 360, '2023-10-23 09:44:54', 'singeand'),
('plsekja1', 275, '2023-10-26 10:10:40', 'singeand'),
('pokornik', 290, '2023-10-26 09:40:05', 'singeand'),
('postajan', 917, '2023-10-26 10:35:40', 'singeand'),
('prokukri', 682, '2023-10-18 10:07:08', 'plsekja1'),
('prosezde', 356, '2023-10-25 09:47:28', 'singeand'),
('reistkri', 712, '2023-10-26 09:40:05', 'singeand'),
('santijir', 312, '2023-10-25 09:47:28', 'singeand'),
('sestaev1', 403, '2023-10-26 09:39:02', 'singeand'),
('shemevia', 41, '2023-10-26 10:10:40', 'singeand'),
('simanm11', 57, '2023-10-24 09:38:45', 'singeand'),
('singeand', 198, '2023-10-26 10:30:31', 'singeand'),
('skandnik', 532, '2023-10-26 10:10:40', 'singeand'),
('sojkokat', 811, '2023-10-24 10:19:13', 'singeand'),
('solomser', 651, '2023-10-26 09:39:02', 'singeand'),
('stoladan', 816, '2023-10-26 09:40:05', 'singeand'),
('suchndan', 134, '2023-10-26 10:10:40', 'singeand'),
('tonovsar', 201, '2023-10-26 09:39:02', 'singeand'),
('trubinik', 62, '2023-10-12 09:38:56', 'singeand'),
('vaclapor', 402, '2023-10-23 10:13:10', 'singeand'),
('vachato1', 0, '2023-10-23 09:17:03', 'singeand'),
('vancuto4', 357, '2023-10-24 09:38:45', 'singeand'),
('vcelakj1', 842, '2023-10-26 10:34:29', 'singeand'),
('velebluk', 1792, '2023-10-26 10:10:40', 'singeand'),
('vitovjan', 525, '2023-10-26 10:10:40', 'singeand'),
('vlachto1', 1710, '2023-10-26 09:39:02', 'singeand'),
('vodicale', 305, '2023-10-26 10:10:40', 'singeand'),
('vodicvac', 838, '2023-10-25 10:15:01', 'singeand'),
('volflluk', 341, '2023-10-25 10:15:01', 'singeand'),
('volfmar3', 802, '2023-10-25 10:15:01', 'singeand'),
('wolfp1', 663, '2023-10-26 10:10:40', 'singeand'),
('zahrap10', 883, '2023-10-25 09:47:28', 'singeand'),
('zamprlib', 503, '2023-10-26 09:40:05', 'singeand'),
('zelenzby', 1684, '2023-10-26 09:39:02', 'singeand'),
('zuzansch', 842, '2023-10-24 09:38:45', 'singeand');

-- --------------------------------------------------------

--
-- Table structure for table `objednana_jidla`
--

CREATE TABLE `objednana_jidla` (
  `id` int(11) NOT NULL,
  `datum` date DEFAULT NULL COMMENT 'na který den je jídlo objednáno',
  `login` varchar(31) COLLATE utf8_czech_ci NOT NULL DEFAULT '' COMMENT 'pro koho je jídlo objednáno',
  `id_restaurace` int(11) NOT NULL DEFAULT 0 COMMENT 'z jaké restaurace je jídlo objednáno',
  `id_jidla` varchar(15) COLLATE utf8_czech_ci NOT NULL COMMENT 'jaké jídlo z dané restaurace je objednáno(hodnota musí být shodná s názvem jednoho ze sloupců v tab.jidelni_listky',
  `id_jidelniho_listku` int(11) DEFAULT 0 COMMENT 'id jidelniho listku v tab.jidelni_listky dle ktereho byla objednavka uskutecnena',
  `jiz_objednano` tinyint(4) NOT NULL DEFAULT 0 COMMENT '0=jídlo ještě nebylo objednáno, ani odečteno z konta zaměstnance; 1=jídlo již bylo objednáno a odečteno z kopnta zaměstnance',
  `objednano_kdy` datetime DEFAULT NULL,
  `objednano_kym` varchar(31) COLLATE utf8_czech_ci NOT NULL DEFAULT ''
) ENGINE=InnoDB DEFAULT CHARSET=utf8 COLLATE=utf8_czech_ci COMMENT='obsahuje jidla, která si na daný den,dotyční prac. objednali';

--
-- Dumping data for table `objednana_jidla`
--

INSERT INTO `objednana_jidla` (`id`, `datum`, `login`, `id_restaurace`, `id_jidla`, `id_jidelniho_listku`, `jiz_objednano`, `objednano_kdy`, `objednano_kym`) VALUES
(4, '2023-10-02', 'singeand', 3, 'polevka1', 4, 1, '2023-10-02 14:09:27', 'singeand'),
(5, '2023-10-02', 'singeand', 3, 'jidlo3', 4, 1, '2023-10-02 14:09:27', 'singeand'),
(7, '2023-10-04', 'dytrijak', 1, 'polevka1', 5, 1, '2023-10-04 08:26:35', 'dytrijak'),
(8, '2023-10-04', 'dytrijak', 1, 'jidlo5', 5, 1, '2023-10-04 08:26:35', 'dytrijak'),
(9, '2023-10-04', 'mlejnp1', 3, 'jidlo4', 7, 1, '2023-10-04 08:29:05', 'mlejnp1'),
(13, '2023-10-04', 'tonovsar', 3, 'jidlo4', 7, 1, '2023-10-04 08:51:10', 'tonovsar'),
(14, '2023-10-04', 'tonovsar', 3, 'jidlo5', 7, 1, '2023-10-04 08:51:10', 'tonovsar'),
(16, '2023-10-04', 'zelenzby', 1, 'polevka2', 5, 1, '2023-10-04 08:56:16', 'zelenzby'),
(17, '2023-10-04', 'zelenzby', 1, 'jidlo2', 5, 1, '2023-10-04 08:56:16', 'zelenzby'),
(20, '2023-10-04', 'zahrap10', 1, 'jidlo3', 5, 1, '2023-10-04 09:15:11', 'zahrap10'),
(22, '2023-10-04', 'havlira7', 5, 'jidlo2', 6, 1, '2023-10-04 09:35:15', 'havlira7'),
(23, '2023-10-04', 'maskamar', 1, 'jidlo4', 5, 1, '2023-10-04 10:01:49', 'maskamar'),
(48, '2023-10-05', 'dytrijak', 1, 'polevka1', 15, 1, '2023-10-05 09:00:10', 'dytrijak'),
(49, '2023-10-05', 'dytrijak', 1, 'jidlo7', 15, 1, '2023-10-05 09:00:10', 'dytrijak'),
(50, '2023-10-05', 'zamprlib', 5, 'jidlo3', 13, 1, '2023-10-05 09:01:28', 'zamprlib'),
(51, '2023-10-05', 'harnimic', 1, 'jidlo5', 15, 1, '2023-10-05 09:10:54', 'harnimic'),
(52, '2023-10-05', 'zelenzby', 3, 'polevka1', 14, 1, '2023-10-05 09:16:01', 'zelenzby'),
(53, '2023-10-05', 'maskamar', 1, 'jidlo5', 15, 1, '2023-10-05 09:43:37', 'maskamar'),
(68, '2023-10-06', 'zelenzby', 1, 'polevka2', 18, 1, '2023-10-06 08:17:03', 'zelenzby'),
(69, '2023-10-06', 'zelenzby', 1, 'jidlo1', 18, 1, '2023-10-06 08:17:03', 'zelenzby'),
(70, '2023-10-06', 'vodicvac', 3, 'polevka1', 16, 1, '2023-10-06 08:19:06', 'vodicvac'),
(71, '2023-10-06', 'vodicvac', 3, 'jidlo7', 16, 1, '2023-10-06 08:19:06', 'vodicvac'),
(72, '2023-10-06', 'mlejnp1', 1, 'jidlo6', 18, 1, '2023-10-06 08:30:39', 'mlejnp1'),
(74, '2023-10-06', 'postajan', 1, 'jidlo4', 18, 1, '2023-10-06 08:51:13', 'postajan'),
(76, '2023-10-06', 'faltumar', 1, 'jidlo6', 18, 1, '2023-10-06 08:51:49', 'faltumar'),
(78, '2023-10-06', 'tonovsar', 3, 'jidlo2', 16, 1, '2023-10-06 09:04:22', 'tonovsar'),
(79, '2023-10-06', 'tonovsar', 3, 'jidlo5', 16, 1, '2023-10-06 09:04:22', 'tonovsar'),
(81, '2023-10-06', 'haberjos', 5, 'jidlo1', 17, 1, '2023-10-06 09:37:33', 'haberjos'),
(83, '2023-10-06', 'plsekja1', 1, 'polevka1', 18, 1, '2023-10-06 09:48:27', 'plsekja1'),
(84, '2023-10-06', 'plsekja1', 1, 'jidlo4', 18, 1, '2023-10-06 09:48:27', 'plsekja1'),
(86, '2023-10-06', 'harnimic', 1, 'jidlo6', 18, 1, '2023-10-06 09:53:20', 'harnimic'),
(92, '2023-10-06', 'maskamar', 1, 'jidlo2', 18, 1, '2023-10-06 09:54:59', 'maskamar'),
(94, '2023-10-09', 'tonovsar', 3, 'polevka1', 21, 1, '2023-10-09 08:22:35', 'tonovsar'),
(95, '2023-10-09', 'tonovsar', 3, 'jidlo2', 21, 1, '2023-10-09 08:22:35', 'tonovsar'),
(96, '2023-10-09', 'zamprlib', 1, 'jidlo3', 19, 1, '2023-10-09 08:26:10', 'zamprlib'),
(97, '2023-10-09', 'mlejnp1', 3, 'jidlo4', 21, 1, '2023-10-09 08:32:44', 'mlejnp1'),
(102, '2023-10-09', 'haberjos', 5, 'jidlo2', 20, 1, '2023-10-09 08:49:51', 'haberjos'),
(104, '2023-10-09', 'plsekja1', 1, 'polevka1', 19, 1, '2023-10-09 08:51:59', 'plsekja1'),
(105, '2023-10-09', 'plsekja1', 1, 'jidlo3', 19, 1, '2023-10-09 08:51:59', 'plsekja1'),
(107, '2023-10-09', 'zahrap10', 3, 'polevka1', 21, 1, '2023-10-09 08:53:05', 'zahrap10'),
(108, '2023-10-09', 'zahrap10', 3, 'jidlo9', 21, 1, '2023-10-09 08:53:05', 'zahrap10'),
(110, '2023-10-09', 'zelenzby', 3, 'polevka1', 21, 1, '2023-10-09 09:01:48', 'zelenzby'),
(111, '2023-10-09', 'zelenzby', 3, 'jidlo5', 21, 1, '2023-10-09 09:01:48', 'zelenzby'),
(112, '2023-10-09', 'postajan', 1, 'jidlo5', 19, 1, '2023-10-09 09:05:25', 'postajan'),
(115, '2023-10-09', 'dostaji4', 3, 'polevka1', 21, 1, '2023-10-09 09:16:23', 'dostaji4'),
(116, '2023-10-09', 'dostaji4', 3, 'jidlo4', 21, 1, '2023-10-09 09:16:23', 'dostaji4'),
(117, '2023-10-09', 'wolfp1', 1, 'jidlo5', 19, 1, '2023-10-09 09:18:16', 'wolfp1'),
(118, '2023-10-09', 'wolfp1', 3, 'polevka1', 21, 1, '2023-10-09 09:21:11', 'wolfp1'),
(119, '2023-10-09', 'lupisant', 5, 'jidlo2', 20, 1, '2023-10-09 09:31:34', 'lupisant'),
(120, '2023-10-09', 'solomser', 1, 'jidlo6', 19, 1, '2023-10-09 09:59:56', 'solomser'),
(121, '2023-10-10', 'zamprlib', 1, 'jidlo3', 23, 1, '2023-10-10 08:20:38', 'zamprlib'),
(122, '2023-10-10', 'faltumar', 1, 'jidlo4', 23, 1, '2023-10-10 08:47:19', 'faltumar'),
(127, '2023-10-10', 'dostaji4', 3, 'polevka1', 24, 1, '2023-10-10 09:01:27', 'dostaji4'),
(129, '2023-10-10', 'vodicvac', 1, 'jidlo2', 23, 1, '2023-10-10 09:12:17', 'vodicvac'),
(130, '2023-10-10', 'vodicvac', 1, 'jidlo5', 23, 1, '2023-10-10 09:12:17', 'vodicvac'),
(133, '2023-10-10', 'zelenzby', 1, 'polevka2', 23, 1, '2023-10-10 09:37:19', 'zelenzby'),
(134, '2023-10-10', 'zelenzby', 1, 'jidlo3', 23, 1, '2023-10-10 09:37:19', 'zelenzby'),
(135, '2023-10-10', 'solomser', 1, 'jidlo5', 23, 1, '2023-10-10 09:51:16', 'solomser'),
(137, '2023-10-10', 'wolfp1', 1, 'polevka1', 23, 1, '2023-10-10 10:00:56', 'wolfp1'),
(138, '2023-10-10', 'wolfp1', 1, 'jidlo4', 23, 1, '2023-10-10 10:00:56', 'wolfp1'),
(139, '2023-10-11', 'harnimic', 5, 'jidlo4', 29, 1, '2023-10-11 08:56:01', 'harnimic'),
(140, '2023-10-11', 'haberjos', 5, 'jidlo1', 29, 1, '2023-10-11 08:56:16', 'haberjos'),
(142, '2023-10-11', 'zelenzby', 1, 'polevka2', 32, 1, '2023-10-11 09:08:45', 'zelenzby'),
(143, '2023-10-11', 'zelenzby', 1, 'jidlo6', 32, 1, '2023-10-11 09:08:45', 'zelenzby'),
(144, '2023-10-11', 'zelenzby', 3, 'polevka1', 30, 1, '2023-10-11 09:09:02', 'zelenzby'),
(145, '2023-10-11', 'faltumar', 5, 'jidlo1', 29, 1, '2023-10-11 09:09:49', 'faltumar'),
(146, '2023-10-11', 'vodicvac', 1, 'jidlo2', 32, 1, '2023-10-11 09:10:01', 'vodicvac'),
(147, '2023-10-11', 'havlira7', 5, 'jidlo2', 29, 1, '2023-10-11 09:16:21', 'havlira7'),
(148, '2023-10-11', 'malikzd1', 1, 'jidlo3', 32, 1, '2023-10-11 09:17:55', 'malikzd1'),
(149, '2023-10-11', 'mlejnp1', 1, 'jidlo6', 32, 1, '2023-10-11 09:51:21', 'mlejnp1'),
(150, '2023-10-11', 'solomser', 1, 'jidlo5', 32, 1, '2023-10-11 09:56:42', 'solomser'),
(151, '2023-10-11', 'plsekja1', 1, 'jidlo6', 32, 1, '2023-10-11 10:00:20', 'plsekja1'),
(152, '2023-10-12', 'wolfp1', 3, 'jidlo5', 35, 1, '2023-10-12 08:34:53', 'wolfp1'),
(153, '2023-10-12', 'wolfp1', 1, 'polevka2', 33, 1, '2023-10-12 08:35:00', 'wolfp1'),
(155, '2023-10-12', 'mackoja3', 1, 'jidlo4', 33, 1, '2023-10-12 08:39:16', 'mackoja3'),
(156, '2023-10-12', 'lupisant', 1, 'jidlo3', 33, 1, '2023-10-12 08:41:01', 'lupisant'),
(158, '2023-10-12', 'dostaji4', 1, 'polevka1', 33, 1, '2023-10-12 08:41:35', 'dostaji4'),
(159, '2023-10-12', 'dostaji4', 1, 'jidlo2', 33, 1, '2023-10-12 08:41:35', 'dostaji4'),
(160, '2023-10-12', 'harnimic', 1, 'jidlo6', 33, 1, '2023-10-12 08:45:42', 'harnimic'),
(161, '2023-10-12', 'faltumar', 5, 'jidlo5_b', 34, 1, '2023-10-12 08:49:21', 'faltumar'),
(162, '2023-10-12', 'postajan', 1, 'jidlo2', 33, 1, '2023-10-12 08:55:28', 'postajan'),
(164, '2023-10-12', 'suchndan', 1, 'polevka2', 33, 1, '2023-10-12 09:03:04', 'suchndan'),
(165, '2023-10-12', 'suchndan', 1, 'jidlo5', 33, 1, '2023-10-12 09:03:04', 'suchndan'),
(166, '2023-10-12', 'vodicvac', 1, 'polevka2', 33, 1, '2023-10-12 09:10:44', 'vodicvac'),
(167, '2023-10-12', 'zamprlib', 1, 'jidlo5', 33, 1, '2023-10-12 09:10:52', 'zamprlib'),
(170, '2023-10-12', 'zelenzby', 3, 'polevka1', 35, 1, '2023-10-12 09:13:12', 'zelenzby'),
(171, '2023-10-12', 'zelenzby', 3, 'jidlo6', 35, 1, '2023-10-12 09:13:12', 'zelenzby'),
(172, '2023-10-12', 'santijir', 3, 'jidlo5', 35, 1, '2023-10-12 09:23:08', 'santijir'),
(173, '2023-10-12', 'plsekja1', 1, 'jidlo6', 33, 1, '2023-10-12 09:28:05', 'plsekja1'),
(174, '2023-10-12', 'trubinik', 3, 'jidlo4', 35, 1, '2023-10-12 09:28:23', 'trubinik'),
(175, '2023-10-12', 'haberjos', 1, 'jidlo4', 33, 1, '2023-10-12 09:52:23', 'haberjos'),
(193, '2023-10-16', 'hrachiva', 3, 'jidlo2', 40, 1, '2023-10-16 07:51:24', 'hrachiva'),
(195, '2023-10-16', 'dytrijak', 1, 'polevka2', 53, 1, '2023-10-16 08:46:25', 'dytrijak'),
(196, '2023-10-16', 'dytrijak', 1, 'jidlo7', 53, 1, '2023-10-16 08:46:25', 'dytrijak'),
(197, '2023-10-16', 'wolfp1', 1, 'polevka1', 53, 1, '2023-10-16 08:53:09', 'wolfp1'),
(198, '2023-10-16', 'wolfp1', 3, 'jidlo1', 40, 1, '2023-10-16 08:54:03', 'wolfp1'),
(199, '2023-10-16', 'zamprlib', 1, 'jidlo5', 53, 1, '2023-10-16 09:04:53', 'zamprlib'),
(200, '2023-10-16', 'faltumar', 5, 'jidlo6', 54, 1, '2023-10-16 09:07:51', 'faltumar'),
(201, '2023-10-16', 'harnimic', 1, 'jidlo2', 53, 1, '2023-10-16 09:08:14', 'harnimic'),
(202, '2023-10-16', 'zahrap10', 3, 'jidlo5', 40, 1, '2023-10-16 09:11:06', 'zahrap10'),
(205, '2023-10-16', 'vodicvac', 5, 'jidlo1', 54, 1, '2023-10-16 09:15:40', 'vodicvac'),
(207, '2023-10-16', 'solomser', 3, 'jidlo6', 40, 1, '2023-10-16 09:16:28', 'solomser'),
(209, '2023-10-16', 'dostaji4', 1, 'polevka2', 53, 1, '2023-10-16 09:29:54', 'dostaji4'),
(210, '2023-10-16', 'dostaji4', 1, 'jidlo3', 53, 1, '2023-10-16 09:29:54', 'dostaji4'),
(211, '2023-10-16', 'mlejnp1', 1, 'jidlo6', 53, 1, '2023-10-16 09:44:53', 'mlejnp1'),
(212, '2023-10-16', 'maskamar', 1, 'jidlo6', 53, 1, '2023-10-16 09:45:30', 'maskamar'),
(213, '2023-10-16', 'havlira7', 1, 'jidlo2', 53, 1, '2023-10-16 09:47:25', 'havlira7'),
(215, '2023-10-17', 'suchndan', 1, 'polevka2', 55, 1, '2023-10-17 08:26:22', 'suchndan'),
(216, '2023-10-17', 'suchndan', 1, 'jidlo7', 55, 1, '2023-10-17 08:26:22', 'suchndan'),
(218, '2023-10-17', 'dytrijak', 1, 'polevka1', 55, 1, '2023-10-17 08:28:32', 'dytrijak'),
(219, '2023-10-17', 'dytrijak', 1, 'jidlo5', 55, 1, '2023-10-17 08:28:32', 'dytrijak'),
(220, '2023-10-17', 'zelenzby', 1, 'polevka1', 55, 1, '2023-10-17 08:31:49', 'zelenzby'),
(222, '2023-10-17', 'santijir', 1, 'polevka2', 55, 1, '2023-10-17 08:39:07', 'santijir'),
(223, '2023-10-17', 'santijir', 1, 'jidlo4', 55, 1, '2023-10-17 08:39:07', 'santijir'),
(224, '2023-10-17', 'danickar', 1, 'jidlo5', 55, 1, '2023-10-17 08:43:57', 'danickar'),
(225, '2023-10-17', 'vodicale', 1, 'jidlo2', 55, 1, '2023-10-17 08:59:51', 'vodicale'),
(226, '2023-10-17', 'harnimic', 1, 'jidlo5', 55, 1, '2023-10-17 09:00:32', 'harnimic'),
(227, '2023-10-17', 'vodicvac', 5, 'jidlo3', 57, 1, '2023-10-17 09:05:48', 'vodicvac'),
(228, '2023-10-17', 'postajan', 1, 'jidlo2', 55, 1, '2023-10-17 09:06:56', 'postajan'),
(229, '2023-10-17', 'zahrap10', 5, 'jidlo7', 57, 1, '2023-10-17 09:19:20', 'zahrap10'),
(230, '2023-10-17', 'zahrap10', 3, 'jidlo4', 41, 1, '2023-10-17 09:19:28', 'zahrap10'),
(232, '2023-10-17', 'faltumar', 1, 'jidlo3', 55, 1, '2023-10-17 09:25:26', 'faltumar'),
(234, '2023-10-17', 'plsekja1', 1, 'polevka3', 55, 1, '2023-10-17 09:29:51', 'plsekja1'),
(235, '2023-10-17', 'plsekja1', 1, 'jidlo4', 55, 1, '2023-10-17 09:29:51', 'plsekja1'),
(236, '2023-10-17', 'prokukri', 1, 'jidlo4', 55, 1, '2023-10-17 09:31:27', 'prokukri'),
(237, '2023-10-17', 'maskamar', 1, 'jidlo7', 55, 1, '2023-10-17 09:43:24', 'maskamar'),
(238, '2023-10-17', 'solomser', 1, 'jidlo7', 55, 1, '2023-10-17 09:47:07', 'solomser'),
(240, '2023-10-18', 'mlejnp1', 3, 'jidlo1', 42, 1, '2023-10-18 07:46:35', 'mlejnp1'),
(242, '2023-10-18', 'plsekja1', 1, 'polevka1', 61, 1, '2023-10-18 07:48:05', 'plsekja1'),
(243, '2023-10-18', 'plsekja1', 1, 'jidlo2', 61, 1, '2023-10-18 07:48:05', 'plsekja1'),
(244, '2023-10-18', 'vodicale', 1, 'jidlo5', 61, 1, '2023-10-18 08:21:04', 'vodicale'),
(245, '2023-10-18', 'faltumar', 5, 'jidlo1', 60, 1, '2023-10-18 08:24:25', 'faltumar'),
(247, '2023-10-18', 'zamprlib', 1, 'jidlo6', 61, 1, '2023-10-18 08:42:48', 'zamprlib'),
(248, '2023-10-18', 'vitovjan', 5, 'jidlo3', 60, 1, '2023-10-18 09:11:37', 'vitovjan'),
(253, '2023-10-18', 'maskamar', 1, 'jidlo7', 61, 1, '2023-10-18 09:23:35', 'maskamar'),
(255, '2023-10-18', 'suchndan', 1, 'polevka1', 61, 1, '2023-10-18 09:25:32', 'suchndan'),
(256, '2023-10-18', 'suchndan', 1, 'jidlo2', 61, 1, '2023-10-18 09:25:32', 'suchndan'),
(257, '2023-10-18', 'solomser', 1, 'jidlo7', 61, 1, '2023-10-18 09:37:17', 'solomser'),
(258, '2023-10-18', 'prokukri', 1, 'jidlo4', 61, 1, '2023-10-18 09:52:16', 'prokukri'),
(260, '2023-10-18', 'dytrijak', 1, 'polevka1', 61, 1, '2023-10-18 10:03:25', 'dytrijak'),
(261, '2023-10-18', 'dytrijak', 1, 'jidlo6', 61, 1, '2023-10-18 10:03:25', 'dytrijak'),
(263, '2023-10-19', 'plsekja1', 1, 'polevka1', 62, 1, '2023-10-19 08:19:32', 'plsekja1'),
(264, '2023-10-19', 'plsekja1', 1, 'jidlo3', 62, 1, '2023-10-19 08:19:32', 'plsekja1'),
(265, '2023-10-19', 'mackoja3', 1, 'jidlo7', 62, 1, '2023-10-19 08:36:53', 'mackoja3'),
(267, '2023-10-19', 'dytrijak', 1, 'polevka1', 62, 1, '2023-10-19 08:40:16', 'dytrijak'),
(268, '2023-10-19', 'dytrijak', 1, 'jidlo2', 62, 1, '2023-10-19 08:40:16', 'dytrijak'),
(269, '2023-10-19', 'harnimic', 5, 'jidlo5_b', 63, 1, '2023-10-19 08:43:36', 'harnimic'),
(270, '2023-10-19', 'zamprlib', 1, 'jidlo2', 62, 1, '2023-10-19 08:46:53', 'zamprlib'),
(271, '2023-10-19', 'faltumar', 5, 'jidlo1', 63, 1, '2023-10-19 08:47:15', 'faltumar'),
(273, '2023-10-19', 'hrachiva', 1, 'jidlo7', 62, 1, '2023-10-19 09:12:10', 'hrachiva'),
(274, '2023-10-19', 'solomser', 1, 'jidlo2', 62, 1, '2023-10-19 09:51:36', 'solomser'),
(276, '2023-10-19', 'maskamar', 1, 'jidlo6', 62, 1, '2023-10-19 09:57:35', 'maskamar'),
(277, '2023-10-20', 'mlejnp1', 3, 'jidlo2', 46, 1, '2023-10-20 08:24:56', 'mlejnp1'),
(278, '2023-10-20', 'suchndan', 1, 'jidlo5', 66, 1, '2023-10-20 08:39:48', 'suchndan'),
(280, '2023-10-20', 'zelenzby', 3, 'polevka1', 46, 1, '2023-10-20 08:41:31', 'zelenzby'),
(281, '2023-10-20', 'zelenzby', 3, 'jidlo2', 46, 1, '2023-10-20 08:41:31', 'zelenzby'),
(282, '2023-10-20', 'vodicvac', 5, 'jidlo3', 65, 1, '2023-10-20 08:41:56', 'vodicvac'),
(283, '2023-10-20', 'vcelakj1', 3, 'jidlo5', 46, 1, '2023-10-20 08:45:21', 'vcelakj1'),
(285, '2023-10-20', 'wolfp1', 1, 'polevka1', 66, 1, '2023-10-20 08:48:50', 'wolfp1'),
(286, '2023-10-20', 'wolfp1', 1, 'jidlo7', 66, 1, '2023-10-20 08:48:50', 'wolfp1'),
(287, '2023-10-20', 'faltumar', 3, 'jidlo2', 46, 1, '2023-10-20 09:14:05', 'faltumar'),
(289, '2023-10-20', 'plsekja1', 1, 'polevka3', 66, 1, '2023-10-20 09:31:45', 'plsekja1'),
(290, '2023-10-20', 'plsekja1', 1, 'jidlo2', 66, 1, '2023-10-20 09:31:45', 'plsekja1'),
(292, '2023-10-20', 'dytrijak', 1, 'polevka1', 66, 1, '2023-10-20 10:01:57', 'dytrijak'),
(293, '2023-10-20', 'dytrijak', 1, 'jidlo7', 66, 1, '2023-10-20 10:01:57', 'dytrijak'),
(294, '2023-10-20', 'solomser', 1, 'jidlo2', 66, 1, '2023-10-20 10:07:19', 'solomser'),
(295, '2023-10-23', 'zamprlib', 1, 'jidlo5', 73, 1, '2023-10-23 08:03:36', 'zamprlib'),
(296, '2023-10-23', 'janovvit', 3, 'jidlo4', 67, 1, '2023-10-23 08:12:58', 'janovvit'),
(297, '2023-10-23', 'danickar', 1, 'jidlo7', 73, 1, '2023-10-23 08:13:51', 'danickar'),
(298, '2023-10-23', 'holecste', 1, 'jidlo4', 73, 1, '2023-10-23 08:25:12', 'holecste'),
(300, '2023-10-23', 'vaclapor', 1, 'polevka1', 73, 1, '2023-10-23 08:37:24', 'vaclapor'),
(301, '2023-10-23', 'vaclapor', 1, 'jidlo1', 73, 1, '2023-10-23 08:37:24', 'vaclapor'),
(303, '2023-10-23', 'dytrijak', 1, 'polevka2', 73, 1, '2023-10-23 08:40:27', 'dytrijak'),
(304, '2023-10-23', 'dytrijak', 1, 'jidlo3', 73, 1, '2023-10-23 08:40:27', 'dytrijak'),
(306, '2023-10-23', 'plsekja1', 1, 'polevka1', 73, 1, '2023-10-23 08:49:40', 'plsekja1'),
(307, '2023-10-23', 'plsekja1', 1, 'jidlo4', 73, 1, '2023-10-23 08:49:40', 'plsekja1'),
(308, '2023-10-23', 'faltumar', 1, 'jidlo4', 73, 1, '2023-10-23 08:56:43', 'faltumar'),
(309, '2023-10-23', 'reistkri', 5, 'jidlo1', 72, 1, '2023-10-23 08:56:55', 'reistkri'),
(311, '2023-10-23', 'tonovsar', 1, 'polevka2', 73, 1, '2023-10-23 09:03:12', 'tonovsar'),
(312, '2023-10-23', 'tonovsar', 3, 'jidlo6', 67, 1, '2023-10-23 09:03:23', 'tonovsar'),
(313, '2023-10-23', 'vcelakj1', 1, 'jidlo5', 73, 1, '2023-10-23 09:04:35', 'vcelakj1'),
(314, '2023-10-23', 'atudekar', 1, 'polevka2', 73, 1, '2023-10-23 09:05:23', 'atudekar'),
(315, '2023-10-23', 'vodicvac', 3, 'jidlo3', 67, 1, '2023-10-23 09:11:00', 'vodicvac'),
(316, '2023-10-23', 'divisja4', 3, 'jidlo3', 67, 1, '2023-10-23 09:11:39', 'divisja4'),
(317, '2023-10-23', 'hodkojul', 3, 'polevka1', 67, 1, '2023-10-23 09:17:00', 'hodkojul'),
(318, '2023-10-23', 'vlachto1', 3, 'jidlo4', 67, 1, '2023-10-23 09:21:27', 'vlachto1'),
(322, '2023-10-23', 'zahrap10', 3, 'jidlo7', 67, 1, '2023-10-23 09:21:45', 'zahrap10'),
(323, '2023-10-23', 'skandnik', 3, 'jidlo4', 67, 1, '2023-10-23 09:23:41', 'skandnik'),
(324, '2023-10-23', 'vitovjan', 5, 'jidlo2', 72, 1, '2023-10-23 09:25:44', 'vitovjan'),
(325, '2023-10-23', 'jirkazuz', 5, 'jidlo2', 72, 1, '2023-10-23 09:28:22', 'jirkazuz'),
(326, '2023-10-23', 'solomser', 1, 'jidlo5', 73, 1, '2023-10-23 09:33:21', 'solomser'),
(327, '2023-10-23', 'dvorakl7', 1, 'jidlo7', 73, 1, '2023-10-23 09:36:20', 'dvorakl7'),
(328, '2023-10-23', 'singeand', 5, 'jidlo3', 72, 1, '2023-10-23 09:39:15', 'singeand'),
(329, '2023-10-23', 'neslamic', 3, 'jidlo5', 67, 1, '2023-10-23 09:43:41', 'neslamic'),
(331, '2023-10-23', 'suchndan', 1, 'polevka2', 73, 1, '2023-10-23 09:54:06', 'suchndan'),
(332, '2023-10-23', 'suchndan', 1, 'jidlo6', 73, 1, '2023-10-23 09:54:06', 'suchndan'),
(333, '2023-10-23', 'kozubale', 1, 'jidlo2', 73, 1, '2023-10-23 10:01:45', 'kozubale'),
(336, '2023-10-23', 'maierlen', 1, 'jidlo6', 73, 1, '2023-10-23 10:02:19', 'maierlen'),
(337, '2023-10-23', 'wolfp1', 1, 'polevka1', 73, 1, '2023-10-23 10:02:25', 'wolfp1'),
(338, '2023-10-23', 'wolfp1', 1, 'jidlo3', 73, 1, '2023-10-23 10:02:25', 'wolfp1'),
(342, '2023-10-23', 'maskamar', 1, 'jidlo5', 73, 1, '2023-10-23 10:04:16', 'maskamar'),
(343, '2023-10-24', 'vodicale', 3, 'polevka1', 68, 1, '2023-10-24 07:59:48', 'vodicale'),
(345, '2023-10-24', 'dytrijak', 1, 'polevka2', 79, 1, '2023-10-24 08:05:19', 'dytrijak'),
(346, '2023-10-24', 'dytrijak', 1, 'jidlo6', 79, 1, '2023-10-24 08:05:19', 'dytrijak'),
(347, '2023-10-24', 'zamprlib', 1, 'jidlo2', 79, 1, '2023-10-24 08:10:11', 'zamprlib'),
(348, '2023-10-24', 'zamprlib', 3, 'jidlo1', 68, 1, '2023-10-24 08:11:26', 'zamprlib'),
(349, '2023-10-24', 'santijir', 1, 'jidlo3', 79, 1, '2023-10-24 08:19:09', 'santijir'),
(350, '2023-10-24', 'simanm11', 5, 'jidlo5_b', 74, 1, '2023-10-24 08:27:56', 'simanm11'),
(351, '2023-10-24', 'sestaev1', 3, 'jidlo7', 68, 1, '2023-10-24 08:28:56', 'sestaev1'),
(352, '2023-10-24', 'heckopet', 1, 'jidlo6', 79, 1, '2023-10-24 08:31:02', 'heckopet'),
(354, '2023-10-24', 'tonovsar', 3, 'jidlo2', 68, 1, '2023-10-24 08:36:38', 'tonovsar'),
(355, '2023-10-24', 'tonovsar', 3, 'jidlo6', 68, 1, '2023-10-24 08:36:38', 'tonovsar'),
(356, '2023-10-24', 'jararobe', 5, 'jidlo3', 74, 1, '2023-10-24 08:37:09', 'jararobe'),
(357, '2023-10-24', 'kozubale', 5, 'jidlo3', 74, 1, '2023-10-24 08:40:32', 'kozubale'),
(359, '2023-10-24', 'faltumar', 3, 'jidlo3', 68, 1, '2023-10-24 08:55:28', 'faltumar'),
(366, '2023-10-24', 'martivl6', 1, 'polevka3', 79, 1, '2023-10-24 08:58:14', 'martivl6'),
(367, '2023-10-24', 'martivl6', 1, 'jidlo1_b', 79, 1, '2023-10-24 08:58:14', 'martivl6'),
(368, '2023-10-24', 'pokornik', 5, 'jidlo2', 74, 1, '2023-10-24 08:58:30', 'pokornik'),
(370, '2023-10-24', 'lupisant', 1, 'jidlo2', 79, 1, '2023-10-24 09:09:50', 'lupisant'),
(373, '2023-10-24', 'vancuto4', 5, 'jidlo5_b', 74, 1, '2023-10-24 09:10:02', 'vancuto4'),
(374, '2023-10-24', 'zuzansch', 5, 'jidlo1', 74, 1, '2023-10-24 09:14:28', 'zuzansch'),
(375, '2023-10-24', 'sojkokat', 1, 'jidlo8', 79, 1, '2023-10-24 09:24:32', 'sojkokat'),
(376, '2023-10-24', 'harnimic', 3, 'jidlo5', 68, 1, '2023-10-24 09:26:15', 'harnimic'),
(377, '2023-10-24', 'dobialuc', 1, 'jidlo2', 79, 1, '2023-10-24 09:27:14', 'dobialuc'),
(378, '2023-10-24', 'dvorakl7', 3, 'jidlo4', 68, 1, '2023-10-24 09:29:01', 'dvorakl7'),
(381, '2023-10-24', 'singeand', 5, 'jidlo2', 74, 1, '2023-10-24 09:37:12', 'singeand'),
(382, '2023-10-24', 'zahrap10', 1, 'jidlo2', 79, 1, '2023-10-24 09:39:29', 'zahrap10'),
(384, '2023-10-24', 'zelenzby', 1, 'polevka2', 79, 1, '2023-10-24 09:44:08', 'zelenzby'),
(385, '2023-10-24', 'zelenzby', 1, 'jidlo2', 79, 1, '2023-10-24 09:44:08', 'zelenzby'),
(386, '2023-10-24', 'vcelakj1', 1, 'polevka3', 79, 1, '2023-10-24 09:46:11', 'vcelakj1'),
(387, '2023-10-24', 'maskamar', 1, 'jidlo7', 79, 1, '2023-10-24 09:58:46', 'maskamar'),
(388, '2023-10-24', 'skandnik', 1, 'jidlo8', 79, 1, '2023-10-24 10:01:25', 'skandnik'),
(389, '2023-10-25', 'lupisant', 3, 'jidlo3', 69, 1, '2023-10-25 08:11:12', 'lupisant'),
(390, '2023-10-25', 'cvrcejir', 3, 'jidlo4', 69, 1, '2023-10-25 08:17:28', 'cvrcejir'),
(391, '2023-10-25', 'lupisant', 1, 'jidlo5_b', 80, 1, '2023-10-25 08:31:51', 'lupisant'),
(392, '2023-10-25', 'postajan', 1, 'jidlo2', 80, 1, '2023-10-25 08:32:09', 'postajan'),
(393, '2023-10-25', 'faltumar', 1, 'jidlo7', 80, 1, '2023-10-25 08:32:33', 'faltumar'),
(395, '2023-10-25', 'volfmar3', 1, 'polevka2', 80, 1, '2023-10-25 08:37:11', 'volfmar3'),
(396, '2023-10-25', 'volfmar3', 1, 'jidlo6', 80, 1, '2023-10-25 08:37:11', 'volfmar3'),
(397, '2023-10-25', 'hodkojul', 3, 'jidlo5', 69, 1, '2023-10-25 08:43:25', 'hodkojul'),
(398, '2023-10-25', 'mlejnp1', 3, 'jidlo4', 69, 1, '2023-10-25 08:50:09', 'mlejnp1'),
(399, '2023-10-25', 'zahrap10', 3, 'jidlo4', 69, 1, '2023-10-25 08:51:22', 'zahrap10'),
(400, '2023-10-25', 'vodicvac', 1, 'polevka1', 80, 1, '2023-10-25 08:51:32', 'vodicvac'),
(401, '2023-10-25', 'suchndan', 1, 'polevka2', 80, 1, '2023-10-25 08:51:50', 'suchndan'),
(403, '2023-10-25', 'zelenzby', 3, 'polevka1', 69, 1, '2023-10-25 08:52:23', 'zelenzby'),
(404, '2023-10-25', 'zelenzby', 3, 'jidlo2', 69, 1, '2023-10-25 08:52:23', 'zelenzby'),
(405, '2023-10-25', 'harnimic', 1, 'jidlo2', 80, 1, '2023-10-25 08:52:37', 'harnimic'),
(407, '2023-10-25', 'dytrijak', 1, 'polevka1', 80, 1, '2023-10-25 08:56:17', 'dytrijak'),
(408, '2023-10-25', 'dytrijak', 1, 'jidlo7', 80, 1, '2023-10-25 08:56:17', 'dytrijak'),
(409, '2023-10-25', 'kozubale', 1, 'jidlo2', 80, 1, '2023-10-25 08:56:53', 'kozubale'),
(410, '2023-10-25', 'tonovsar', 1, 'polevka2', 80, 1, '2023-10-25 09:00:42', 'tonovsar'),
(414, '2023-10-25', 'tonovsar', 3, 'jidlo1', 69, 1, '2023-10-25 09:01:14', 'tonovsar'),
(415, '2023-10-25', 'tonovsar', 3, 'jidlo2', 69, 1, '2023-10-25 09:01:14', 'tonovsar'),
(416, '2023-10-25', 'tonovsar', 3, 'jidlo3', 69, 1, '2023-10-25 09:01:14', 'tonovsar'),
(418, '2023-10-25', 'santijir', 3, 'polevka1', 69, 1, '2023-10-25 09:02:24', 'santijir'),
(419, '2023-10-25', 'santijir', 3, 'jidlo2', 69, 1, '2023-10-25 09:02:24', 'santijir'),
(420, '2023-10-25', 'skandnik', 3, 'jidlo4', 69, 1, '2023-10-25 09:13:12', 'skandnik'),
(421, '2023-10-25', 'plsekja1', 3, 'jidlo5', 69, 1, '2023-10-25 09:19:41', 'plsekja1'),
(422, '2023-10-25', 'vcelakj1', 1, 'jidlo3', 80, 1, '2023-10-25 09:22:40', 'vcelakj1'),
(425, '2023-10-25', 'dostaji4', 3, 'polevka1', 69, 1, '2023-10-25 09:30:03', 'dostaji4'),
(426, '2023-10-25', 'dostaji4', 3, 'jidlo4', 69, 1, '2023-10-25 09:30:03', 'dostaji4'),
(427, '2023-10-25', 'maskamar', 1, 'jidlo2', 80, 1, '2023-10-25 09:37:37', 'maskamar'),
(428, '2023-10-25', 'prosezde', 3, 'jidlo4', 69, 1, '2023-10-25 09:38:30', 'prosezde'),
(429, '2023-10-25', 'stoladan', 3, 'jidlo1', 69, 1, '2023-10-25 09:45:54', 'stoladan'),
(432, '2023-10-25', 'volflluk', 1, 'jidlo6', 80, 1, '2023-10-25 09:52:40', 'volflluk'),
(433, '2023-10-25', 'solomser', 1, 'jidlo7', 80, 1, '2023-10-25 09:54:45', 'solomser'),
(434, '2023-10-25', 'singeand', 1, 'jidlo8', 80, 1, '2023-10-25 09:56:05', 'singeand'),
(435, '2023-10-25', 'malikzd1', 1, 'jidlo3', 80, 1, '2023-10-25 10:01:27', 'malikzd1'),
(436, '2023-10-26', 'vlachto1', 3, 'jidlo3', 70, 1, '2023-10-26 07:06:28', 'vlachto1'),
(438, '2023-10-26', 'dytrijak', 1, 'polevka1', 81, 1, '2023-10-26 08:15:42', 'dytrijak'),
(439, '2023-10-26', 'dytrijak', 1, 'jidlo6', 81, 1, '2023-10-26 08:15:42', 'dytrijak'),
(440, '2023-10-26', 'jirkazuz', 5, 'jidlo1', 76, 1, '2023-10-26 08:20:10', 'jirkazuz'),
(442, '2023-10-26', 'sestaev1', 3, 'polevka1', 70, 1, '2023-10-26 08:25:02', 'sestaev1'),
(443, '2023-10-26', 'sestaev1', 3, 'polevka2', 70, 1, '2023-10-26 08:25:02', 'sestaev1'),
(456, '2023-10-26', 'shemevia', 1, 'jidlo6', 81, 1, '2023-10-26 08:30:36', 'shemevia'),
(457, '2023-10-26', 'pokornik', 5, 'jidlo1', 76, 1, '2023-10-26 08:31:22', 'pokornik'),
(464, '2023-10-26', 'lupisant', 1, 'polevka2', 81, 1, '2023-10-26 08:32:16', 'lupisant'),
(465, '2023-10-26', 'lupisant', 1, 'polevka3', 81, 1, '2023-10-26 08:32:16', 'lupisant'),
(466, '2023-10-26', 'lupisant', 1, 'jidlo3', 81, 1, '2023-10-26 08:32:16', 'lupisant'),
(467, '2023-10-26', 'lupisant', 1, 'jidlo7', 81, 1, '2023-10-26 08:32:16', 'lupisant'),
(468, '2023-10-26', 'mackoja3', 1, 'jidlo4', 81, 1, '2023-10-26 08:42:41', 'mackoja3'),
(469, '2023-10-26', 'tonovsar', 3, 'jidlo1', 70, 1, '2023-10-26 08:45:11', 'tonovsar'),
(470, '2023-10-26', 'faltumar', 3, 'jidlo4_b', 70, 1, '2023-10-26 08:53:39', 'faltumar'),
(471, '2023-10-26', 'hrachiva', 3, 'jidlo3', 70, 1, '2023-10-26 08:57:34', 'hrachiva'),
(473, '2023-10-26', 'plsekja1', 1, 'polevka1', 81, 1, '2023-10-26 08:58:45', 'plsekja1'),
(474, '2023-10-26', 'plsekja1', 1, 'jidlo6', 81, 1, '2023-10-26 08:58:45', 'plsekja1'),
(475, '2023-10-26', 'vodicale', 1, 'jidlo3', 81, 1, '2023-10-26 09:09:50', 'vodicale'),
(477, '2023-10-26', 'wolfp1', 1, 'polevka1', 81, 1, '2023-10-26 09:10:10', 'wolfp1'),
(478, '2023-10-26', 'wolfp1', 1, 'jidlo5', 81, 1, '2023-10-26 09:10:10', 'wolfp1'),
(479, '2023-10-26', 'reistkri', 5, 'jidlo1', 76, 1, '2023-10-26 09:18:25', 'reistkri'),
(480, '2023-10-26', 'stoladan', 5, 'jidlo3', 76, 1, '2023-10-26 09:25:31', 'stoladan'),
(481, '2023-10-26', 'zamprlib', 5, 'jidlo5_b', 76, 1, '2023-10-26 09:28:39', 'zamprlib'),
(482, '2023-10-26', 'kynclmag', 5, 'jidlo3', 76, 1, '2023-10-26 09:32:12', 'kynclmag'),
(484, '2023-10-26', 'zelenzby', 3, 'polevka1', 70, 1, '2023-10-26 09:34:22', 'zelenzby'),
(485, '2023-10-26', 'suchndan', 1, 'polevka2', 81, 1, '2023-10-26 09:34:55', 'suchndan'),
(486, '2023-10-26', 'suchndan', 1, 'jidlo6', 81, 1, '2023-10-26 09:34:55', 'suchndan'),
(487, '2023-10-26', 'solomser', 3, 'jidlo5', 70, 1, '2023-10-26 09:35:35', 'solomser'),
(489, '2023-10-26', 'singeand', 1, 'jidlo1', 81, 1, '2023-10-26 09:51:11', 'singeand'),
(490, '2023-10-26', 'vitovjan', 1, 'jidlo6', 81, 1, '2023-10-26 09:56:56', 'vitovjan'),
(491, '2023-10-26', 'skandnik', 1, 'jidlo8', 81, 1, '2023-10-26 09:58:31', 'skandnik'),
(493, '2023-10-26', 'velebluk', 1, 'polevka2', 81, 1, '2023-10-26 10:09:25', 'velebluk'),
(494, '2023-10-26', 'velebluk', 1, 'jidlo4', 81, 1, '2023-10-26 10:09:25', 'velebluk');

-- --------------------------------------------------------

--
-- Table structure for table `restaurace`
--

CREATE TABLE `restaurace` (
  `id` int(11) NOT NULL,
  `nazev` varchar(31) COLLATE utf8_czech_ci NOT NULL DEFAULT '',
  `stav` int(11) NOT NULL DEFAULT 0 COMMENT '0- oběd jetě není k dispozici; 1-je-li oběd již k dispozici',
  `uzavreni_obednavek` varchar(15) COLLATE utf8_czech_ci NOT NULL DEFAULT '' COMMENT 'čas, kdy se uzavírají objednávky pro danou restauraci 	',
  `poznamka` varchar(255) COLLATE utf8_czech_ci NOT NULL DEFAULT ''
) ENGINE=InnoDB DEFAULT CHARSET=utf8 COLLATE=utf8_czech_ci;

--
-- Dumping data for table `restaurace`
--

INSERT INTO `restaurace` (`id`, `nazev`, `stav`, `uzavreni_obednavek`, `poznamka`) VALUES
(1, 'Barracuda', 0, '10:00', ''),
(3, 'Pražanka', 0, '09:30', ''),
(5, 'Aktoffka', 0, '09:30', ''),
(99, 'Pizza Italia', 0, '10:15', '');

-- --------------------------------------------------------

--
-- Table structure for table `role`
--

CREATE TABLE `role` (
  `login` int(11) NOT NULL,
  `id_role` int(11) NOT NULL
) ENGINE=InnoDB DEFAULT CHARSET=utf8 COLLATE=utf8_czech_ci COMMENT='Uživatelské role v programu';

--
-- Indexes for dumped tables
--

--
-- Indexes for table `jidelni_listek_pizza`
--
ALTER TABLE `jidelni_listek_pizza`
  ADD PRIMARY KEY (`id`);

--
-- Indexes for table `jidelni_listky`
--
ALTER TABLE `jidelni_listky`
  ADD PRIMARY KEY (`id`);

--
-- Indexes for table `konto_pohyby`
--
ALTER TABLE `konto_pohyby`
  ADD PRIMARY KEY (`id`);

--
-- Indexes for table `konto_zaloha`
--
ALTER TABLE `konto_zaloha`
  ADD PRIMARY KEY (`id`);

--
-- Indexes for table `konto_zamestnance`
--
ALTER TABLE `konto_zamestnance`
  ADD PRIMARY KEY (`login`);

--
-- Indexes for table `objednana_jidla`
--
ALTER TABLE `objednana_jidla`
  ADD PRIMARY KEY (`id`);

--
-- Indexes for table `restaurace`
--
ALTER TABLE `restaurace`
  ADD PRIMARY KEY (`id`);

--
-- Indexes for table `role`
--
ALTER TABLE `role`
  ADD PRIMARY KEY (`login`,`id_role`);

--
-- AUTO_INCREMENT for dumped tables
--

--
-- AUTO_INCREMENT for table `jidelni_listek_pizza`
--
ALTER TABLE `jidelni_listek_pizza`
  MODIFY `id` int(11) NOT NULL AUTO_INCREMENT, AUTO_INCREMENT=103;

--
-- AUTO_INCREMENT for table `jidelni_listky`
--
ALTER TABLE `jidelni_listky`
  MODIFY `id` int(11) NOT NULL AUTO_INCREMENT, AUTO_INCREMENT=82;

--
-- AUTO_INCREMENT for table `konto_pohyby`
--
ALTER TABLE `konto_pohyby`
  MODIFY `id` int(11) NOT NULL AUTO_INCREMENT, AUTO_INCREMENT=426;

--
-- AUTO_INCREMENT for table `konto_zaloha`
--
ALTER TABLE `konto_zaloha`
  MODIFY `id` int(11) NOT NULL AUTO_INCREMENT, AUTO_INCREMENT=423;

--
-- AUTO_INCREMENT for table `objednana_jidla`
--
ALTER TABLE `objednana_jidla`
  MODIFY `id` int(11) NOT NULL AUTO_INCREMENT, AUTO_INCREMENT=495;

--
-- AUTO_INCREMENT for table `restaurace`
--
ALTER TABLE `restaurace`
  MODIFY `id` int(11) NOT NULL AUTO_INCREMENT, AUTO_INCREMENT=101;
COMMIT;

/*!40101 SET CHARACTER_SET_CLIENT=@OLD_CHARACTER_SET_CLIENT */;
/*!40101 SET CHARACTER_SET_RESULTS=@OLD_CHARACTER_SET_RESULTS */;
/*!40101 SET COLLATION_CONNECTION=@OLD_COLLATION_CONNECTION */;
