-- phpMyAdmin SQL Dump
-- version 4.9.0.1
-- https://www.phpmyadmin.net/
--
-- Host: 127.0.0.1
-- Generation Time: Oct 16, 2023 at 10:51 AM
-- Server version: 10.4.6-MariaDB
-- PHP Version: 7.3.8

SET SQL_MODE = "NO_AUTO_VALUE_ON_ZERO";
SET AUTOCOMMIT = 0;
START TRANSACTION;
SET time_zone = "+00:00";


/*!40101 SET @OLD_CHARACTER_SET_CLIENT=@@CHARACTER_SET_CLIENT */;
/*!40101 SET @OLD_CHARACTER_SET_RESULTS=@@CHARACTER_SET_RESULTS */;
/*!40101 SET @OLD_COLLATION_CONNECTION=@@COLLATION_CONNECTION */;
/*!40101 SET NAMES utf8mb4 */;

--
-- Database: `obedy`
--

-- --------------------------------------------------------

--
-- Table structure for table `jidelni_listek_pizza`
--

CREATE TABLE `jidelni_listek_pizza` (
  `id` int(11) NOT NULL,
  `cislo` varchar(15) COLLATE utf8_czech_ci DEFAULT NULL COMMENT 'číslo na jídelním lístku',
  `popis` varchar(31) COLLATE utf8_czech_ci NOT NULL DEFAULT '',
  `cena` int(11) NOT NULL DEFAULT 0
) ENGINE=InnoDB DEFAULT CHARSET=utf8 COLLATE=utf8_czech_ci;

-- --------------------------------------------------------

--
-- Table structure for table `jidelni_listky`
--

CREATE TABLE `jidelni_listky` (
  `id` int(11) NOT NULL,
  `datum` date DEFAULT NULL,
  `id_restaurace` int(11) DEFAULT NULL,
  `nazev_souboru` varchar(63) COLLATE utf8_czech_ci NOT NULL DEFAULT '',
  `nahral_kdo` varchar(31) COLLATE utf8_czech_ci NOT NULL DEFAULT '' COMMENT 'login osoby, která jídelní lístek do aplikace nahrála',
  `nahral_kdy` date DEFAULT NULL,
  `polevka1` int(11) NOT NULL DEFAULT 0 COMMENT 'cena polevky',
  `polevka2` int(11) NOT NULL DEFAULT 0,
  `polevka3` int(11) NOT NULL DEFAULT 0,
  `jidlo1` int(11) NOT NULL DEFAULT 0 COMMENT 'cena jidla',
  `jidlo1_b` int(11) NOT NULL DEFAULT 0,
  `jidlo2` int(11) NOT NULL DEFAULT 0,
  `jidlo2_b` int(11) NOT NULL DEFAULT 0,
  `jidlo3` int(11) NOT NULL DEFAULT 0,
  `jidlo3_b` int(11) NOT NULL DEFAULT 0,
  `jidlo4` int(11) NOT NULL DEFAULT 0,
  `jidlo4_b` int(11) NOT NULL DEFAULT 0,
  `jidlo5` int(11) NOT NULL DEFAULT 0,
  `jidlo5_b` int(11) NOT NULL DEFAULT 0,
  `jidlo6` int(11) NOT NULL DEFAULT 0,
  `jidlo6_b` int(11) NOT NULL DEFAULT 0,
  `jidlo7` int(11) NOT NULL DEFAULT 0,
  `jidlo7_b` int(11) NOT NULL DEFAULT 0,
  `jidlo8` int(11) NOT NULL DEFAULT 0,
  `jidlo8_b` int(11) NOT NULL DEFAULT 0,
  `jidlo9` int(11) NOT NULL DEFAULT 0,
  `jidlo9_b` int(11) NOT NULL DEFAULT 0,
  `ceny_upravil_kdo` varchar(31) COLLATE utf8_czech_ci NOT NULL DEFAULT '',
  `ceny_upravil_kdy` datetime DEFAULT NULL,
  `objednavku_odeslal_kdy` date DEFAULT NULL COMMENT 'kdy byla objednávka na tuto restauraci odeslána a tedy i uzavřena možnost objednávat',
  `objednavku_odeslal_kdo` varchar(31) COLLATE utf8_czech_ci NOT NULL DEFAULT '' COMMENT 'login správce, který odeslal objednávku jídel této restauraci'
) ENGINE=InnoDB DEFAULT CHARSET=utf8 COLLATE=utf8_czech_ci COMMENT='informace o jidelnich lístcích ulozených v aplikaci';

--
-- Dumping data for table `jidelni_listky`
--

INSERT INTO `jidelni_listky` (`id`, `datum`, `id_restaurace`, `nazev_souboru`, `nahral_kdo`, `nahral_kdy`, `polevka1`, `polevka2`, `polevka3`, `jidlo1`, `jidlo1_b`, `jidlo2`, `jidlo2_b`, `jidlo3`, `jidlo3_b`, `jidlo4`, `jidlo4_b`, `jidlo5`, `jidlo5_b`, `jidlo6`, `jidlo6_b`, `jidlo7`, `jidlo7_b`, `jidlo8`, `jidlo8_b`, `jidlo9`, `jidlo9_b`, `ceny_upravil_kdo`, `ceny_upravil_kdy`, `objednavku_odeslal_kdy`, `objednavku_odeslal_kdo`) VALUES
(4, '2023-10-02', 3, 'Prazanka.jpg', 'singeand', '2023-10-02', 36, 0, 0, 138, 0, 140, 0, 139, 0, 139, 0, 145, 0, 137, 0, 141, 0, 141, 0, 0, 0, 'singeand', '2023-10-02 14:07:28', '2023-10-02', 'singeand'),
(5, '2023-10-04', 1, 'barracuda.png', 'singeand', '2023-10-04', 39, 39, 39, 149, 149, 159, 159, 159, 0, 159, 0, 149, 0, 159, 0, 149, 0, 0, 0, 0, 0, 'singeand', '2023-10-04 08:00:35', '2023-10-04', 'singeand'),
(6, '2023-10-04', 5, 'doc00319420231004065026.jpg', 'singeand', '2023-10-04', 41, 41, 0, 152, 0, 143, 0, 143, 0, 139, 0, 125, 143, 140, 143, 143, 0, 216, 0, 0, 0, 'singeand', '2023-10-04 08:03:38', '2023-10-04', 'singeand'),
(7, '2023-10-04', 3, 'PRAZANKA.png', 'singeand', '2023-10-04', 36, 0, 0, 139, 0, 142, 0, 129, 0, 139, 0, 139, 0, 144, 0, 141, 0, 141, 0, 55, 0, 'singeand', '2023-10-04 08:01:39', '2023-10-04', 'singeand'),
(13, '2023-10-05', 5, 'akt_page-0001.jpg', 'singeand', '2023-10-05', 41, 0, 0, 148, 0, 203, 0, 139, 0, 125, 143, 140, 143, 143, 0, 216, 0, 0, 0, 0, 0, 'singeand', '2023-10-05 08:46:48', '2023-10-05', 'singeand'),
(14, '2023-10-05', 3, 'praž_page-0001.jpg', 'singeand', '2023-10-05', 36, 0, 0, 141, 0, 140, 0, 141, 0, 138, 0, 138, 0, 148, 0, 141, 0, 141, 0, 20, 0, 'singeand', '2023-10-05 08:54:50', '2023-10-05', 'singeand'),
(15, '2023-10-05', 1, 'Bar_page-0001.jpg', 'singeand', '2023-10-05', 39, 39, 0, 149, 0, 159, 0, 159, 0, 159, 0, 159, 0, 149, 0, 149, 0, 179, 0, 0, 0, 'singeand', '2023-10-05 08:56:55', '2023-10-05', 'singeand'),
(16, '2023-10-06', 3, 'PRAZANKA.jpg', 'singeand', '2023-10-06', 36, 0, 0, 139, 0, 142, 0, 138, 0, 146, 0, 138, 0, 144, 0, 141, 0, 141, 0, 55, 0, 'singeand', '2023-10-06 08:02:47', '2023-10-06', 'singeand'),
(17, '2023-10-06', 5, 'AKTOFFKA.jpg', 'singeand', '2023-10-06', 41, 0, 0, 152, 0, 161, 0, 140, 0, 125, 143, 140, 143, 143, 0, 216, 0, 0, 0, 0, 0, 'singeand', '2023-10-06 08:09:58', '2023-10-06', 'singeand'),
(18, '2023-10-06', 1, 'BARRACUDA.jpg', 'singeand', '2023-10-06', 39, 39, 0, 159, 0, 159, 0, 169, 0, 159, 0, 149, 0, 149, 0, 149, 0, 189, 0, 0, 0, 'singeand', '2023-10-06 08:13:28', '2023-10-06', 'singeand'),
(19, '2023-10-09', 1, '91023.jpg', 'singeand', '2023-10-09', 39, 39, 0, 159, 159, 159, 159, 159, 0, 169, 0, 149, 0, 159, 0, 149, 0, 189, 0, 0, 0, 'singeand', '2023-10-09 08:11:52', '2023-10-09', 'singeand'),
(20, '2023-10-09', 5, 'doc00322220231009071208.jpg', 'singeand', '2023-10-09', 41, 0, 0, 148, 0, 152, 0, 140, 0, 125, 143, 140, 143, 143, 0, 216, 0, 0, 0, 0, 0, 'singeand', '2023-10-09 08:17:06', '2023-10-09', 'singeand'),
(21, '2023-10-09', 3, 'ÝEŘEZÝE.jpg', 'singeand', '2023-10-09', 36, 0, 0, 141, 0, 140, 0, 144, 0, 140, 0, 137, 0, 141, 0, 141, 0, 141, 0, 55, 0, 'singeand', '2023-10-09 08:19:41', '2023-10-09', 'singeand'),
(22, '2023-10-10', 5, 'aktofka.jpg', 'machdavi', '2023-10-10', 45, 0, 0, 169, 0, 169, 0, 156, 0, 139, 159, 155, 159, 159, 0, 240, 0, 0, 0, 0, 0, 'machdavi', '2023-10-10 08:09:46', '2023-10-10', 'singeand'),
(23, '2023-10-10', 1, 'baracuda.jpg', 'machdavi', '2023-10-10', 39, 39, 0, 149, 0, 159, 0, 149, 0, 159, 0, 149, 0, 159, 0, 149, 0, 189, 0, 0, 0, 'machdavi', '2023-10-10 08:12:18', '2023-10-10', 'singeand'),
(24, '2023-10-10', 3, 'Prazanka.jpg', 'machdavi', '2023-10-10', 36, 0, 0, 139, 0, 139, 0, 141, 0, 141, 0, 140, 0, 144, 0, 141, 0, 141, 0, 55, 0, 'machdavi', '2023-10-10 08:15:53', '2023-10-10', 'singeand'),
(29, '2023-10-11', 5, 'aktoffka.jpg', 'machdavi', '2023-10-11', 41, 0, 0, 157, 0, 152, 0, 150, 0, 141, 0, 125, 143, 140, 143, 143, 0, 216, 0, 0, 0, 'singeand', '2023-10-11 08:56:06', '2023-10-11', 'singeand'),
(30, '2023-10-11', 3, 'prazanka.jpg', 'machdavi', '2023-10-11', 36, 0, 0, 139, 0, 140, 0, 142, 0, 142, 0, 137, 0, 138, 0, 141, 0, 141, 0, 55, 0, 'machdavi', '2023-10-11 08:55:42', '2023-10-11', 'singeand'),
(32, '2023-10-11', 1, 'baracuda.jpg', 'machdavi', '2023-10-11', 39, 39, 0, 159, 0, 149, 0, 159, 0, 169, 0, 159, 0, 149, 0, 149, 0, 189, 0, 0, 0, 'machdavi', '2023-10-11 08:59:07', '2023-10-11', 'singeand'),
(33, '2023-10-12', 1, 'barracuda_page-0001.jpg', 'singeand', '2023-10-12', 39, 39, 0, 149, 0, 159, 0, 159, 0, 169, 0, 149, 0, 149, 0, 149, 0, 189, 0, 0, 0, 'singeand', '2023-10-12 08:09:57', '2023-10-12', 'singeand'),
(34, '2023-10-12', 5, 'aktoffka11.10._page-0001.jpg', 'singeand', '2023-10-12', 41, 0, 0, 148, 0, 152, 0, 141, 0, 125, 143, 140, 143, 143, 0, 216, 0, 0, 0, 0, 0, 'singeand', '2023-10-12 08:13:51', '2023-10-12', 'singeand'),
(35, '2023-10-12', 3, 'praž12.10._page-0001.jpg', 'singeand', '2023-10-12', 36, 20, 0, 142, 0, 144, 0, 139, 0, 138, 0, 142, 0, 137, 0, 141, 0, 141, 0, 0, 0, 'singeand', '2023-10-12 08:22:46', '2023-10-12', 'singeand'),
(40, '2023-10-16', 3, 'Pražanka 16.11.jpg', 'singeand', '2023-10-13', 36, 0, 0, 140, 0, 142, 0, 146, 0, 144, 0, 139, 0, 139, 0, 141, 0, 141, 0, 55, 0, 'singeand', '2023-10-16 07:55:58', '2023-10-16', 'singeand'),
(41, '2023-10-17', 3, 'Pražanka 17.11.jpg', 'singeand', '2023-10-13', 36, 0, 0, 141, 0, 141, 0, 140, 0, 141, 0, 144, 0, 141, 0, 141, 0, 141, 0, 55, 0, 'singeand', '2023-10-13 15:22:17', NULL, ''),
(42, '2023-10-18', 3, 'Pražanka 18.11.jpg', 'singeand', '2023-10-13', 36, 0, 0, 138, 0, 143, 0, 140, 0, 144, 0, 142, 0, 139, 0, 141, 0, 141, 0, 55, 0, 'singeand', '2023-10-13 15:23:07', NULL, ''),
(45, '2023-10-19', 3, 'Pražanka 19.11.jpg', 'singeand', '2023-10-13', 36, 20, 0, 142, 142, 141, 0, 139, 0, 141, 0, 147, 0, 140, 0, 141, 0, 141, 0, 55, 0, 'singeand', '2023-10-13 15:28:12', NULL, ''),
(46, '2023-10-20', 3, 'Pražanka 20.11.jpg', 'singeand', '2023-10-13', 36, 55, 0, 141, 0, 138, 0, 142, 0, 142, 0, 142, 0, 141, 0, 124, 0, 85, 0, 126, 0, 'singeand', '2023-10-13 15:29:26', NULL, ''),
(49, '2023-10-13', 3, 'pražanka 16.jpg', 'singeand', '2023-10-16', 36, 0, 0, 140, 0, 142, 0, 146, 0, 144, 0, 139, 0, 139, 0, 141, 0, 141, 0, 55, 0, 'singeand', '2023-10-16 07:42:05', NULL, ''),
(51, '2023-10-13', 5, '16.10._page-0001.jpg', 'singeand', '2023-10-16', 45, 45, 0, 169, 0, 169, 0, 159, 0, 139, 159, 155, 159, 159, 0, 240, 0, 85, 0, 0, 0, 'singeand', '2023-10-16 07:48:53', NULL, ''),
(52, '2023-10-13', 1, 'BARRACUDA 16_page-0001.jpg', 'singeand', '2023-10-16', 39, 39, 39, 159, 0, 149, 0, 159, 0, 169, 0, 159, 0, 159, 0, 149, 0, 189, 0, 0, 0, 'singeand', '2023-10-16 07:52:08', NULL, ''),
(53, '2023-10-16', 1, 'BARRACUDA 16_page-0001.jpg', 'singeand', '2023-10-16', 39, 39, 39, 159, 0, 149, 0, 159, 0, 169, 0, 159, 0, 159, 0, 149, 0, 189, 0, 0, 0, 'singeand', '2023-10-16 08:00:51', '2023-10-16', 'singeand'),
(54, '2023-10-16', 5, '16.10._page-0001.jpg', 'singeand', '2023-10-16', 45, 45, 0, 169, 0, 169, 0, 159, 0, 139, 159, 155, 159, 159, 0, 240, 0, 85, 0, 0, 0, 'singeand', '2023-10-16 07:58:33', '2023-10-16', 'singeand');

-- --------------------------------------------------------

--
-- Table structure for table `konto_pohyby`
--

CREATE TABLE `konto_pohyby` (
  `id` int(11) NOT NULL,
  `login_zamestnance` varchar(21) COLLATE utf8_czech_ci NOT NULL COMMENT 'login vlastníka daného konta',
  `castka` int(11) NOT NULL DEFAULT 0,
  `celkove_konto` int(11) NOT NULL COMMENT 'výše aktuálníhokonta po zapoctenem pohybu',
  `poznamka` varchar(63) COLLATE utf8_czech_ci NOT NULL DEFAULT '',
  `pohyb_proveden_kdy` datetime NOT NULL,
  `pohyb_proveden_kym` varchar(31) COLLATE utf8_czech_ci NOT NULL DEFAULT ''
) ENGINE=InnoDB DEFAULT CHARSET=utf8 COLLATE=utf8_czech_ci;

--
-- Dumping data for table `konto_pohyby`
--

INSERT INTO `konto_pohyby` (`id`, `login_zamestnance`, `castka`, `celkove_konto`, `poznamka`, `pohyb_proveden_kdy`, `pohyb_proveden_kym`) VALUES
(1, 'singeand', 1000, 1000, 'správce aplikace navýšil částku na kontu zaměstnance', '2023-10-02 14:10:42', 'singeand'),
(2, 'singeand', -36, 964, 'Polévka z restaurace Pražanka', '2023-10-02 14:11:02', 'singeand'),
(3, 'singeand', -139, 825, 'Jídlo z restaurace Pražanka', '2023-10-02 14:11:02', 'singeand'),
(4, 'singeand', 0, 825, 'správce aplikace navýšil částku na kontu zaměstnance', '2023-10-04 08:08:01', 'singeand'),
(5, 'singeand', -825, 0, 'správce aplikace ponížil částku na kontu zaměstnance', '2023-10-04 08:08:12', 'singeand'),
(6, 'dytrijak', 800, 800, 'správce aplikace navýšil částku na kontu zaměstnance', '2023-10-04 08:25:48', 'singeand'),
(7, 'mlejnp1', 1000, 1000, 'správce aplikace navýšil částku na kontu zaměstnance', '2023-10-04 08:26:38', 'singeand'),
(8, 'kuzmimic', 800, 800, 'správce aplikace navýšil částku na kontu zaměstnance', '2023-10-04 08:28:01', 'singeand'),
(9, 'harnimic', 700, 700, 'správce aplikace navýšil částku na kontu zaměstnance', '2023-10-04 08:37:57', 'singeand'),
(10, 'zelenzby', 1500, 1500, 'správce aplikace navýšil částku na kontu zaměstnance', '2023-10-04 08:39:58', 'singeand'),
(11, 'havlira7', 500, 500, 'správce aplikace navýšil částku na kontu zaměstnance', '2023-10-04 08:48:12', 'singeand'),
(12, 'tonovsar', 800, 800, 'správce aplikace navýšil částku na kontu zaměstnance', '2023-10-04 08:49:45', 'singeand'),
(13, 'zahrap10', 2000, 2000, 'správce aplikace navýšil částku na kontu zaměstnance', '2023-10-04 09:00:26', 'singeand'),
(14, 'maskamar', 500, 500, 'správce aplikace navýšil částku na kontu zaměstnance', '2023-10-04 09:31:42', 'singeand'),
(15, 'mlejnp1', -139, 861, 'Jídlo z restaurace Pražanka', '2023-10-04 09:34:49', 'singeand'),
(16, 'tonovsar', -139, 661, 'Jídlo z restaurace Pražanka', '2023-10-04 09:34:49', 'singeand'),
(17, 'tonovsar', -139, 522, 'Jídlo z restaurace Pražanka', '2023-10-04 09:34:49', 'singeand'),
(18, 'kuzmimic', -143, 657, 'správce aplikace ponížil částku na kontu zaměstnance', '2023-10-04 09:52:02', 'singeand'),
(19, 'havlira7', -143, 357, 'Jídlo z restaurace Aktoffka', '2023-10-04 09:52:20', 'singeand'),
(20, 'dytrijak', -39, 761, 'Polévka z restaurace Barracuda', '2023-10-04 10:14:05', 'singeand'),
(21, 'dytrijak', -149, 612, 'Jídlo z restaurace Barracuda', '2023-10-04 10:14:05', 'singeand'),
(22, 'zelenzby', -39, 1461, 'Polévka z restaurace Barracuda', '2023-10-04 10:14:05', 'singeand'),
(23, 'zelenzby', -159, 1302, 'Jídlo z restaurace Barracuda', '2023-10-04 10:14:05', 'singeand'),
(24, 'zahrap10', -159, 1841, 'Jídlo z restaurace Barracuda', '2023-10-04 10:14:05', 'singeand'),
(25, 'maskamar', -159, 341, 'Jídlo z restaurace Barracuda', '2023-10-04 10:14:05', 'singeand'),
(26, 'vodicvac', 700, 700, 'správce aplikace navýšil částku na kontu zaměstnance', '2023-10-05 08:08:58', 'singeand'),
(27, 'haberjos', 1000, 1000, 'správce aplikace navýšil částku na kontu zaměstnance', '2023-10-05 08:18:16', 'singeand'),
(28, 'zamprlib', 600, 600, 'správce aplikace navýšil částku na kontu zaměstnance', '2023-10-05 08:57:14', 'singeand'),
(29, 'zelenzby', -36, 1266, 'Polévka z restaurace Pražanka', '2023-10-05 09:40:17', 'singeand'),
(30, 'zamprlib', -139, 461, 'Jídlo z restaurace Aktoffka', '2023-10-05 09:40:36', 'singeand'),
(31, 'dytrijak', -39, 573, 'Polévka z restaurace Barracuda', '2023-10-05 10:11:38', 'singeand'),
(32, 'dytrijak', -149, 424, 'Jídlo z restaurace Barracuda', '2023-10-05 10:11:38', 'singeand'),
(33, 'harnimic', -159, 541, 'Jídlo z restaurace Barracuda', '2023-10-05 10:11:38', 'singeand'),
(34, 'maskamar', -159, 182, 'Jídlo z restaurace Barracuda', '2023-10-05 10:11:38', 'singeand'),
(35, 'faltumar', 1700, 1700, 'správce aplikace navýšil částku na kontu zaměstnance', '2023-10-06 08:37:40', 'singeand'),
(36, 'postajan', 1000, 1000, 'správce aplikace navýšil částku na kontu zaměstnance', '2023-10-06 08:41:57', 'singeand'),
(37, 'lupisant', 1300, 1300, 'správce aplikace navýšil částku na kontu zaměstnance', '2023-10-06 09:26:21', 'singeand'),
(38, 'haberjos', -152, 848, 'Jídlo z restaurace Aktoffka', '2023-10-06 09:44:22', 'singeand'),
(39, 'vodicvac', -36, 664, 'Polévka z restaurace Pražanka', '2023-10-06 09:44:25', 'singeand'),
(40, 'vodicvac', -141, 523, 'Jídlo z restaurace Pražanka', '2023-10-06 09:44:25', 'singeand'),
(41, 'tonovsar', -142, 380, 'Jídlo z restaurace Pražanka', '2023-10-06 09:44:25', 'singeand'),
(42, 'tonovsar', -138, 242, 'Jídlo z restaurace Pražanka', '2023-10-06 09:44:25', 'singeand'),
(43, 'plsekja1', 1200, 1200, 'správce aplikace navýšil částku na kontu zaměstnance', '2023-10-06 09:46:08', 'singeand'),
(44, 'zelenzby', -39, 1227, 'Polévka z restaurace Barracuda', '2023-10-06 10:22:32', 'singeand'),
(45, 'zelenzby', -159, 1068, 'Jídlo z restaurace Barracuda', '2023-10-06 10:22:32', 'singeand'),
(46, 'mlejnp1', -149, 712, 'Jídlo z restaurace Barracuda', '2023-10-06 10:22:32', 'singeand'),
(47, 'postajan', -159, 841, 'Jídlo z restaurace Barracuda', '2023-10-06 10:22:32', 'singeand'),
(48, 'faltumar', -149, 1551, 'Jídlo z restaurace Barracuda', '2023-10-06 10:22:32', 'singeand'),
(49, 'plsekja1', -39, 1161, 'Polévka z restaurace Barracuda', '2023-10-06 10:22:32', 'singeand'),
(50, 'plsekja1', -159, 1002, 'Jídlo z restaurace Barracuda', '2023-10-06 10:22:32', 'singeand'),
(51, 'harnimic', -149, 392, 'Jídlo z restaurace Barracuda', '2023-10-06 10:22:32', 'singeand'),
(52, 'maskamar', -159, 23, 'Jídlo z restaurace Barracuda', '2023-10-06 10:22:32', 'singeand'),
(53, 'solomser', 650, 650, 'správce aplikace navýšil částku na kontu zaměstnance', '2023-10-06 10:52:06', 'singeand'),
(54, 'wolfp1', 1000, 1000, 'správce aplikace navýšil částku na kontu zaměstnance', '2023-10-09 08:53:53', 'singeand'),
(55, 'dostaji4', 400, 400, 'správce aplikace navýšil částku na kontu zaměstnance', '2023-10-09 09:13:38', 'singeand'),
(56, 'tonovsar', -36, 206, 'Polévka z restaurace Pražanka', '2023-10-09 09:44:53', 'singeand'),
(57, 'tonovsar', -140, 66, 'Jídlo z restaurace Pražanka', '2023-10-09 09:44:53', 'singeand'),
(58, 'mlejnp1', -140, 572, 'Jídlo z restaurace Pražanka', '2023-10-09 09:44:53', 'singeand'),
(59, 'zahrap10', -36, 1805, 'Polévka z restaurace Pražanka', '2023-10-09 09:44:53', 'singeand'),
(60, 'zahrap10', -55, 1750, 'Jídlo z restaurace Pražanka', '2023-10-09 09:44:53', 'singeand'),
(61, 'zelenzby', -36, 1032, 'Polévka z restaurace Pražanka', '2023-10-09 09:44:53', 'singeand'),
(62, 'zelenzby', -137, 895, 'Jídlo z restaurace Pražanka', '2023-10-09 09:44:53', 'singeand'),
(63, 'dostaji4', -36, 364, 'Polévka z restaurace Pražanka', '2023-10-09 09:44:53', 'singeand'),
(64, 'dostaji4', -140, 224, 'Jídlo z restaurace Pražanka', '2023-10-09 09:44:53', 'singeand'),
(65, 'wolfp1', -36, 964, 'Polévka z restaurace Pražanka', '2023-10-09 09:44:53', 'singeand'),
(66, 'haberjos', -152, 696, 'Jídlo z restaurace Aktoffka', '2023-10-09 09:46:26', 'singeand'),
(67, 'lupisant', -152, 1148, 'Jídlo z restaurace Aktoffka', '2023-10-09 09:46:26', 'singeand'),
(68, 'zamprlib', -159, 302, 'Jídlo z restaurace Barracuda', '2023-10-09 10:13:35', 'singeand'),
(69, 'plsekja1', -39, 963, 'Polévka z restaurace Barracuda', '2023-10-09 10:13:35', 'singeand'),
(70, 'plsekja1', -159, 804, 'Jídlo z restaurace Barracuda', '2023-10-09 10:13:35', 'singeand'),
(71, 'postajan', -149, 692, 'Jídlo z restaurace Barracuda', '2023-10-09 10:13:35', 'singeand'),
(72, 'wolfp1', -149, 815, 'Jídlo z restaurace Barracuda', '2023-10-09 10:13:35', 'singeand'),
(73, 'solomser', -159, 491, 'Jídlo z restaurace Barracuda', '2023-10-09 10:13:35', 'singeand'),
(74, 'faltumar', -189, 1362, 'správce aplikace ponížil částku na kontu zaměstnance', '2023-10-09 10:27:46', 'singeand'),
(75, 'lupisant', 641, 1789, 'správce aplikace navýšil částku na kontu zaměstnance', '2023-10-10 09:06:49', 'singeand'),
(76, 'santijir', 1000, 1000, 'správce aplikace navýšil částku na kontu zaměstnance', '2023-10-10 09:15:11', 'singeand'),
(77, 'dostaji4', -36, 188, 'Polévka z restaurace Pražanka', '2023-10-10 09:42:21', 'singeand'),
(78, 'zamprlib', -149, 153, 'Jídlo z restaurace Barracuda', '2023-10-10 10:03:08', 'singeand'),
(79, 'faltumar', -159, 1203, 'Jídlo z restaurace Barracuda', '2023-10-10 10:03:08', 'singeand'),
(80, 'vodicvac', -159, 364, 'Jídlo z restaurace Barracuda', '2023-10-10 10:03:08', 'singeand'),
(81, 'vodicvac', -149, 215, 'Jídlo z restaurace Barracuda', '2023-10-10 10:03:08', 'singeand'),
(82, 'zelenzby', -39, 856, 'Polévka z restaurace Barracuda', '2023-10-10 10:03:08', 'singeand'),
(83, 'zelenzby', -149, 707, 'Jídlo z restaurace Barracuda', '2023-10-10 10:03:08', 'singeand'),
(84, 'solomser', -149, 342, 'Jídlo z restaurace Barracuda', '2023-10-10 10:03:08', 'singeand'),
(85, 'wolfp1', -39, 776, 'Polévka z restaurace Barracuda', '2023-10-10 10:03:08', 'singeand'),
(86, 'wolfp1', -159, 617, 'Jídlo z restaurace Barracuda', '2023-10-10 10:03:08', 'singeand'),
(87, 'malikzd1', 1000, 1000, 'správce aplikace navýšil částku na kontu zaměstnance', '2023-10-11 08:46:54', 'singeand'),
(88, 'zamprlib', 200, 353, 'správce aplikace navýšil částku na kontu zaměstnance', '2023-10-11 09:10:04', 'singeand'),
(89, 'zelenzby', -36, 671, 'Polévka z restaurace Pražanka', '2023-10-11 09:35:10', 'singeand'),
(90, 'harnimic', -141, 251, 'Jídlo z restaurace Aktoffka', '2023-10-11 09:36:28', 'singeand'),
(91, 'haberjos', -157, 539, 'Jídlo z restaurace Aktoffka', '2023-10-11 09:36:28', 'singeand'),
(92, 'faltumar', -157, 1046, 'Jídlo z restaurace Aktoffka', '2023-10-11 09:36:28', 'singeand'),
(93, 'havlira7', -152, 205, 'Jídlo z restaurace Aktoffka', '2023-10-11 09:36:28', 'singeand'),
(94, 'zelenzby', -39, 632, 'Polévka z restaurace Barracuda', '2023-10-11 10:09:12', 'singeand'),
(95, 'zelenzby', -149, 483, 'Jídlo z restaurace Barracuda', '2023-10-11 10:09:12', 'singeand'),
(96, 'vodicvac', -149, 66, 'Jídlo z restaurace Barracuda', '2023-10-11 10:09:12', 'singeand'),
(97, 'malikzd1', -159, 841, 'Jídlo z restaurace Barracuda', '2023-10-11 10:09:12', 'singeand'),
(98, 'mlejnp1', -149, 423, 'Jídlo z restaurace Barracuda', '2023-10-11 10:09:12', 'singeand'),
(99, 'solomser', -159, 183, 'Jídlo z restaurace Barracuda', '2023-10-11 10:09:12', 'singeand'),
(100, 'plsekja1', -149, 655, 'Jídlo z restaurace Barracuda', '2023-10-11 10:09:12', 'singeand'),
(101, 'dostaji4', 600, 788, 'správce aplikace navýšil částku na kontu zaměstnance', '2023-10-12 08:17:04', 'singeand'),
(102, 'mackoja3', 200, 200, 'správce aplikace navýšil částku na kontu zaměstnance', '2023-10-12 08:35:57', 'singeand'),
(103, 'suchndan', 1000, 1000, 'správce aplikace navýšil částku na kontu zaměstnance', '2023-10-12 08:56:16', 'singeand'),
(104, 'trubinik', 200, 200, 'správce aplikace navýšil částku na kontu zaměstnance', '2023-10-12 09:38:41', 'singeand'),
(105, 'wolfp1', -142, 475, 'Jídlo z restaurace Pražanka', '2023-10-12 09:38:56', 'singeand'),
(106, 'zelenzby', -36, 447, 'Polévka z restaurace Pražanka', '2023-10-12 09:38:56', 'singeand'),
(107, 'zelenzby', -137, 310, 'Jídlo z restaurace Pražanka', '2023-10-12 09:38:56', 'singeand'),
(108, 'santijir', -142, 858, 'Jídlo z restaurace Pražanka', '2023-10-12 09:38:56', 'singeand'),
(109, 'trubinik', -138, 62, 'Jídlo z restaurace Pražanka', '2023-10-12 09:38:56', 'singeand'),
(110, 'faltumar', -143, 903, 'Jídlo z restaurace Aktoffka', '2023-10-12 09:40:14', 'singeand'),
(111, 'wolfp1', -39, 436, 'Polévka z restaurace Barracuda', '2023-10-12 10:14:50', 'singeand'),
(112, 'mackoja3', -169, 31, 'Jídlo z restaurace Barracuda', '2023-10-12 10:14:50', 'singeand'),
(113, 'lupisant', -159, 1630, 'Jídlo z restaurace Barracuda', '2023-10-12 10:14:50', 'singeand'),
(114, 'dostaji4', -39, 749, 'Polévka z restaurace Barracuda', '2023-10-12 10:14:50', 'singeand'),
(115, 'dostaji4', -159, 590, 'Jídlo z restaurace Barracuda', '2023-10-12 10:14:50', 'singeand'),
(116, 'harnimic', -149, 102, 'Jídlo z restaurace Barracuda', '2023-10-12 10:14:50', 'singeand'),
(117, 'postajan', -159, 533, 'Jídlo z restaurace Barracuda', '2023-10-12 10:14:50', 'singeand'),
(118, 'suchndan', -39, 961, 'Polévka z restaurace Barracuda', '2023-10-12 10:14:50', 'singeand'),
(119, 'suchndan', -149, 812, 'Jídlo z restaurace Barracuda', '2023-10-12 10:14:50', 'singeand'),
(120, 'vodicvac', -39, 27, 'Polévka z restaurace Barracuda', '2023-10-12 10:14:50', 'singeand'),
(121, 'zamprlib', -149, 204, 'Jídlo z restaurace Barracuda', '2023-10-12 10:14:50', 'singeand'),
(122, 'plsekja1', -149, 506, 'Jídlo z restaurace Barracuda', '2023-10-12 10:14:50', 'singeand'),
(123, 'haberjos', -169, 370, 'Jídlo z restaurace Barracuda', '2023-10-12 10:14:50', 'singeand'),
(124, 'hrachiva', 1500, 1500, 'správce aplikace navýšil částku na kontu zaměstnance', '2023-10-13 08:14:25', 'singeand'),
(125, 'danickar', 500, 500, 'správce aplikace navýšil částku na kontu zaměstnance', '2023-10-13 08:14:59', 'singeand'),
(126, 'harnimic', 1000, 1102, 'správce aplikace navýšil částku na kontu zaměstnance', '2023-10-13 08:49:28', 'singeand'),
(127, 'vodicvac', 1600, 1627, 'správce aplikace navýšil částku na kontu zaměstnance', '2023-10-13 09:35:45', 'singeand'),
(128, 'zamprlib', -141, 63, 'Jídlo z restaurace Aktoffka', '2023-10-13 09:43:19', 'singeand'),
(129, 'harnimic', -143, 959, 'Jídlo z restaurace Aktoffka', '2023-10-13 09:43:19', 'singeand'),
(130, 'vodicvac', -148, 1479, 'Jídlo z restaurace Aktoffka', '2023-10-13 09:43:19', 'singeand'),
(131, 'hrachiva', -169, 1331, 'Jídlo z restaurace Barracuda', '2023-10-13 10:04:42', 'singeand'),
(132, 'mlejnp1', -159, 264, 'Jídlo z restaurace Barracuda', '2023-10-13 10:04:42', 'singeand'),
(133, 'danickar', -159, 341, 'Jídlo z restaurace Barracuda', '2023-10-13 10:04:42', 'singeand'),
(134, 'postajan', -149, 384, 'Jídlo z restaurace Barracuda', '2023-10-13 10:04:42', 'singeand'),
(135, 'faltumar', -159, 744, 'Jídlo z restaurace Barracuda', '2023-10-13 10:04:42', 'singeand'),
(136, 'suchndan', -39, 773, 'Polévka z restaurace Barracuda', '2023-10-13 10:04:42', 'singeand'),
(137, 'suchndan', -159, 614, 'Jídlo z restaurace Barracuda', '2023-10-13 10:04:42', 'singeand'),
(138, 'dytrijak', -39, 385, 'Polévka z restaurace Barracuda', '2023-10-13 10:04:42', 'singeand'),
(139, 'dytrijak', -159, 226, 'Jídlo z restaurace Barracuda', '2023-10-13 10:04:42', 'singeand'),
(140, 'solomser', 800, 983, 'správce aplikace navýšil částku na kontu zaměstnance', '2023-10-13 11:33:31', 'singeand'),
(141, 'zamprlib', 1000, 1063, 'správce aplikace navýšil částku na kontu zaměstnance', '2023-10-16 09:12:28', 'singeand'),
(142, 'maskamar', 0, 23, 'správce aplikace navýšil částku na kontu zaměstnance', '2023-10-16 09:38:49', 'singeand'),
(143, 'maskamar', 1000, 1023, 'správce aplikace navýšil částku na kontu zaměstnance', '2023-10-16 09:39:16', 'singeand'),
(144, 'hrachiva', -142, 1189, 'Jídlo z restaurace Pražanka', '2023-10-16 09:39:49', 'singeand'),
(145, 'wolfp1', -140, 296, 'Jídlo z restaurace Pražanka', '2023-10-16 09:39:49', 'singeand'),
(146, 'zahrap10', -139, 1611, 'Jídlo z restaurace Pražanka', '2023-10-16 09:39:49', 'singeand'),
(147, 'solomser', -139, 844, 'Jídlo z restaurace Pražanka', '2023-10-16 09:39:49', 'singeand'),
(148, 'faltumar', -159, 585, 'Jídlo z restaurace Aktoffka', '2023-10-16 09:39:52', 'singeand'),
(149, 'vodicvac', -169, 1310, 'Jídlo z restaurace Aktoffka', '2023-10-16 09:39:52', 'singeand'),
(150, 'dytrijak', -39, 187, 'Polévka z restaurace Barracuda', '2023-10-16 10:08:03', 'singeand'),
(151, 'dytrijak', -149, 38, 'Jídlo z restaurace Barracuda', '2023-10-16 10:08:03', 'singeand'),
(152, 'wolfp1', -39, 257, 'Polévka z restaurace Barracuda', '2023-10-16 10:08:03', 'singeand'),
(153, 'zamprlib', -159, 904, 'Jídlo z restaurace Barracuda', '2023-10-16 10:08:03', 'singeand'),
(154, 'harnimic', -149, 810, 'Jídlo z restaurace Barracuda', '2023-10-16 10:08:03', 'singeand'),
(155, 'dostaji4', -39, 551, 'Polévka z restaurace Barracuda', '2023-10-16 10:08:03', 'singeand'),
(156, 'dostaji4', -159, 392, 'Jídlo z restaurace Barracuda', '2023-10-16 10:08:03', 'singeand'),
(157, 'mlejnp1', -159, 105, 'Jídlo z restaurace Barracuda', '2023-10-16 10:08:03', 'singeand'),
(158, 'maskamar', -159, 864, 'Jídlo z restaurace Barracuda', '2023-10-16 10:08:03', 'singeand'),
(159, 'havlira7', -149, 56, 'Jídlo z restaurace Barracuda', '2023-10-16 10:08:03', 'singeand');

-- --------------------------------------------------------

--
-- Table structure for table `konto_zamestnance`
--

CREATE TABLE `konto_zamestnance` (
  `login` varchar(31) COLLATE utf8_czech_ci NOT NULL COMMENT 'PK',
  `castka` int(11) NOT NULL,
  `zmena_provedena_kdy` datetime DEFAULT NULL,
  `zmena_provedena_kym` varchar(31) COLLATE utf8_czech_ci NOT NULL DEFAULT ''
) ENGINE=InnoDB DEFAULT CHARSET=utf8 COLLATE=utf8_czech_ci;

--
-- Dumping data for table `konto_zamestnance`
--

INSERT INTO `konto_zamestnance` (`login`, `castka`, `zmena_provedena_kdy`, `zmena_provedena_kym`) VALUES
('danickar', 341, '2023-10-13 10:04:42', 'singeand'),
('dostaji4', 392, '2023-10-16 10:08:03', 'singeand'),
('dytrijak', 38, '2023-10-16 10:08:03', 'singeand'),
('faltumar', 585, '2023-10-16 09:39:52', 'singeand'),
('haberjos', 370, '2023-10-12 10:14:50', 'singeand'),
('harnimic', 810, '2023-10-16 10:08:03', 'singeand'),
('havlira7', 56, '2023-10-16 10:08:03', 'singeand'),
('hrachiva', 1189, '2023-10-16 09:39:49', 'singeand'),
('kuzmimic', 657, '2023-10-04 09:52:02', 'singeand'),
('lupisant', 1630, '2023-10-12 10:14:50', 'singeand'),
('mackoja3', 31, '2023-10-12 10:14:50', 'singeand'),
('malikzd1', 841, '2023-10-11 10:09:12', 'singeand'),
('maskamar', 864, '2023-10-16 10:08:03', 'singeand'),
('mlejnp1', 105, '2023-10-16 10:08:03', 'singeand'),
('plsekja1', 506, '2023-10-12 10:14:50', 'singeand'),
('postajan', 384, '2023-10-13 10:04:42', 'singeand'),
('santijir', 858, '2023-10-12 09:38:56', 'singeand'),
('singeand', 0, '2023-10-04 08:08:12', 'singeand'),
('solomser', 844, '2023-10-16 09:39:49', 'singeand'),
('suchndan', 614, '2023-10-13 10:04:42', 'singeand'),
('tonovsar', 66, '2023-10-09 09:44:53', 'singeand'),
('trubinik', 62, '2023-10-12 09:38:56', 'singeand'),
('vodicvac', 1310, '2023-10-16 09:39:52', 'singeand'),
('wolfp1', 257, '2023-10-16 10:08:03', 'singeand'),
('zahrap10', 1611, '2023-10-16 09:39:49', 'singeand'),
('zamprlib', 904, '2023-10-16 10:08:03', 'singeand'),
('zelenzby', 310, '2023-10-12 09:38:56', 'singeand');

-- --------------------------------------------------------

--
-- Table structure for table `objednana_jidla`
--

CREATE TABLE `objednana_jidla` (
  `id` int(11) NOT NULL,
  `datum` date DEFAULT NULL COMMENT 'na který den je jídlo objednáno',
  `login` varchar(31) COLLATE utf8_czech_ci NOT NULL DEFAULT '' COMMENT 'pro koho je jídlo objednáno',
  `id_restaurace` int(11) NOT NULL DEFAULT 0 COMMENT 'z jaké restaurace je jídlo objednáno',
  `id_jidla` varchar(15) COLLATE utf8_czech_ci NOT NULL COMMENT 'jaké jídlo z dané restaurace je objednáno(hodnota musí být shodná s názvem jednoho ze sloupců v tab.jidelni_listky',
  `id_jidelniho_listku` int(11) DEFAULT 0 COMMENT 'id jidelniho listku v tab.jidelni_listky dle ktereho byla objednavka uskutecnena',
  `jiz_objednano` tinyint(4) NOT NULL DEFAULT 0 COMMENT '0=jídlo ještě nebylo objednáno, ani odečteno z konta zaměstnance; 1=jídlo již bylo objednáno a odečteno z kopnta zaměstnance',
  `objednano_kdy` datetime DEFAULT NULL,
  `objednano_kym` varchar(31) COLLATE utf8_czech_ci NOT NULL DEFAULT ''
) ENGINE=InnoDB DEFAULT CHARSET=utf8 COLLATE=utf8_czech_ci COMMENT='obsahuje jidla, která si na daný den,dotyční prac. objednali';

--
-- Dumping data for table `objednana_jidla`
--

INSERT INTO `objednana_jidla` (`id`, `datum`, `login`, `id_restaurace`, `id_jidla`, `id_jidelniho_listku`, `jiz_objednano`, `objednano_kdy`, `objednano_kym`) VALUES
(4, '2023-10-02', 'singeand', 3, 'polevka1', 4, 1, '2023-10-02 14:09:27', 'singeand'),
(5, '2023-10-02', 'singeand', 3, 'jidlo3', 4, 1, '2023-10-02 14:09:27', 'singeand'),
(7, '2023-10-04', 'dytrijak', 1, 'polevka1', 5, 1, '2023-10-04 08:26:35', 'dytrijak'),
(8, '2023-10-04', 'dytrijak', 1, 'jidlo5', 5, 1, '2023-10-04 08:26:35', 'dytrijak'),
(9, '2023-10-04', 'mlejnp1', 3, 'jidlo4', 7, 1, '2023-10-04 08:29:05', 'mlejnp1'),
(13, '2023-10-04', 'tonovsar', 3, 'jidlo4', 7, 1, '2023-10-04 08:51:10', 'tonovsar'),
(14, '2023-10-04', 'tonovsar', 3, 'jidlo5', 7, 1, '2023-10-04 08:51:10', 'tonovsar'),
(16, '2023-10-04', 'zelenzby', 1, 'polevka2', 5, 1, '2023-10-04 08:56:16', 'zelenzby'),
(17, '2023-10-04', 'zelenzby', 1, 'jidlo2', 5, 1, '2023-10-04 08:56:16', 'zelenzby'),
(20, '2023-10-04', 'zahrap10', 1, 'jidlo3', 5, 1, '2023-10-04 09:15:11', 'zahrap10'),
(22, '2023-10-04', 'havlira7', 5, 'jidlo2', 6, 1, '2023-10-04 09:35:15', 'havlira7'),
(23, '2023-10-04', 'maskamar', 1, 'jidlo4', 5, 1, '2023-10-04 10:01:49', 'maskamar'),
(48, '2023-10-05', 'dytrijak', 1, 'polevka1', 15, 1, '2023-10-05 09:00:10', 'dytrijak'),
(49, '2023-10-05', 'dytrijak', 1, 'jidlo7', 15, 1, '2023-10-05 09:00:10', 'dytrijak'),
(50, '2023-10-05', 'zamprlib', 5, 'jidlo3', 13, 1, '2023-10-05 09:01:28', 'zamprlib'),
(51, '2023-10-05', 'harnimic', 1, 'jidlo5', 15, 1, '2023-10-05 09:10:54', 'harnimic'),
(52, '2023-10-05', 'zelenzby', 3, 'polevka1', 14, 1, '2023-10-05 09:16:01', 'zelenzby'),
(53, '2023-10-05', 'maskamar', 1, 'jidlo5', 15, 1, '2023-10-05 09:43:37', 'maskamar'),
(68, '2023-10-06', 'zelenzby', 1, 'polevka2', 18, 1, '2023-10-06 08:17:03', 'zelenzby'),
(69, '2023-10-06', 'zelenzby', 1, 'jidlo1', 18, 1, '2023-10-06 08:17:03', 'zelenzby'),
(70, '2023-10-06', 'vodicvac', 3, 'polevka1', 16, 1, '2023-10-06 08:19:06', 'vodicvac'),
(71, '2023-10-06', 'vodicvac', 3, 'jidlo7', 16, 1, '2023-10-06 08:19:06', 'vodicvac'),
(72, '2023-10-06', 'mlejnp1', 1, 'jidlo6', 18, 1, '2023-10-06 08:30:39', 'mlejnp1'),
(74, '2023-10-06', 'postajan', 1, 'jidlo4', 18, 1, '2023-10-06 08:51:13', 'postajan'),
(76, '2023-10-06', 'faltumar', 1, 'jidlo6', 18, 1, '2023-10-06 08:51:49', 'faltumar'),
(78, '2023-10-06', 'tonovsar', 3, 'jidlo2', 16, 1, '2023-10-06 09:04:22', 'tonovsar'),
(79, '2023-10-06', 'tonovsar', 3, 'jidlo5', 16, 1, '2023-10-06 09:04:22', 'tonovsar'),
(81, '2023-10-06', 'haberjos', 5, 'jidlo1', 17, 1, '2023-10-06 09:37:33', 'haberjos'),
(83, '2023-10-06', 'plsekja1', 1, 'polevka1', 18, 1, '2023-10-06 09:48:27', 'plsekja1'),
(84, '2023-10-06', 'plsekja1', 1, 'jidlo4', 18, 1, '2023-10-06 09:48:27', 'plsekja1'),
(86, '2023-10-06', 'harnimic', 1, 'jidlo6', 18, 1, '2023-10-06 09:53:20', 'harnimic'),
(92, '2023-10-06', 'maskamar', 1, 'jidlo2', 18, 1, '2023-10-06 09:54:59', 'maskamar'),
(94, '2023-10-09', 'tonovsar', 3, 'polevka1', 21, 1, '2023-10-09 08:22:35', 'tonovsar'),
(95, '2023-10-09', 'tonovsar', 3, 'jidlo2', 21, 1, '2023-10-09 08:22:35', 'tonovsar'),
(96, '2023-10-09', 'zamprlib', 1, 'jidlo3', 19, 1, '2023-10-09 08:26:10', 'zamprlib'),
(97, '2023-10-09', 'mlejnp1', 3, 'jidlo4', 21, 1, '2023-10-09 08:32:44', 'mlejnp1'),
(102, '2023-10-09', 'haberjos', 5, 'jidlo2', 20, 1, '2023-10-09 08:49:51', 'haberjos'),
(104, '2023-10-09', 'plsekja1', 1, 'polevka1', 19, 1, '2023-10-09 08:51:59', 'plsekja1'),
(105, '2023-10-09', 'plsekja1', 1, 'jidlo3', 19, 1, '2023-10-09 08:51:59', 'plsekja1'),
(107, '2023-10-09', 'zahrap10', 3, 'polevka1', 21, 1, '2023-10-09 08:53:05', 'zahrap10'),
(108, '2023-10-09', 'zahrap10', 3, 'jidlo9', 21, 1, '2023-10-09 08:53:05', 'zahrap10'),
(110, '2023-10-09', 'zelenzby', 3, 'polevka1', 21, 1, '2023-10-09 09:01:48', 'zelenzby'),
(111, '2023-10-09', 'zelenzby', 3, 'jidlo5', 21, 1, '2023-10-09 09:01:48', 'zelenzby'),
(112, '2023-10-09', 'postajan', 1, 'jidlo5', 19, 1, '2023-10-09 09:05:25', 'postajan'),
(115, '2023-10-09', 'dostaji4', 3, 'polevka1', 21, 1, '2023-10-09 09:16:23', 'dostaji4'),
(116, '2023-10-09', 'dostaji4', 3, 'jidlo4', 21, 1, '2023-10-09 09:16:23', 'dostaji4'),
(117, '2023-10-09', 'wolfp1', 1, 'jidlo5', 19, 1, '2023-10-09 09:18:16', 'wolfp1'),
(118, '2023-10-09', 'wolfp1', 3, 'polevka1', 21, 1, '2023-10-09 09:21:11', 'wolfp1'),
(119, '2023-10-09', 'lupisant', 5, 'jidlo2', 20, 1, '2023-10-09 09:31:34', 'lupisant'),
(120, '2023-10-09', 'solomser', 1, 'jidlo6', 19, 1, '2023-10-09 09:59:56', 'solomser'),
(121, '2023-10-10', 'zamprlib', 1, 'jidlo3', 23, 1, '2023-10-10 08:20:38', 'zamprlib'),
(122, '2023-10-10', 'faltumar', 1, 'jidlo4', 23, 1, '2023-10-10 08:47:19', 'faltumar'),
(127, '2023-10-10', 'dostaji4', 3, 'polevka1', 24, 1, '2023-10-10 09:01:27', 'dostaji4'),
(129, '2023-10-10', 'vodicvac', 1, 'jidlo2', 23, 1, '2023-10-10 09:12:17', 'vodicvac'),
(130, '2023-10-10', 'vodicvac', 1, 'jidlo5', 23, 1, '2023-10-10 09:12:17', 'vodicvac'),
(133, '2023-10-10', 'zelenzby', 1, 'polevka2', 23, 1, '2023-10-10 09:37:19', 'zelenzby'),
(134, '2023-10-10', 'zelenzby', 1, 'jidlo3', 23, 1, '2023-10-10 09:37:19', 'zelenzby'),
(135, '2023-10-10', 'solomser', 1, 'jidlo5', 23, 1, '2023-10-10 09:51:16', 'solomser'),
(137, '2023-10-10', 'wolfp1', 1, 'polevka1', 23, 1, '2023-10-10 10:00:56', 'wolfp1'),
(138, '2023-10-10', 'wolfp1', 1, 'jidlo4', 23, 1, '2023-10-10 10:00:56', 'wolfp1'),
(139, '2023-10-11', 'harnimic', 5, 'jidlo4', 29, 1, '2023-10-11 08:56:01', 'harnimic'),
(140, '2023-10-11', 'haberjos', 5, 'jidlo1', 29, 1, '2023-10-11 08:56:16', 'haberjos'),
(142, '2023-10-11', 'zelenzby', 1, 'polevka2', 32, 1, '2023-10-11 09:08:45', 'zelenzby'),
(143, '2023-10-11', 'zelenzby', 1, 'jidlo6', 32, 1, '2023-10-11 09:08:45', 'zelenzby'),
(144, '2023-10-11', 'zelenzby', 3, 'polevka1', 30, 1, '2023-10-11 09:09:02', 'zelenzby'),
(145, '2023-10-11', 'faltumar', 5, 'jidlo1', 29, 1, '2023-10-11 09:09:49', 'faltumar'),
(146, '2023-10-11', 'vodicvac', 1, 'jidlo2', 32, 1, '2023-10-11 09:10:01', 'vodicvac'),
(147, '2023-10-11', 'havlira7', 5, 'jidlo2', 29, 1, '2023-10-11 09:16:21', 'havlira7'),
(148, '2023-10-11', 'malikzd1', 1, 'jidlo3', 32, 1, '2023-10-11 09:17:55', 'malikzd1'),
(149, '2023-10-11', 'mlejnp1', 1, 'jidlo6', 32, 1, '2023-10-11 09:51:21', 'mlejnp1'),
(150, '2023-10-11', 'solomser', 1, 'jidlo5', 32, 1, '2023-10-11 09:56:42', 'solomser'),
(151, '2023-10-11', 'plsekja1', 1, 'jidlo6', 32, 1, '2023-10-11 10:00:20', 'plsekja1'),
(152, '2023-10-12', 'wolfp1', 3, 'jidlo5', 35, 1, '2023-10-12 08:34:53', 'wolfp1'),
(153, '2023-10-12', 'wolfp1', 1, 'polevka2', 33, 1, '2023-10-12 08:35:00', 'wolfp1'),
(155, '2023-10-12', 'mackoja3', 1, 'jidlo4', 33, 1, '2023-10-12 08:39:16', 'mackoja3'),
(156, '2023-10-12', 'lupisant', 1, 'jidlo3', 33, 1, '2023-10-12 08:41:01', 'lupisant'),
(158, '2023-10-12', 'dostaji4', 1, 'polevka1', 33, 1, '2023-10-12 08:41:35', 'dostaji4'),
(159, '2023-10-12', 'dostaji4', 1, 'jidlo2', 33, 1, '2023-10-12 08:41:35', 'dostaji4'),
(160, '2023-10-12', 'harnimic', 1, 'jidlo6', 33, 1, '2023-10-12 08:45:42', 'harnimic'),
(161, '2023-10-12', 'faltumar', 5, 'jidlo5_b', 34, 1, '2023-10-12 08:49:21', 'faltumar'),
(162, '2023-10-12', 'postajan', 1, 'jidlo2', 33, 1, '2023-10-12 08:55:28', 'postajan'),
(164, '2023-10-12', 'suchndan', 1, 'polevka2', 33, 1, '2023-10-12 09:03:04', 'suchndan'),
(165, '2023-10-12', 'suchndan', 1, 'jidlo5', 33, 1, '2023-10-12 09:03:04', 'suchndan'),
(166, '2023-10-12', 'vodicvac', 1, 'polevka2', 33, 1, '2023-10-12 09:10:44', 'vodicvac'),
(167, '2023-10-12', 'zamprlib', 1, 'jidlo5', 33, 1, '2023-10-12 09:10:52', 'zamprlib'),
(170, '2023-10-12', 'zelenzby', 3, 'polevka1', 35, 1, '2023-10-12 09:13:12', 'zelenzby'),
(171, '2023-10-12', 'zelenzby', 3, 'jidlo6', 35, 1, '2023-10-12 09:13:12', 'zelenzby'),
(172, '2023-10-12', 'santijir', 3, 'jidlo5', 35, 1, '2023-10-12 09:23:08', 'santijir'),
(173, '2023-10-12', 'plsekja1', 1, 'jidlo6', 33, 1, '2023-10-12 09:28:05', 'plsekja1'),
(174, '2023-10-12', 'trubinik', 3, 'jidlo4', 35, 1, '2023-10-12 09:28:23', 'trubinik'),
(175, '2023-10-12', 'haberjos', 1, 'jidlo4', 33, 1, '2023-10-12 09:52:23', 'haberjos'),
(193, '2023-10-16', 'hrachiva', 3, 'jidlo2', 40, 1, '2023-10-16 07:51:24', 'hrachiva'),
(195, '2023-10-16', 'dytrijak', 1, 'polevka2', 53, 1, '2023-10-16 08:46:25', 'dytrijak'),
(196, '2023-10-16', 'dytrijak', 1, 'jidlo7', 53, 1, '2023-10-16 08:46:25', 'dytrijak'),
(197, '2023-10-16', 'wolfp1', 1, 'polevka1', 53, 1, '2023-10-16 08:53:09', 'wolfp1'),
(198, '2023-10-16', 'wolfp1', 3, 'jidlo1', 40, 1, '2023-10-16 08:54:03', 'wolfp1'),
(199, '2023-10-16', 'zamprlib', 1, 'jidlo5', 53, 1, '2023-10-16 09:04:53', 'zamprlib'),
(200, '2023-10-16', 'faltumar', 5, 'jidlo6', 54, 1, '2023-10-16 09:07:51', 'faltumar'),
(201, '2023-10-16', 'harnimic', 1, 'jidlo2', 53, 1, '2023-10-16 09:08:14', 'harnimic'),
(202, '2023-10-16', 'zahrap10', 3, 'jidlo5', 40, 1, '2023-10-16 09:11:06', 'zahrap10'),
(205, '2023-10-16', 'vodicvac', 5, 'jidlo1', 54, 1, '2023-10-16 09:15:40', 'vodicvac'),
(207, '2023-10-16', 'solomser', 3, 'jidlo6', 40, 1, '2023-10-16 09:16:28', 'solomser'),
(209, '2023-10-16', 'dostaji4', 1, 'polevka2', 53, 1, '2023-10-16 09:29:54', 'dostaji4'),
(210, '2023-10-16', 'dostaji4', 1, 'jidlo3', 53, 1, '2023-10-16 09:29:54', 'dostaji4'),
(211, '2023-10-16', 'mlejnp1', 1, 'jidlo6', 53, 1, '2023-10-16 09:44:53', 'mlejnp1'),
(212, '2023-10-16', 'maskamar', 1, 'jidlo6', 53, 1, '2023-10-16 09:45:30', 'maskamar'),
(213, '2023-10-16', 'havlira7', 1, 'jidlo2', 53, 1, '2023-10-16 09:47:25', 'havlira7');

-- --------------------------------------------------------

--
-- Table structure for table `restaurace`
--

CREATE TABLE `restaurace` (
  `id` int(11) NOT NULL,
  `nazev` varchar(31) COLLATE utf8_czech_ci NOT NULL DEFAULT '',
  `stav` int(11) NOT NULL DEFAULT 0 COMMENT '0- oběd jetě není k dispozici; 1-je-li oběd již k dispozici',
  `uzavreni_obednavek` varchar(15) COLLATE utf8_czech_ci NOT NULL DEFAULT '' COMMENT 'čas, kdy se uzavírají objednávky pro danou restauraci 	',
  `poznamka` varchar(255) COLLATE utf8_czech_ci NOT NULL DEFAULT ''
) ENGINE=InnoDB DEFAULT CHARSET=utf8 COLLATE=utf8_czech_ci;

--
-- Dumping data for table `restaurace`
--

INSERT INTO `restaurace` (`id`, `nazev`, `stav`, `uzavreni_obednavek`, `poznamka`) VALUES
(1, 'Barracuda', 0, '10:00', ''),
(3, 'Pražanka', 0, '09:30', ''),
(5, 'Aktoffka', 0, '09:30', ''),
(99, 'Pizza Italia', 0, '15:15', '');

-- --------------------------------------------------------

--
-- Table structure for table `role`
--

CREATE TABLE `role` (
  `login` int(11) NOT NULL,
  `id_role` int(11) NOT NULL
) ENGINE=InnoDB DEFAULT CHARSET=utf8 COLLATE=utf8_czech_ci COMMENT='Uživatelské role v programu';

--
-- Indexes for dumped tables
--

--
-- Indexes for table `jidelni_listek_pizza`
--
ALTER TABLE `jidelni_listek_pizza`
  ADD PRIMARY KEY (`id`);

--
-- Indexes for table `jidelni_listky`
--
ALTER TABLE `jidelni_listky`
  ADD PRIMARY KEY (`id`);

--
-- Indexes for table `konto_pohyby`
--
ALTER TABLE `konto_pohyby`
  ADD PRIMARY KEY (`id`);

--
-- Indexes for table `konto_zamestnance`
--
ALTER TABLE `konto_zamestnance`
  ADD PRIMARY KEY (`login`);

--
-- Indexes for table `objednana_jidla`
--
ALTER TABLE `objednana_jidla`
  ADD PRIMARY KEY (`id`);

--
-- Indexes for table `restaurace`
--
ALTER TABLE `restaurace`
  ADD PRIMARY KEY (`id`);

--
-- Indexes for table `role`
--
ALTER TABLE `role`
  ADD PRIMARY KEY (`login`,`id_role`);

--
-- AUTO_INCREMENT for dumped tables
--

--
-- AUTO_INCREMENT for table `jidelni_listek_pizza`
--
ALTER TABLE `jidelni_listek_pizza`
  MODIFY `id` int(11) NOT NULL AUTO_INCREMENT;

--
-- AUTO_INCREMENT for table `jidelni_listky`
--
ALTER TABLE `jidelni_listky`
  MODIFY `id` int(11) NOT NULL AUTO_INCREMENT, AUTO_INCREMENT=55;

--
-- AUTO_INCREMENT for table `konto_pohyby`
--
ALTER TABLE `konto_pohyby`
  MODIFY `id` int(11) NOT NULL AUTO_INCREMENT, AUTO_INCREMENT=160;

--
-- AUTO_INCREMENT for table `objednana_jidla`
--
ALTER TABLE `objednana_jidla`
  MODIFY `id` int(11) NOT NULL AUTO_INCREMENT, AUTO_INCREMENT=214;

--
-- AUTO_INCREMENT for table `restaurace`
--
ALTER TABLE `restaurace`
  MODIFY `id` int(11) NOT NULL AUTO_INCREMENT, AUTO_INCREMENT=101;
COMMIT;

/*!40101 SET CHARACTER_SET_CLIENT=@OLD_CHARACTER_SET_CLIENT */;
/*!40101 SET CHARACTER_SET_RESULTS=@OLD_CHARACTER_SET_RESULTS */;
/*!40101 SET COLLATION_CONNECTION=@OLD_COLLATION_CONNECTION */;
